000
CXUS53 KGRB 031735
CLSGRB

SEASONAL CLIMATE REPORT
NATIONAL WEATHER SERVICE GREEN BAY
1235 PM CST TUE JUN 3 2014

...THE GREEN BAY WI SPRING CLIMATE SUMMARY FROM 3/1/2014 TO
5/31/2014...

CLIMATE NORMAL PERIOD 1981 TO 2010
CLIMATE RECORD PERIOD 1886 TO 2014

WEATHER         OBSERVED          NORMAL  DEPART  LAST YEAR`S
                 VALUE   DATE(S)  VALUE   FROM    VALUE  DATE(S)
                                          NORMAL
................................................................
TEMPERATURE (F)
RECORD
 HIGH              99   05/31/1934
 LOW              -29   03/01/1962
HIGHEST            86   05/31        85       1       86  05/30
LOWEST            -24   03/03         3     -27        2  03/04
AVG. MAXIMUM     49.9              53.0    -3.1     49.8
AVG. MINIMUM     30.8              33.4    -2.6     32.7
MEAN             40.3              43.2    -2.9     41.2
DAYS MAX >= 90      0               0.0     0.0        0
DAYS MAX <= 32     14               7.7     6.3       13
DAYS MIN <= 32     42              40.6     1.4       49
DAYS MIN <= 0       5               1.1     3.9        0

PRECIPITATION (INCHES)
RECORD
 MAXIMUM        14.12   1918
 MINIMUM         3.42   1931
TOTALS           7.87              7.41    0.46     9.11
DAILY AVG.       0.09              0.08    0.01     0.10
DAYS >= .01        34              33.1     0.9       40
DAYS >= .10        19              17.6     1.4       26
DAYS >= .50         5               4.8     0.2        4
DAYS >= 1.00        2               1.1     0.9        0

SNOWFALL (INCHES)
RECORDS
 TOTAL           51.9   1888
 24 HR TOTAL       MM
TOTALS            9.8              11.2    -1.4     16.2
SINCE 7/1        72.1              51.4    20.7     74.2
DAYS >= TRACE      24               9.5    14.5       26
DAYS >= 1.0         5               3.7     1.3        6
GREATEST
 SNOW DEPTH        18   03/05                         10  03/02
                        03/04                             03/01
 24 HR TOTAL      3.5   MM

DEGREE_DAYS
HEATING TOTAL    2259              2023     236     2199
 SINCE 7/1       8740              7863     877     7642
COOLING TOTAL      16                18      -2       38
 SINCE 1/1         16                18      -2       38

FREEZE DATES
RECORD
 EARLIEST     09/12/1955
 LATEST       06/06/1958
EARLIEST                        10/03
LATEST                          05/05
.................................................................

WIND (MPH)
AVERAGE WIND SPEED              9.5
HIGHEST WIND SPEED/DIRECTION    33/270    DATE  04/25
HIGHEST GUST SPEED/DIRECTION    44/280    DATE  04/25

SKY COVER
POSSIBLE SUNSHINE (PERCENT)   MM
AVERAGE SKY COVER           0.50
NUMBER OF DAYS FAIR           37
NUMBER OF DAYS PC             32
NUMBER OF DAYS CLOUDY         23

AVERAGE RH (PERCENT)     71

WEATHER CONDITIONS. NUMBER OF DAYS WITH
THUNDERSTORM              0     MIXED PRECIP               0
HEAVY RAIN                6     RAIN                      13
LIGHT RAIN               32     FREEZING RAIN              1
LT FREEZING RAIN          2     HAIL                       0
HEAVY SNOW                0     SNOW                       3
LIGHT SNOW               22     SLEET                      0
FOG                      44     FOG W/VIS <= 1/4 MILE      3
HAZE                     18

-  INDICATES NEGATIVE NUMBERS.
R  INDICATES RECORD WAS SET OR TIED.
MM INDICATES DATA IS MISSING.
T  INDICATES TRACE AMOUNT.

$$
ECKBERG
