000
CXUS53 KDLH 021937
CLSINL

CXUS53 KDLH 021928
CLMINL


CLIMATE REPORT
NATIONAL WEATHER SERVICE DULUTH MN
136 PM CST WED DEC 2 2015

...................................

...THE INTERNATIONAL FALLS MN CLIMATE SUMMARY FOR THE SEASON, FROM
9/1/2015 TO 11/30/2015...

CLIMATE NORMAL PERIOD 1981 TO 2010
CLIMATE RECORD PERIOD 1895 TO 2015

WEATHER         OBSERVED          NORMAL  DEPART  LAST YEAR`S
                 VALUE   DATE(S)  VALUE   FROM    VALUE
                                          NORMAL
.............................................................
TEMPERATURE (F)
RECORD
 HIGH              96   09/07/1906
 LOW              -32   11/28/1985
HIGHEST            88   10/11        MM      MM       83
LOWEST              0   11/27        MM      MM      -20
MEAN             45.2              40.1     5.1     38.5

PRECIPITATION (INCHES)
RECORD
 MAXIMUM        12.09   1965
 MINIMUM         1.79   1952
TOTALS           7.39              6.45    0.94     4.83

SNOWFALL (INCHES)
RECORD
 MAXIMUM         33.6   1955
 MINIMUM            T   1999
SINCE 7/1         3.8

DEGREE_DAYS
HEATING TOTAL    1830              2280    -450     2397
COOLING TOTAL      48                11      37       10
..............................................................

WIND (MPH)
AVERAGE WIND SPEED              6.6
HIGHEST WIND SPEED/DIRECTION    28/320
HIGHEST GUST SPEED/DIRECTION    40/320

SKY COVER
POSSIBLE SUNSHINE (PERCENT)   MM



-  INDICATES NEGATIVE NUMBERS.
R  INDICATES RECORD WAS SET OR TIED.
MM INDICATES DATA IS MISSING.
T  INDICATES TRACE AMOUNT.

$$

.THE 2015 AUTUMN SEASON WAS WARMER AND WETTER THAN NORMAL AT
INTERNATIONAL FALLS MN...

THE AVERAGE TEMPERATURE FOR THE AUTUMN SEASON WAS 45.2 DEGREES WHICH
WAS 5.1 DEGREES ABOVE THE NORMAL OF 40.1 DEGREES. THIS WAS THE 5TH
WARMEST METEOROLOGICAL AUTUMN ON RECORD AT INTERNATIONAL FALLS. 7.39
INCHES OF PRECIPITATION WAS RECORDED FOR THE SEASON WHICH WAS 0.94
INCHES ABOVE THE NORMAL OF 6.45 INCHES. THIS WAS THE 29TH WETTEST
AUTUMN SEASON ON RECORD. 3.8 INCHES OF SNOW FELL FOR THE SEASON
WHICH WAS 12.2 INCHES BELOW THE NORMAL OF 16.0 INCHES. THIS WAS THE
16TH LEAST SNOWIEST AUTUMN SEASON ON RECORD.

$$
