000
CXUS53 KEAX 010652
CLSIRK

STLCLMWS3 000
TTAA00 KEAX 010641


CLIMATE REPORT
NATIONAL WEATHER SERVICE KANSAS CITY/PLEASANT HILL MO
1241 AM CST MON DEC 1 2014

...................................

...THE KIRKSVILLE CLIMATE SUMMARY FOR THE SEASON, FROM
9/1/2014 TO 11/30/2014...

CLIMATE NORMAL PERIOD 1981 TO 2010
CLIMATE RECORD PERIOD 9999 TO 9999

WEATHER         OBSERVED          NORMAL  DEPART  LAST YEAR`S
                 VALUE   DATE(S)  VALUE   FROM    VALUE  DATE(S)
                                          NORMAL
................................................................
TEMPERATURE (F)
HIGHEST            91   09/04        89       2      100  09/09
LOWEST              8   11/18        14      -6        6  11/24
AVG. MAXIMUM     61.9              63.3    -1.4     65.8
AVG. MINIMUM     40.7              42.1    -1.4     40.9
MEAN             51.3              52.7    -1.4     53.3
DAYS MAX >= 90      1               1.7    -0.7       10
DAYS MAX <= 32      8               1.9     6.1        4
DAYS MIN <= 32     23              21.1     1.9       29
DAYS MIN <= 0       0               0.0     0.0        0

PRECIPITATION (INCHES)
TOTALS          15.54             10.15    5.39     7.02
DAILY AVG.       0.17              0.11    0.06     0.08
DAYS >= .01        25              27.6    -2.6       27
DAYS >= .10        12              14.4    -2.4       14
DAYS >= .50         6               6.0     0.0        3
DAYS >= 1.00        4               2.6     1.4        2
GREATEST
 24 HR. TOTAL    9.60   09/09 TO 09/10

DEGREE_DAYS
HEATING TOTAL    1315              1214     101     1254
COOLING TOTAL      92                95      -3      218
.................................................................

WIND (MPH)
AVERAGE WIND SPEED              8.5
HIGHEST WIND SPEED/DIRECTION    29/330    DATE  10/14
HIGHEST GUST SPEED/DIRECTION    43/330    DATE  10/14

SKY COVER
POSSIBLE SUNSHINE (PERCENT)   MM
AVERAGE SKY COVER           0.30
NUMBER OF DAYS FAIR           50
NUMBER OF DAYS PC             26
NUMBER OF DAYS CLOUDY         15

AVERAGE RH (PERCENT)     73

WEATHER CONDITIONS. NUMBER OF DAYS WITH
THUNDERSTORM              0     MIXED PRECIP               0
HEAVY RAIN                6     RAIN                      11
LIGHT RAIN               24     FREEZING RAIN              1
LT FREEZING RAIN          1     HAIL                       0
HEAVY SNOW                0     SNOW                       2
LIGHT SNOW                8     SLEET                      0
FOG                      49     FOG W/VIS <= 1/4 MILE     12
HAZE                     21

-  INDICATES NEGATIVE NUMBERS.
R  INDICATES RECORD WAS SET OR TIED.
MM INDICATES DATA IS MISSING.
T  INDICATES TRACE AMOUNT.

$$
