000
CXUS51 KOKX 011442
CLSJFK

CLIMATE REPORT
NATIONAL WEATHER SERVICE NEW YORK NY
937 AM EST FRI DEC 1 2017



...THE KENNEDY NY CLIMATE SUMMARY FOR THE SEASON, FROM
9/1/2017 TO 11/30/2017...

CLIMATE NORMAL PERIOD 1981 TO 2010
CLIMATE RECORD PERIOD 1948 TO 2017

WEATHER         OBSERVED          NORMAL  DEPART  LAST YEAR`S
                 VALUE   DATE(S)  VALUE   FROM    VALUE
                                          NORMAL
.............................................................
TEMPERATURE (F)
RECORD
 HIGH              98   09/10/1983
 LOW               19   11/21/1987
                        11/30/1976
HIGHEST            92   09/24        MM      MM
LOWEST             24   11/11        MM      MM
AVG. MAXIMUM     67.7              64.7     3.0
AVG. MINIMUM     52.2              50.4     1.8
MEAN             59.9              57.5     2.4
DAYS MAX >= 90      1               0.5     0.5
DAYS MAX <= 32      0               0.1    -0.1
DAYS MIN <= 32      6               3.1     2.9
DAYS MIN <= 0       0               0.0     0.0

PRECIPITATION (INCHES)
RECORD
 MAXIMUM        21.18   2005
 MINIMUM         4.17   1965
TOTALS           8.21             10.42   -2.21     9.68
DAILY AVG.       0.09              0.11   -0.02
DAYS >= .01        23              26.0    -3.0
DAYS >= .10        14              17.0    -3.0
DAYS >= .50         5               7.3    -2.3
DAYS >= 1.00        1               2.7    -1.7
GREATEST
 24 HR. TOTAL    3.14   MM
 STORM TOTAL       MM
 (MM/DD(HH))            MM

SNOWFALL (INCHES)
RECORDS
 TOTAL            4.3   2012
 24 HR TOTAL       MM
                        10/28/2008 TO 10/28/2008
TOTALS              T               0.2    -0.2
 LIQUID EQUIV      MM              0.00      MM
SINCE 7/1           T               0.2    -0.2
 LIQUID 7/1        MM
DAYS >= TRACE       1               0.2     0.8
DAYS >= 1.0         0               0.1    -0.1
GREATEST
 SNOW DEPTH         0   MM
 24 HR TOTAL      0.0   MM
 STORM TOTAL       MM
 (MM/DD(HH))            MM

DEGREE_DAYS
HEATING TOTAL     685               824    -139
 SINCE 7/1        685               824    -139
COOLING TOTAL     251               144     107
 SINCE 1/1       1169              1005     164
..............................................................

WIND (MPH)
AVERAGE WIND SPEED              11.1
HIGHEST WIND SPEED/DIRECTION    38/240    DATE  10/29
HIGHEST GUST SPEED/DIRECTION    50/300    DATE  11/19

SKY COVER
POSSIBLE SUNSHINE (PERCENT)   MM
AVERAGE SKY COVER           0.60
NUMBER OF DAYS FAIR           21
NUMBER OF DAYS PC             44
NUMBER OF DAYS CLOUDY         26

AVERAGE RH (PERCENT)     70

WEATHER CONDITIONS. NUMBER OF DAYS WITH
THUNDERSTORM              0     MIXED PRECIP               0
HEAVY RAIN                8     RAIN                      14
LIGHT RAIN               35     FREEZING RAIN              0
LT FREEZING RAIN          0     HAIL                       0
HEAVY SNOW                0     SNOW                       0
LIGHT SNOW                1     SLEET                      0
FOG                      36     FOG W/VIS <= 1/4 MILE      6
HAZE                      8

-  INDICATES NEGATIVE NUMBERS.
R  INDICATES RECORD WAS SET OR TIED.
MM INDICATES DATA IS MISSING.
T  INDICATES TRACE AMOUNT.

$$
