000
CXUS51 KCTP 041700 RRC
CLSJST

PHLCLMJST 000
TTAA00 KCTP 041627


CLIMATE REPORT
NATIONAL WEATHER SERVICE STATE COLLEGE PA
1127 AM EST FRI MAR 4 2016

...................................

...THE JOHNSTOWN CLIMATE SUMMARY FOR THE SEASON, FROM
12/1/2015 TO 2/29/2016...

CLIMATE NORMAL PERIOD 1981 TO 2010
CLIMATE RECORD PERIOD 2000 TO 2016

WEATHER         OBSERVED          NORMAL  DEPART  LAST YEAR`S
                 VALUE   DATE(S)  VALUE   FROM    VALUE  DATE(S)
                                          NORMAL
................................................................
TEMPERATURE (F)
RECORD
 HIGH              80   01/26/1950
 LOW              -20   01/30/1977
HIGHEST            66   12/27        MM      MM       58  01/04
LOWEST                  02/14        MM      MM      -11  02/16
                        01/05
AVG. MAXIMUM     39.5              34.2     5.3     30.7
AVG. MINIMUM     25.0              20.7     4.3     16.6
MEAN             32.3              27.4     4.9     23.6
DAYS MAX >= 90      0                MM      MM        0
DAYS MAX <= 32     30                MM      MM       53
DAYS MIN <= 32     61                MM      MM       83
DAYS MIN <= 0       2                MM      MM       11

PRECIPITATION (INCHES)
RECORD
 MAXIMUM        18.07   1937
 MINIMUM         5.73   2015
TOTALS           6.58              7.80   -1.22     5.73
DAILY AVG.       0.07              0.09   -0.02     0.06
DAYS >= .01        35                MM      MM       42
DAYS >= .10        19                MM      MM       18
DAYS >= .50         2                MM      MM        3
DAYS >= 1.00        0                MM      MM        0
GREATEST
 24 HR. TOTAL    0.97   12/01 TO 12/02
 STORM TOTAL       MM
 (MM/DD(HH))            MM

DEGREE_DAYS
HEATING TOTAL    2945              3455    -510     3678
 SINCE 7/1       4063              4914    -851     5189
COOLING TOTAL       0                 0       0        0
 SINCE 1/1          0                 0       0        0

FREEZE DATES
RECORD
 EARLIEST     08/31/1894
 LATEST       05/27/1915
EARLIEST                        MM
LATEST                          MM
.........................................................

WIND (MPH)
AVERAGE WIND SPEED              10.8
RESULTANT WIND SPEED/DIRECTION   6/245
HIGHEST WIND SPEED/DIRECTION    39/290    DATE  02/25
HIGHEST GUST SPEED/DIRECTION    52/290    DATE  02/25

SKY COVER
POSSIBLE SUNSHINE (PERCENT)   MM
AVERAGE SKY COVER           0.60
NUMBER OF DAYS FAIR           21
NUMBER OF DAYS PC             33
NUMBER OF DAYS CLOUDY         37

AVERAGE RH (PERCENT)     68

WEATHER CONDITIONS. NUMBER OF DAYS WITH
THUNDERSTORM              0     MIXED PRECIP               0
HEAVY RAIN                4     RAIN                      12
LIGHT RAIN               30     FREEZING RAIN              5
LT FREEZING RAIN          9     HAIL                       0
HEAVY SNOW               10     SNOW                      17
LIGHT SNOW               39     SLEET                      0
FOG                      52     FOG W/VIS <= 1/4 MILE     18
HAZE                     36

-  INDICATES NEGATIVE NUMBERS.
R  INDICATES RECORD WAS SET OR TIED.
MM INDICATES DATA IS MISSING.
T  INDICATES TRACE AMOUNT.

$$

HAGNER/RICE
