204
CXUS51 KCLE 020220
CLSMFD


CLIMATE REPORT
NATIONAL WEATHER SERVICE CLEVELAND OH
914 PM EST FRI DEC 1 2017

...................................

...THE MANSFIELD OH CLIMATE SUMMARY FOR THE SEASON, FROM
9/1/2017 TO 11/30/2017...

CLIMATE NORMAL PERIOD 1981 TO 2010
CLIMATE RECORD PERIOD 1916 TO 2017

WEATHER         OBSERVED          NORMAL  DEPART
                 VALUE   DATE(S)  VALUE   FROM
                                          NORMAL
................................................
TEMPERATURE (F)
RECORD
 HIGH              95   09/10/2013
 LOW                2   11/30/1976
HIGHEST            90   09/26
LOWEST             18   11/11
AVG. MAXIMUM     64.2              61.4     2.8
AVG. MINIMUM     44.6              42.5     2.1
MEAN             54.4              52.0     2.4
DAYS MAX >= 90      1               0.3
DAYS MAX <= 32      1               2.0
DAYS MIN <= 32     16              18.5
DAYS MIN <= 0       0               0.0

PRECIPITATION (INCHES)
RECORD
 MAXIMUM        16.97   1926
 MINIMUM         2.39   1953
TOTALS          10.84             10.07    0.77
DAYS >= .01        32              32.9
DAYS >= .10        19              19.3
DAYS >= .50         5               6.4
DAYS >= 1.00        3               2.4

SNOWFALL (INCHES)
RECORDS
 TOTAL           12.5   1993
TOTALS            0.1               2.7
DAYS >= TRACE       8
DAYS >= 1.0         0               0.9

DEGREE_DAYS
HEATING TOTAL    1068              1255    -187
COOLING TOTAL     131                71      60
.................................................

WIND (MPH)
HIGHEST GUST SPEED/DIRECTION    47/240    DATE  09/04

SKY COVER
POSSIBLE SUNSHINE (PERCENT)   MM
NUMBER OF DAYS FAIR           42
NUMBER OF DAYS PC             28
NUMBER OF DAYS CLOUDY         21


WEATHER CONDITIONS. NUMBER OF DAYS WITH
THUNDERSTORM              0     MIXED PRECIP               0
HEAVY RAIN                6     RAIN                      10
LIGHT RAIN               32     FREEZING RAIN              0
LT FREEZING RAIN          0     HAIL                       0
HEAVY SNOW                0     SNOW                       0
LIGHT SNOW               10     SLEET                      0
FOG                      42     FOG W/VIS <= 1/4 MILE      6
HAZE                      4

-  INDICATES NEGATIVE NUMBERS.
R  INDICATES RECORD WAS SET OR TIED.
MM INDICATES DATA IS MISSING.
T  INDICATES TRACE AMOUNT.

$$
