000
CXUS51 KCLE 051109
CLSMFD


CLIMATE REPORT
NATIONAL WEATHER SERVICE CLEVELAND OH
707 AM EDT MON JUN 5 2017

...................................

...THE MANSFIELD OH CLIMATE SUMMARY FOR THE SEASON, FROM
3/1/2017 TO 5/31/2017...

CLIMATE NORMAL PERIOD 1981 TO 2010
CLIMATE RECORD PERIOD 1916 TO 2017

WEATHER         OBSERVED          NORMAL  DEPART
                 VALUE   DATE(S)  VALUE   FROM
                                          NORMAL
................................................
TEMPERATURE (F)
RECORD
 HIGH              92   05/18/1962
 LOW               -6   03/02/1980
HIGHEST            87   05/17
LOWEST             11   03/15
                        03/14
AVG. MAXIMUM     60.8              58.3     2.5
AVG. MINIMUM     41.2              38.1     3.1
MEAN             51.0              48.2     2.8
DAYS MAX >= 90      0               0.0
DAYS MAX <= 32      6               4.6
DAYS MIN <= 32     21              29.6
DAYS MIN <= 0       0               0.1

PRECIPITATION (INCHES)
RECORD
 MAXIMUM        18.41   2011
 MINIMUM         4.59   1934
TOTALS          13.29             12.07    1.22
DAYS >= .01        50              42.1
DAYS >= .10        33              25.8
DAYS >= .50         8               8.3
DAYS >= 1.00        1               2.1

SNOWFALL (INCHES)
RECORDS
 TOTAL           34.4   2005
TOTALS           15.0              10.4
DAYS >= TRACE      13
DAYS >= 1.0         7               3.0

DEGREE_DAYS
HEATING TOTAL    1326              1591    -265
COOLING TOTAL      57                45      12
.................................................

WIND (MPH)
HIGHEST GUST SPEED/DIRECTION    59/200    DATE  04/15

SKY COVER
POSSIBLE SUNSHINE (PERCENT)   MM
NUMBER OF DAYS FAIR           32
NUMBER OF DAYS PC             35
NUMBER OF DAYS CLOUDY         25


WEATHER CONDITIONS. NUMBER OF DAYS WITH
THUNDERSTORM              0     MIXED PRECIP               0
HEAVY RAIN               12     RAIN                      21
LIGHT RAIN               39     FREEZING RAIN              0
LT FREEZING RAIN          1     HAIL                       0
HEAVY SNOW                1     SNOW                       2
LIGHT SNOW               12     SLEET                      0
FOG                      50     FOG W/VIS <= 1/4 MILE      8
HAZE                     13

-  INDICATES NEGATIVE NUMBERS.
R  INDICATES RECORD WAS SET OR TIED.
MM INDICATES DATA IS MISSING.
T  INDICATES TRACE AMOUNT.

$$
