000
CXUS53 KDDC 020015
CLSP28


CLIMATE REPORT
NATIONAL WEATHER SERVICE DODGE CITY KS
656 PM CDT MON JUN 1 2015

...................................

...THE MEDICINE LODGE KS CLIMATE SUMMARY FOR THE SEASON, FROM
3/1/2015 TO 5/31/2015...

CLIMATE NORMAL PERIOD 1981 TO 2010
CLIMATE RECORD PERIOD 1893 TO 2015

WEATHER         OBSERVED          NORMAL  DEPART  LAST YEAR`S
                 VALUE   DATE(S)  VALUE   FROM    VALUE  DATE(S)
                                          NORMAL
................................................................
TEMPERATURE (F)
RECORD
 HIGH             106   05/31/1953
 LOW               -7   03/03/2014
                        03/03/1960
                        03/03/1960
HIGHEST            93   04/06        MM      MM      103  05/06
                                                          05/04
LOWEST             10   03/05        MM      MM       -7  03/03
AVG. MAXIMUM     70.5              68.9     1.6     70.9
AVG. MINIMUM     45.1              44.3     0.8     41.0
MEAN             57.8              56.6     1.2     56.0
DAYS MAX >= 90      1               3.7    -2.7       14
DAYS MAX <= 32      1               0.6     0.4        2
DAYS MIN <= 32     10              15.9    -5.9       30
DAYS MIN <= 0       0               0.0     0.0        1

PRECIPITATION (INCHES)
RECORD
 MAXIMUM        17.27   1957
 MINIMUM         1.13   1966
TOTALS          10.65              7.99    2.66     1.94
DAILY AVG.       0.12              0.09    0.03     0.02
DAYS >= .01        27              24.8     2.2       16
DAYS >= .10        14              14.3    -0.3        5
DAYS >= .50         7               6.3     0.7        0
DAYS >= 1.00        4               2.4     1.6        0
GREATEST
 24 HR. TOTAL    1.81   05/16 TO 05/16           05/26 TO 05/27

SNOWFALL (INCHES)
RECORDS
 TOTAL           25.0   1983
 24 HR TOTAL       MM
 SNOW DEPTH        MM   MM
TOTALS            0.3               0.1     0.2      5.5
SNOWDEPTH AVG.      0                MM      MM        0
DAYS >= TRACE       1               0.3     0.7        2
DAYS >= 1.0         0               0.0     0.0        2
GREATEST
 SNOW DEPTH         0   MM                             4  03/03
 24 HR TOTAL      0.3   03/04 TO 03/04           03/02 TO 03/02

DEGREE_DAYS
HEATING TOTAL     749               925    -176     1072
 SINCE 7/1       4323              4455    -132     5023
COOLING TOTAL     107               156     -49      269
 SINCE 1/1        107               156     -49      269

...................................................

WIND (MPH)
AVERAGE WIND SPEED              9.2
RESULTANT WIND SPEED/DIRECTION   3/101
HIGHEST WIND SPEED/DIRECTION    44/010    DATE  04/03
HIGHEST GUST SPEED/DIRECTION    54/010    DATE  04/03

AVERAGE RH (PERCENT)     66


-  INDICATES NEGATIVE NUMBERS.
R  INDICATES RECORD WAS SET OR TIED.
MM INDICATES DATA IS MISSING.
T  INDICATES TRACE AMOUNT.

$$
