000
CXUS51 KPBZ 011333
CLSPIT


CLIMATE REPORT
NATIONAL WEATHER SERVICE PITTSBURGH PA
932 AM EDT FRI SEP 1 2017

...................................

...THE PITTSBURGH PA CLIMATE SUMMARY FOR THE SEASON, FROM
6/1/2017 TO 8/31/2017...

CLIMATE NORMAL PERIOD 1981 TO 2010
CLIMATE RECORD PERIOD 1871 TO 2017

WEATHER         OBSERVED          NORMAL  DEPART  LAST YEAR`S
                 VALUE   DATE(S)  VALUE   FROM    VALUE  DATE(S)
                                          NORMAL
................................................................
TEMPERATURE (F)
RECORD
 HIGH             103   07/16/1988
                        08/06/1918
                        07/10/1881
 LOW               33   06/14/2013
HIGHEST            91   06/13        92      -1       MM  MM
LOWEST             49   06/28        43       6       MM  MM
                        06/09
AVG. MAXIMUM     81.0              81.0     0.0       MM
AVG. MINIMUM     62.4              60.9     1.5       MM
MEAN             71.7              71.0     0.7       MM
DAYS MAX >= 90      1               6.5    -5.5       MM
DAYS MAX <= 32      0               0.0     0.0       MM
DAYS MIN <= 32      0               0.0     0.0       MM
DAYS MIN <= 0       0               0.0     0.0       MM

PRECIPITATION (INCHES)
RECORD
 MAXIMUM        42.80   2016
 MINIMUM         2.20   1894
TOTALS          10.20             11.61   -1.41
DAILY AVG.       0.17              0.13    0.04       MM
DAYS >= .01        29              32.1    -3.1       MM
DAYS >= .10        22              20.5     1.5       MM
DAYS >= .50        10               8.0     2.0       MM
DAYS >= 1.00        1               2.8    -1.8       MM
GREATEST
 24 HR. TOTAL    1.17

SNOWFALL (INCHES)
RECORDS
 TOTAL             MM   MM
TOTALS            0.0               0.0     0.0       MM
SINCE 7/1         0.0               0.0     0.0       MM
SNOWDEPTH AVG.      0                                 MM
DAYS >= TRACE       0               0.0     0.0       MM
DAYS >= 1.0         0               0.0     0.0       MM
GREATEST
 24 HR TOTAL      0.0   MM                            MM

DEGREE_DAYS
HEATING TOTAL      26                51     -25       MM
 SINCE 7/1          0                13     -13       MM
COOLING TOTAL     452               600    -148       MM
 SINCE 1/1        526               652    -126       MM
.................................................................

WIND (MPH)
AVERAGE WIND SPEED              6.4
HIGHEST WIND SPEED/DIRECTION    32/250    DATE  07/11
HIGHEST GUST SPEED/DIRECTION    46/250    DATE  07/11

AVERAGE RH (PERCENT)     72

WEATHER CONDITIONS. NUMBER OF DAYS WITH
THUNDERSTORM              0     MIXED PRECIP               0
HEAVY RAIN               12     RAIN                      13
LIGHT RAIN               36     FREEZING RAIN              0
LT FREEZING RAIN          0     HAIL                       0
HEAVY SNOW                0     SNOW                       0
LIGHT SNOW                0     SLEET                      0
FOG                      32     FOG W/VIS <= 1/4 MILE      3
HAZE                      5

-  INDICATES NEGATIVE NUMBERS.
R  INDICATES RECORD WAS SET OR TIED.
MM INDICATES DATA IS MISSING.
T  INDICATES TRACE AMOUNT.

$$
