000
CXUS51 KRNK 011436
CLSROA


CLIMATE REPORT
NATIONAL WEATHER SERVICE BLACKSBURG VA
1033 AM EDT WED JUN 1 2016

...................................

...THE ROANOKE VA CLIMATE SUMMARY FOR THE SEASON, FROM
3/1/2016 TO 5/31/2016...

CLIMATE NORMAL PERIOD 1981 TO 2010
CLIMATE RECORD PERIOD 1912 TO 2016

WEATHER         OBSERVED          NORMAL  DEPART  LAST YEAR`S
                 VALUE   DATE(S)  VALUE   FROM    VALUE
                                          NORMAL
.............................................................
TEMPERATURE (F)
RECORD
 HIGH              99   05/22/1941
 LOW                9   03/10/1996
                        03/15/1993
HIGHEST            88   04/18                         88
LOWEST             25   04/10                         11
                        03/03
AVG. MAXIMUM     69.6              67.2     2.4     68.5
AVG. MINIMUM     48.0              45.1     2.9     47.0
MEAN             58.8              56.2     2.6     57.8
DAYS MAX >= 90      0               0.7    -0.7        0
DAYS MAX <= 32      0               0.3    -0.3        1
DAYS MIN <= 32      9              11.6    -2.6        7
DAYS MIN <= 0       0               0.0     0.0        0

PRECIPITATION (INCHES)
RECORD
 MAXIMUM        18.67   2003
 MINIMUM         4.55   1915
TOTALS           9.50             10.89   -1.39    11.06
DAILY AVG.       0.10              0.12   -0.02     0.12
DAYS >= .01        35              32.8     2.2       35
DAYS >= .10        21              20.4     0.6       21
DAYS >= .50         5               7.0    -2.0        8
DAYS >= 1.00        3               2.1     0.9        2
GREATEST
 24 HR. TOTAL    1.57                               1.84

SNOWFALL (INCHES)
TOTALS            1.0                                1.9
DAYS >= TRACE       4                                  2
DAYS >= 1.0         1                                  1
GREATEST
 24 HR TOTAL      1.0                                1.9

DEGREE_DAYS
HEATING TOTAL     671               928    -257      815
COOLING TOTAL     125               116       9      168
..............................................................

WIND (MPH)
AVERAGE WIND SPEED              7.1
HIGHEST WIND SPEED/DIRECTION    41/310    DATE  04/02
HIGHEST GUST SPEED/DIRECTION    57/330    DATE  04/03

SKY COVER
AVERAGE SKY COVER           0.50

AVERAGE RH (PERCENT)     60

WEATHER CONDITIONS. NUMBER OF DAYS WITH
THUNDERSTORM              9     MIXED PRECIP               0
HEAVY RAIN               11     RAIN                      15
LIGHT RAIN               47     FREEZING RAIN              0
LT FREEZING RAIN          0     HAIL                       0
HEAVY SNOW                0     SNOW                       0
LIGHT SNOW                4     SLEET                      0
FOG                      31     FOG W/VIS <= 1/4 MILE      3
HAZE                      1

-  INDICATES NEGATIVE NUMBERS.
R  INDICATES RECORD WAS SET OR TIED.
MM INDICATES DATA IS MISSING.
T  INDICATES TRACE AMOUNT.

$$
