000
CXUS53 KARX 012057
CLSRST

CLIMATE REPORT
NATIONAL WEATHER SERVICE LA CROSSE WI
257 PM CST TUE MAR 1 2016

...ROCHESTER MN 2015-16 METEOROLOGICAL WINTER SUMMARY...

DURING METEOROLOGICAL WINTER (DECEMBER 1 THROUGH FEBRUARY 29),
ROCHESTER WAS WARMER AND WETTER THAN NORMAL.  THE INFORMATION BELOW
PROVIDES MORE DETAILS ON THESE STATISTICS.

TEMPERATURES...11TH WARMEST

FROM DECEMBER 1ST THROUGH FEBRUARY 29TH, ROCHESTER INTERNATIONAL
AIRPORT HAD AN AVERAGE TEMPERATURE OF 22.4 DEGREES.  THIS WAS 3.9
DEGREES WARMER THAN THE 1981-2010 WINTER NORMAL OF 18.5 DEGREES.

THE AVERAGE MAXIMUM TEMPERATURE WAS 28.6 DEGREES.  THIS WAS 2.4
DEGREES WARMER THAN THE 1981-2010 NORMAL OF 26.2 DEGREES. THIS WAS
THE 6TH WARMEST.  THE AVERAGE MINIMUM TEMPERATURE WAS 16.3 DEGREES.
THIS WAS 5.5 DEGREES WARMER THAN THE 1981-2010 NORMAL OF 10.8
DEGREES.  THIS WAS THE 11TH WARMEST.

THE TABLE BELOW CONTAINS THE MONTHLY TEMPERATURES AND THEIR
DEPARTURES FROM NORMAL FOR THE WINTER OF 2015-16.

          WINTER 2015-16 TEMPERATURES
               IN ROCHESTER MN

                  AVERAGE            DEPARTURE
   MONTH        TEMPERATURE         FROM NORMAL
   -----        -----------         -----------
 DECEMBER       29.8 DEGREES       +10.1 DEGREES - 2ND WARMEST
 JANUARY        14.8 DEGREES        -0.9 DEGREES
 FEBRUARY       22.6 DEGREES        +2.3 DEGREES

 WINTER         22.4 DEGREES        +3.9 DEGREES

THE WARMEST TEMPERATURE WAS 52 DEGREES ON FEBRUARY 27TH. THE COLDEST
TEMPERATURE WAS -21 DEGREES ON JANUARY 18TH.

THE DAILY AVERAGE TEMPERATURES WERE ABOVE NORMAL ON 66 DAYS (72.5
PERCENT) AND BELOW NORMAL ON 25 DAYS (27.5 PERCENT).

THE TEMPERATURE FELL BELOW ZERO ON 14 DAYS.

PRECIPITATION - 5TH WETTEST

FROM DECEMBER 1ST THROUGH FEBRUARY 29TH, ROCHESTER INTERNATIONAL
AIRPORT RECEIVED 4.61 INCHES OF PRECIPITATION.  THIS WAS 1.69 INCHES
WETTER THAN THE 1981-2010 WINTER NORMAL OF 2.92 INCHES.  THIS MADE
IT THE 5TH WETTEST WINTER AND THE WETTEST SINCE 2010-11.  THE TABLE
BELOW CONTAINS THE 10 WETTEST WINTERS IN ROCHESTER MN.

           WETTEST WINTERS
           IN ROCHESTER MN

           PRECIPITATION
   RANK        TOTAL         WINTER
   ----    -------------     ------
     1      5.47 INCHES     1887-88
     2      5.29 INCHES     2010-11
     3      4.92 INCHES     1983-83
     4      4.69 INCHES     1950-51
     5      4.61 INCHES     2015-16
     6      4.29 INCHES     1932-33
     7      4.25 INCHES     1966-67
     8      4.22 INCHES     2006-07
            4.22 INCHES     1948-49
    10      4.15 INCHES     1970-71

THE TABLE BELOW CONTAINS THE MONTHLY PRECIPITATION TOTALS AND THEIR
DEPARTURES FROM NORMAL FOR THE WINTER OF 2015-16.

          WINTER 2015-16 PRECIPITATION
               IN ROCHESTER MN

                PRECIPITATION         DEPARTURE
   MONTH            TOTAL            FROM NORMAL
   -----        ------------         -----------
 DECEMBER        3.21 INCHES        +1.98 INCHES
 JANUARY         0.75 INCHES        -0.11 INCHES
 FEBRUARY        0.65 INCHES        -0.18 INCHES

 WINTER          4.61 INCHES        +1.69 INCHES

THE WETTEST DAY WAS ON DECEMBER 14TH WHEN 1.15 INCHES OF PRECIPITATION
FELL.

PRECIPITATION FELL ON 53 DAYS (58.3 PERCENT). MEASURABLE PRECIPITATION
FELL ON 30 DAYS (33 PERCENT).  TRACE AMOUNTS OF PRECIPITATION FELL
ON 23 DAYS (25.3 PERCENT).

SNOWFALL - A LITTLE LESS SNOW THAN NORMAL

FROM DECEMBER 1ST THROUGH FEBRUARY 29TH, THE SNOW OBSERVER NEAR
ROCHESTER INTERNATIONAL AIRPORT RECEIVED 30.0 INCHES OF SNOW.  THIS
WAS 3.0 INCHES BELOW THE 1981-2010 NORMAL OF 33.0 INCHES.

THE TABLE BELOW CONTAINS THE MONTHLY SNOWFALL TOTALS AND THEIR
DEPARTURES FROM NORMAL FOR THE WINTER OF 2015-16.

           WINTER 2015-16 SNOWFALL
               IN ROCHESTER MN

                  SNOWFALL            DEPARTURE
   MONTH            TOTAL            FROM NORMAL
   -----        ------------         -----------
 DECEMBER        13.2 INCHES         +0.7 INCHES
 JANUARY          5.7 INCHES         -6.3 INCHES
 FEBRUARY        11.1 INCHES         +2.6 INCHES

 WINTER          30.0 INCHES         -3.0 INCHES

THE SNOWIEST DAY WAS 6.8 INCHES ON DECEMBER 28TH.

SNOW FELL ON 46 DAYS (50.6 PERCENT).  MEASURABLE SNOW FELL ON
22 DAYS (26.4 PERCENT).  A TRACE OF SNOW FELL ON ANOTHER 24 DAYS
(26.4 PERCENT).

SNOW DEPTH -

FROM DECEMBER 1ST THROUGH FEBRUARY 29TH, THE OFFICIAL SNOW OBSERVER
NEAR ROCHESTER INTERNATIONAL AIRPORT HAD AN AVERAGE SNOW DEPTH OF
5.2 INCHES.  THIS WAS AVERAGE.

THE GREATEST SNOW DEPTH FOR THE WINTER WAS 13 INCHES FROM FEBRUARY
3RD AND 4TH.

THERE WAS SNOW ON THE GROUND ON 64 DAYS (70.3 PERCENT) THIS WINTER.
MEASURABLE SNOW WAS ON THE GROUND ON 62 DAYS (68.1 PERCENT) AND
TRACE AMOUNTS OF SNOW ON THE GROUND ON 2 DAYS (2.2 PERCENT).

...................................

...THE ROCHESTER MN CLIMATE SUMMARY FOR THE SEASON, FROM
12/1/2015 TO 2/29/2016...

CLIMATE NORMAL PERIOD 1981 TO 2010
CLIMATE RECORD PERIOD 1886 TO 2016

WEATHER         OBSERVED          NORMAL  DEPART  LAST YEAR`S
                 VALUE   DATE(S)  VALUE   FROM    VALUE  DATE(S)
                                          NORMAL
................................................................
TEMPERATURE (F)
RECORD
 HIGH              63   02/17/1981
                        12/17/1939
 LOW              -42   01/07/1887
HIGHEST            52   02/27        MM      MM       MM  MM
LOWEST            -21   01/18        MM      MM       MM  MM
AVG. MAXIMUM     28.6              26.2     2.4
AVG. MINIMUM     16.3              10.8     5.5       MM
MEAN             22.4              18.5     3.9       MM
DAYS MAX >= 90      0               0.0     0.0       MM
DAYS MAX <= 32     52              58.2    -6.2       MM
DAYS MIN <= 32     84              86.3    -2.3       MM
DAYS MIN <= 0      14              22.0    -8.0       MM

PRECIPITATION (INCHES)
RECORD
 MAXIMUM           MM   MM
 MINIMUM           MM   MM
TOTALS           4.61              2.92    1.69       MM
DAILY AVG.       0.05              0.03    0.02
DAYS >= .01        30              26.0     4.0       MM
DAYS >= .10         9               8.6     0.4       MM
DAYS >= .50         3               0.9     2.1       MM
DAYS >= 1.00        1               0.1     0.9       MM
GREATEST
 24 HR. TOTAL    1.45   MM
 STORM TOTAL       MM
 (MM/DD(HH))            MM

SNOWFALL (INCHES)
RECORDS
 TOTAL             MM   5
 24 HR TOTAL       MM
TOTALS           30.0              33.0    -3.0
 LIQUID EQUIV    3.00              3.30   -0.30
SINCE 7/1        32.5              39.9    -7.4
DAYS >= TRACE      46              25.4    20.6
DAYS >= 1.0         8               9.9    -1.9
GREATEST
 SNOW DEPTH        13   02/04
                        02/03
 24 HR TOTAL      6.8   MM
 STORM TOTAL       MM
 (MM/DD(HH))            MM

DEGREE_DAYS
HEATING TOTAL    3850              4188    -338
 SINCE 7/1         MM              5901      MM
COOLING TOTAL       0                 0       0
 SINCE 1/1          0                 0       0

FREEZE DATES
RECORD
 EARLIEST     MM
 LATEST       MM
EARLIEST                        MM
LATEST                          MM
.................................................................

WIND (MPH)
AVERAGE WIND SPEED              12.8
HIGHEST WIND SPEED/DIRECTION    40/270    DATE  02/19
HIGHEST GUST SPEED/DIRECTION    50/260    DATE  02/19

SKY COVER
POSSIBLE SUNSHINE (PERCENT)   MM
AVERAGE SKY COVER           0.60
NUMBER OF DAYS FAIR           18
NUMBER OF DAYS PC             33
NUMBER OF DAYS CLOUDY         40

AVERAGE RH (PERCENT)     83

WEATHER CONDITIONS. NUMBER OF DAYS WITH
THUNDERSTORM              1     MIXED PRECIP               0
HEAVY RAIN                2     RAIN                       3
LIGHT RAIN               13     FREEZING RAIN              2
LT FREEZING RAIN          6     HAIL                       0
HEAVY SNOW                2     SNOW                       7
LIGHT SNOW               46     SLEET                      0
FOG                      71     FOG W/VIS <= 1/4 MILE     16
HAZE                     22

-  INDICATES NEGATIVE NUMBERS.
R  INDICATES RECORD WAS SET OR TIED.
MM INDICATES DATA IS MISSING.
T  INDICATES TRACE AMOUNT.

$$

BOYNE
