000
CDUS43 KUNR 041546
CLSUNR

CLIMATE REPORT
NATIONAL WEATHER SERVICE RAPID CITY SD
933 AM MDT THU SEP 4 2014

...................................

...THE EAST RAPID CITY SD CLIMATE SUMMARY FOR THE SEASON, FROM
6/1/2014 TO 8/31/2014...

CLIMATE NORMAL PERIOD 1981 TO 2010
CLIMATE RECORD PERIOD 1888 TO 2014

WEATHER         OBSERVED          NORMAL  DEPART  LAST YEAR`S
                 VALUE   DATE(S)  VALUE   FROM    VALUE  DATE(S)
                                          NORMAL
................................................................
TEMPERATURE (F)
RECORD
 HIGH             107   07/12/1954
                        07/09/1954
 LOW               31   06/03/1998
HIGHEST            98   07/21                        101  08/27
LOWEST             43   06/07                         43  06/02
                        06/06
AVG. MAXIMUM     77.5              81.4    -3.9     82.3
AVG. MINIMUM     57.9              58.6    -0.7     60.0
MEAN             67.7              70.0    -2.3     71.2
DAYS MAX >= 90      6                                 17
DAYS MAX <= 32      0                                  0
DAYS MIN <= 32      0                                  0
DAYS MIN <= 0       0                                  0

PRECIPITATION (INCHES)
RECORD
 MAXIMUM        14.97   1905
 MINIMUM         2.18   1936
TOTALS          12.22              7.63    4.59     7.03
DAILY AVG.       0.13              0.08    0.05     0.08
DAYS >= .01        43                                 31
DAYS >= .10        26                                 17
DAYS >= .50         8                                  6
DAYS >= 1.00        2                                  1
GREATEST
 24 HR. TOTAL    1.87   08/05 TO 08/05              1.16

SNOWFALL (INCHES)
RECORDS
 TOTAL            3.0   1969
                        1998
TOTALS            0.0               0.0     0.0      0.0
SINCE 7/1         0.0               0.0     0.0      0.0
SNOWDEPTH AVG.      0               0.0     0.0        0
DAYS >= 1.0         0               0.0     0.0        0
GREATEST
 SNOW DEPTH         0                                  0
 24 HR TOTAL      0.0                                0.0

DEGREE_DAYS
HEATING TOTAL     132               118      14       64
COOLING TOTAL     408               576    -168      661
.................................................................

WIND (MPH)
AVERAGE WIND SPEED              7.7
HIGHEST WIND SPEED/DIRECTION    39/010    DATE  06/16
HIGHEST GUST SPEED/DIRECTION    56/350    DATE  06/16

AVERAGE RH (PERCENT)     61

WEATHER CONDITIONS. NUMBER OF DAYS WITH
THUNDERSTORM              0     MIXED PRECIP               0
HEAVY RAIN                8     RAIN                      18
LIGHT RAIN               49     FREEZING RAIN              0
LT FREEZING RAIN          0     HAIL                       4
HEAVY SNOW                0     SNOW                       0
LIGHT SNOW                0     SLEET                      0
FOG                       8     FOG W/VIS <= 1/4 MILE      2
HAZE                      0

-  INDICATES NEGATIVE NUMBERS.
R  INDICATES RECORD WAS SET OR TIED.
MM INDICATES DATA IS MISSING.
T  INDICATES TRACE AMOUNT.

$$
