000
CXUS55 KLKN 030022
CLSWMC


CLIMATE REPORT
NATIONAL WEATHER SERVICE ELKO NV
504 PM PDT TUE SEP 2 2014

...................................

...THE WINNEMUCCA AIRPORT NV CLIMATE SUMMARY FOR THE SEASON, FROM
6/1/2014 TO 8/31/2014...

CLIMATE NORMAL PERIOD 1981 TO 2010
CLIMATE RECORD PERIOD 1877 TO 2014

WEATHER         OBSERVED          NORMAL  DEPART  LAST YEAR`S
                 VALUE   DATE(S)  VALUE   FROM    VALUE
                                          NORMAL
.............................................................
TEMPERATURE (F)
RECORD
 HIGH             109   07/11/2002
 LOW               23   06/04/2001
                        06/06/1954
HIGHEST           106   07/14       104       2      107
LOWEST             28   06/18        31      -3       28
AVG. MAXIMUM     89.3              89.2     0.1     92.3
AVG. MINIMUM     51.5              48.7     2.8     50.4
MEAN             70.4              68.9     1.5     71.4
DAYS MAX >= 90     48              50.9    -2.9       65
DAYS MAX <= 32      0               0.0     0.0        0
DAYS MIN <= 32      1               1.0     0.0        1
DAYS MIN <= 0       0               0.0     0.0        0

PRECIPITATION (INCHES)
RECORD
 MAXIMUM         4.49   1913
 MINIMUM            T   1919
TOTALS           0.66              0.99   -0.33     0.58
DAILY AVG.       0.01              0.01    0.00     0.00
DAYS >= .01         9               8.4     0.6       11
DAYS >= .10         2               2.7    -0.7        2
DAYS >= .50         0               0.2    -0.2        0
DAYS >= 1.00        0               0.0     0.0        0

SNOWFALL (INCHES)
RECORDS
 TOTAL            3.1   1908
TOTALS            0.0                 T     0.0        T
DAYS >= 1.0         0               0.0     0.0        0
GREATEST
 SNOW DEPTH         0   MM                             0

DEGREE_DAYS
HEATING TOTAL      93               135     -42       70
COOLING TOTAL     616               499     117      680
..............................................................

WIND (MPH)
AVERAGE WIND SPEED              7.5
HIGHEST WIND SPEED/DIRECTION    38/150    DATE  07/20
HIGHEST GUST SPEED/DIRECTION    48/140    DATE  07/20

AVERAGE RH (PERCENT)     34

WEATHER CONDITIONS. NUMBER OF DAYS WITH
THUNDERSTORM              0     MIXED PRECIP               0
HEAVY RAIN                2     RAIN                       3
LIGHT RAIN               20     FREEZING RAIN              0
LT FREEZING RAIN          0     HAIL                       0
HEAVY SNOW                0     SNOW                       0
LIGHT SNOW                0     SLEET                      0
FOG                       5     FOG W/VIS <= 1/4 MILE      0
HAZE                     23

-  INDICATES NEGATIVE NUMBERS.
R  INDICATES RECORD WAS SET OR TIED.
MM INDICATES DATA IS MISSING.
T  INDICATES TRACE AMOUNT.

&&

==============================================================

...17TH WARMEST METEOROLOGICAL SUMMER ON RECORD IN WINNEMUCCA...
...57TH DRIEST METEOROLOGICAL SUMMER ON RECORD IN WINNEMUCCA...

THE AVERAGE TEMPERATURE IN WINNEMUCCA DURING METEOROLOGICAL
SUMMER (JUNE, JULY AND AUGUST) 2014 WAS 70.4 DEGREES...WHICH
IS 1.5 DEGREES ABOVE THE 1981-2010 CLIMATOLOGICAL NORMAL OF
68.9 DEGREES. THIS MAKES METEOROLOGICAL SUMMER 2014 THE 17TH
WARMEST ON RECORD. THE TOTAL PRECIPITATION WAS 0.66
INCHES...WHICH IS 0.33 INCHES OR 33 PERCENT BELOW THE
1981-2010 CLIMATOLOGICAL NORMAL OF 0.99 INCHES. THIS MAKES
METEOROLOGICAL SUMMER 2014 THE 57TH DRIEST ON RECORD.

JULY 2014 WAS THE WARMEST MONTH ON RECORD IN WINNEMUCCA WITH
AN AVERAGE TEMPERATURE OF 77.5 DEGREES.

$$

RCM
