000
CXUS51 KCLE 272003
CLMYNG


CLIMATE REPORT
NATIONAL WEATHER SERVICE CLEVELAND OH
400 PM EDT MON JUN 27 2016

...................................

...THE YOUNGSTOWN OH CLIMATE SUMMARY FOR THE SEASON, FROM
3/1/2016 TO 5/31/2016...

CLIMATE NORMAL PERIOD 1981 TO 2010
CLIMATE RECORD PERIOD 1897 TO 2016

WEATHER         OBSERVED          NORMAL  DEPART
                 VALUE   DATE(S)  VALUE   FROM
                                          NORMAL
................................................
TEMPERATURE (F)
RECORD
 HIGH              92   05/18/1962
 LOW              -10   03/02/1980
HIGHEST            88   05/28
LOWEST             13   03/03
AVG. MAXIMUM     61.1              57.9     3.2
AVG. MINIMUM     38.8              37.4     1.4
MEAN             50.0              47.7     2.3
DAYS MAX >= 90      0               0.0
DAYS MAX <= 32      2               4.8
DAYS MIN <= 32     32              31.0
DAYS MIN <= 0       0               0.1

PRECIPITATION (INCHES)
RECORD
 MAXIMUM        20.33   2011
 MINIMUM         3.83   1915
TOTALS           9.91             10.09   -0.18
DAYS >= .01        42              42.2
DAYS >= .10        27              23.9
DAYS >= .50         4               6.2
DAYS >= 1.00        0               1.5

SNOWFALL (INCHES)
RECORDS
 TOTAL           33.0   1987
TOTALS           13.3              13.9
DAYS >= TRACE      16
DAYS >= 1.0         5               3.3

DEGREE_DAYS
HEATING TOTAL    1405              1632    -227
COOLING TOTAL      55                38      17
.................................................

WIND (MPH)
HIGHEST GUST SPEED/DIRECTION    49/240    DATE  03/16

SKY COVER
POSSIBLE SUNSHINE (PERCENT)   MM
NUMBER OF DAYS FAIR            7
NUMBER OF DAYS PC             31
NUMBER OF DAYS CLOUDY         54


WEATHER CONDITIONS. NUMBER OF DAYS WITH
THUNDERSTORM              0     MIXED PRECIP               0
HEAVY RAIN                4     RAIN                      18
LIGHT RAIN               46     FREEZING RAIN              0
LT FREEZING RAIN          1     HAIL                       0
HEAVY SNOW                0     SNOW                       6
LIGHT SNOW               16     SLEET                      1
FOG                      44     FOG W/VIS <= 1/4 MILE      3
HAZE                      4

-  INDICATES NEGATIVE NUMBERS.
R  INDICATES RECORD WAS SET OR TIED.
MM INDICATES DATA IS MISSING.
T  INDICATES TRACE AMOUNT.

$$
