912
CXUS53 KDLH 010640
CF6DLH

PRELIMINARY LOCAL CLIMATOLOGICAL DATA (WS FORM: F-6)

                                          STATION:   DULUTH
                                          MONTH:     JUNE
                                          YEAR:      2016
                                          LATITUDE:   46 49 N
                                          LONGITUDE:  92 11 W

  TEMPERATURE IN F:       :PCPN:    SNOW:  WIND      :SUNSHINE: SKY     :PK WND
================================================================================
1   2   3   4   5  6A  6B    7    8   9   10  11  12  13   14  15   16   17  18
                                     12Z  AVG MX 2MIN
DY MAX MIN AVG DEP HDD CDD  WTR  SNW DPTH SPD SPD DIR MIN PSBL S-S WX    SPD DR
================================================================================

 1  66  41  54  -2  11   0 0.14  0.0    0 12.7 26 220   M    M  10 128    34 230
 2  66  50  58   2   7   0    T  0.0    0  8.9 18 280   M    M   7 18     23 290
 3  58  47  53  -3  12   0 0.43  0.0    0  9.8 18  80   M    M   7 12     24  90
 4  59  44  52  -5  13   0 0.16  0.0    0  7.0 14 350   M    M  10 12     18 330
 5  72  50  61   4   4   0 0.27    T    0  9.9 33 340   M    M   6 1235   48 350
 6  66  51  59   2   6   0    T  0.0    0 14.2 23 330   M    M   7        34  10
 7  68  42  55  -3  10   0 0.00  0.0    0 10.3 21 310   M    M   2        29 320
 8  69  37  53  -5  12   0 0.00  0.0    0  5.2 14 180   M    M   1        16 170
 9  74  50  62   4   3   0 0.00  0.0    0 10.6 20 100   M    M   5        25 110
10  83  46  65   7   0   0 0.17  0.0    0  9.4 17 280   M    M   3 138    22 310
11  80  59  70  11   0   5 0.00  0.0    0 11.0 21 310   M    M   1        27 320
12  64  47  56  -3   9   0 0.33  0.0    0 13.4 22  80   M    M   4 13     29  80
13  61  47  54  -5  11   0 0.36  0.0    0  6.1 18 140   M    M   8 13     23 150
14  56  48  52  -8  13   0 0.98  0.0    0 13.2 22  90   M    M  10 123    29 100
15  60  50  55  -5  10   0 0.41  0.0    0  6.6 17 110   M    M  10 12     21 120
16  73  50  62   2   3   0 0.01  0.0    0  6.5 15 120   M    M   4 12     18 110
17  78  52  65   4   0   0    T  0.0    0  5.7 21 170   M    M   2 8      26 150
18  84  61  73  12   0   8 0.00  0.0    0  5.6 12 230   M    M   2 8      15 250
19  89  68  79  18   0  14    T  0.0    0 15.3 40 270   M    M   2 13     51 280
20  74  53  64   3   1   0 0.00  0.0    0 15.9 29 270   M    M   2 8      39 270
21  75  51  63   1   2   0 0.00  0.0    0 11.3 24 310   M    M   2        34 310
22  71  50  61  -1   4   0 0.37  0.0    0 11.1 22  80   M    M   4 1      29  90
23  79  50  65   3   0   0    T  0.0    0  4.9 12 340   M    M   4        14 330
24  80  53  67   5   0   2 0.00  0.0    0  8.6 17 180   M    M   1        22 170
25  84  64  74  11   0   9 0.30  0.0    0 10.7 22 110   M    M   4 13     27 220
26  80  58  69   6   0   4    T  0.0    0 16.1 35 250   M    M   3        41 260
27  65  56  61  -2   4   0    T  0.0    0 11.5 21 330   M    M   9 1      27 330
28  73  47  60  -4   5   0 0.00  0.0    0  4.4 10 190   M    M   3 1      14 230
29  79  53  66   2   0   1 0.00  0.0    0  7.8 18 270   M    M   2        23 270
30  73  53  63  -1   2   0 0.53  0.0    0  9.7 22 320   M    M   7 138    29 330
================================================================================
SM 2159 1528       142  43  4.46    T    293.4          M      142
================================================================================
AV 72.0 50.9                               9.8 FASTST   M    M   5    MAX(MPH)
                                 MISC ---->  # 40 270               # 51  280
================================================================================
NOTES:
# LAST OF SEVERAL OCCURRENCES

COLUMN 17 PEAK WIND IN M.P.H.

PRELIMINARY LOCAL CLIMATOLOGICAL DATA (WS FORM: F-6) , PAGE 2

                                          STATION:  DULUTH
                                          MONTH:    JUNE
                                          YEAR:     2016
                                          LATITUDE:   46 49 N
                                          LONGITUDE:  92 11 W

[TEMPERATURE DATA]      [PRECIPITATION DATA]       SYMBOLS USED IN COLUMN 16

AVERAGE MONTHLY: 61.5   TOTAL FOR MONTH:   4.46    1 = FOG OR MIST
DPTR FM NORMAL:   1.4   DPTR FM NORMAL:    0.23    2 = FOG REDUCING VISIBILITY
HIGHEST:    89 ON 19    GRTST 24HR  1.39 ON 14-15      TO 1/4 MILE OR LESS
LOWEST:     37 ON  8                               3 = THUNDER
                        SNOW, ICE PELLETS, HAIL    4 = ICE PELLETS
                        TOTAL MONTH:    T          5 = HAIL
                        GRTST 24HR    T  ON  5- 5  6 = FREEZING RAIN OR DRIZZLE
                        GRTST DEPTH:   0           7 = DUSTSTORM OR SANDSTORM:
                                                       VSBY 1/2 MILE OR LESS
                                                   8 = SMOKE OR HAZE
[NO. OF DAYS WITH]      [WEATHER - DAYS WITH]      9 = BLOWING SNOW
                                                   X = TORNADO
MAX 32 OR BELOW:   0    0.01 INCH OR MORE:  13
MAX 90 OR ABOVE:   0    0.10 INCH OR MORE:  12
MIN 32 OR BELOW:   0    0.50 INCH OR MORE:   2
MIN  0 OR BELOW:   0    1.00 INCH OR MORE:   0

[HDD (BASE 65) ]
TOTAL THIS MO.   142    CLEAR  (SCALE 0-3)  11
DPTR FM NORMAL   -37    PTCLDY (SCALE 4-7)  13
TOTAL FM JUL 1  8186    CLOUDY (SCALE 8-10)  6
DPTR FM NORMAL -1258

[CDD (BASE 65) ]
TOTAL THIS MO.    43
DPTR FM NORMAL    13    [PRESSURE DATA]
TOTAL FM JAN 1    52    HIGHEST SLP M ON M
DPTR FM NORMAL    18    LOWEST  SLP 29.60 ON  5

[REMARKS]
DAY 30 PRECIPITATION FROM BACKUP DLHM5 1.2 MI SW OF ASOS
#FINAL-06-16#
