000
CXUS53 KDLH 290623
CF6INL
PRELIMINARY LOCAL CLIMATOLOGICAL DATA (WS FORM: F-6)

                                          STATION:   INTERNATIONAL FLS
                                          MONTH:     JUNE
                                          YEAR:      2016
                                          LATITUDE:   48 34 N
                                          LONGITUDE:  93 23 W

  TEMPERATURE IN F:       :PCPN:    SNOW:  WIND      :SUNSHINE: SKY     :PK WND
================================================================================
1   2   3   4   5  6A  6B    7    8   9   10  11  12  13   14  15   16   17  18
                                     12Z  AVG MX 2MIN
DY MAX MIN AVG DEP HDD CDD  WTR  SNW DPTH SPD SPD DIR MIN PSBL S-S WX    SPD DR
================================================================================

 1  65  52  59   2   6   0 0.10  0.0    0  9.7 18 280   M    M   9 138    29 210
 2  65  47  56  -1   9   0 0.05  0.0    0  6.9 14 310   M    M   8 18     18 300
 3  72  43  58   1   7   0 0.19  0.0    0  6.6 16 110   M    M   5 1      22 140
 4  66  53  60   2   5   0 0.54  0.0    0  6.6 14  80   M    M   8 12     20  80
 5  73  41  57  -1   8   0 0.09  0.0    0  8.1 36 340   M    M   5 123    50 340
 6  62  41  52  -6  13   0 0.11  0.0    0 11.2 24 350   M    M   9 1      31 360
 7  66  33  50  -9  15   0 0.00  0.0    0  6.8 21 340   M    M   1 1      26 340
 8  70  30  50  -9  15   0 0.00  0.0    0  3.4 12 290   M    M   1        14 300
 9  81  42  62   3   3   0 0.00  0.0    0  6.7 15 130   M    M   0        23 130
10  84  54  69   9   0   4 0.00  0.0    0  7.5 17 300   M    M   2        23 340
11  71  50  61   1   4   0 0.00  0.0    0  9.2 21 340   M    M   1        26 340
12  62  50  56  -4   9   0 0.67  0.0    0  9.3 23 130   M    M   4 13     32 110
13  72  49  61   1   4   0 0.00  0.0    0  4.6  9  60   M    M   6        13  70
14  68  42  55  -6  10   0 0.00  0.0    0  8.6 17 120   M    M   7 12     22  90
15  64  57  61   0   4   0 0.95  0.0    0  5.7 13  90   M    M  10 1      17 100
16  78  54  66   5   0   1 0.00  0.0    0  5.8 16 120   M    M   5        22 120
17  74  53  64   3   1   0 0.28  0.0    0  3.9 14 150   M    M   3 123    20 150
18  79  52  66   4   0   1 0.00  0.0    0  2.4 10 320   M    M   5 12     13 310
19  85  58  72  10   0   7 0.91  0.0    0  9.3 26 270   M    M   4 13     39 270
20  72  47  60  -2   5   0 0.00  0.0    0 13.2 28 290   M    M   1        40 290
21  73  44  59  -3   6   0 0.00  0.0    0  8.3 24 310   M    M   2        34 310
22  67  44  56  -7   9   0 0.09  0.0    0  4.2 10 110   M    M   4 1      13  30
23  81  44  63   0   2   0 0.00  0.0    0  3.5 13 350   M    M   1        16 340
24  82  47  65   2   0   0    T  0.0    0  4.1 14 210   M    M   1 3      22 220
25  83  57  70   7   0   5 2.68  0.0    0  9.0 38 320   M    M   7 1238   52 320
26  72  54  63   0   2   0 0.20  0.0    0 10.0 26 280   M    M   6 1      38 280
27  65  46  56  -8   9   0 0.01  0.0    0  7.3 22 340   M    M   7 18     27 330
28  74  41  58  -6   7   0 0.00  0.0    0  2.5 12 270   M    M   2        15 230
================================================================================
SM 2026 1325       153  18  6.87     0.0 194.4          M      124
================================================================================
AV 72.4 47.3                               6.9 FASTST   M    M   4    MAX(MPH)
                                 MISC ---->  # 38 320               # 52  320
================================================================================
NOTES:
# LAST OF SEVERAL OCCURRENCES

COLUMN 17 PEAK WIND IN M.P.H.

PRELIMINARY LOCAL CLIMATOLOGICAL DATA (WS FORM: F-6) , PAGE 2

                                          STATION:  INTERNATIONAL FLS
                                          MONTH:    JUNE
                                          YEAR:     2016
                                          LATITUDE:   48 34 N
                                          LONGITUDE:  93 23 W

[TEMPERATURE DATA]      [PRECIPITATION DATA]       SYMBOLS USED IN COLUMN 16

AVERAGE MONTHLY: 59.8   TOTAL FOR MONTH:   6.87    1 = FOG OR MIST
DPTR FM NORMAL:  -0.8   DPTR FM NORMAL:    3.23    2 = FOG REDUCING VISIBILITY
HIGHEST:    85 ON 19    GRTST 24HR  2.68 ON 25-25      TO 1/4 MILE OR LESS
LOWEST:     30 ON  8                               3 = THUNDER
                        SNOW, ICE PELLETS, HAIL    4 = ICE PELLETS
                        TOTAL MONTH:   0.0 INCH    5 = HAIL
                        GRTST 24HR     0.0         6 = FREEZING RAIN OR DRIZZLE
                        GRTST DEPTH:   0           7 = DUSTSTORM OR SANDSTORM:
                                                       VSBY 1/2 MILE OR LESS
                                                   8 = SMOKE OR HAZE
[NO. OF DAYS WITH]      [WEATHER - DAYS WITH]      9 = BLOWING SNOW
                                                   X = TORNADO
MAX 32 OR BELOW:   0    0.01 INCH OR MORE:  14
MAX 90 OR ABOVE:   0    0.10 INCH OR MORE:  10
MIN 32 OR BELOW:   1    0.50 INCH OR MORE:   5
MIN  0 OR BELOW:   0    1.00 INCH OR MORE:   1

[HDD (BASE 65) ]
TOTAL THIS MO.   153    CLEAR  (SCALE 0-3)  11
DPTR FM NORMAL    -5    PTCLDY (SCALE 4-7)  14
TOTAL FM JUL 1  8981    CLOUDY (SCALE 8-10)  3
DPTR FM NORMAL -1234

[CDD (BASE 65) ]
TOTAL THIS MO.    18
DPTR FM NORMAL   -20    [PRESSURE DATA]
TOTAL FM JAN 1    20    HIGHEST SLP M ON M
DPTR FM NORMAL   -27    LOWEST  SLP 29.60 ON  5

[REMARKS]
