000
CDUS43 KDTX 220539
CLIMBS


CLIMATE REPORT
NATIONAL WEATHER SERVICE DETROIT/PONTIAC MI
1239 AM EST MON DEC 22 2014


...................................

...THE  TRI CITIES MI CLIMATE SUMMARY FOR DECEMBER 21 2014...

CLIMATE NORMAL PERIOD 1981 TO 2010
CLIMATE RECORD PERIOD 1898 TO 2014


WEATHER ITEM   OBSERVED TIME   NORMAL DEPARTURE
                VALUE   (LST)  VALUE  FROM
                                      NORMAL
...................................................
TEMPERATURE (F)
 YESTERDAY
  MAXIMUM         35    404 PM  32      3
  MINIMUM         24   1248 AM  20      4
  AVERAGE         30            26      4

PRECIPITATION (IN)
  YESTERDAY        0.00          0.05  -0.05
  MONTH TO DATE    0.28          1.29  -1.01
  SINCE DEC 1      0.28          1.29  -1.01
  SINCE JAN 1     30.65         30.97  -0.32

SNOWFALL (IN)
  YESTERDAY        0.0
  MONTH TO DATE    0.4
  SINCE DEC 1      0.4
  SINCE JUL 1      3.3
  SNOW DEPTH       0

DEGREE DAYS
 HEATING
  YESTERDAY       35                   -4
  MONTH TO DATE  691                  -71
  SINCE DEC 1    691                  -71
  SINCE JUL 1   2187                  -48

 COOLING
  YESTERDAY        0                    0
  MONTH TO DATE    0                    0
  SINCE DEC 1      0                    0
  SINCE JAN 1    539                  -18
...................................................


WIND (MPH)
  HIGHEST WIND SPEED    13   HIGHEST WIND DIRECTION     S (160)
  HIGHEST GUST SPEED    15   HIGHEST GUST DIRECTION    SE (150)
  AVERAGE WIND SPEED     6.9




RELATIVE HUMIDITY (PERCENT)
 HIGHEST    88
 LOWEST     64
 AVERAGE    76

..........................................................


THE  TRI CITIES MI CLIMATE NORMALS FOR TODAY
                         NORMAL
 MAXIMUM TEMPERATURE (F)   32
 MINIMUM TEMPERATURE (F)   19


SUNRISE AND SUNSET
DECEMBER 22 2014......SUNRISE   807 AM EST   SUNSET   503 PM EST
DECEMBER 23 2014......SUNRISE   807 AM EST   SUNSET   504 PM EST


-  INDICATES NEGATIVE NUMBERS.
R  INDICATES RECORD WAS SET OR TIED.
MM INDICATES DATA IS MISSING.
T  INDICATES TRACE AMOUNT.




$$
