000
CDUS43 KDTX 280537
CLIMBS


CLIMATE REPORT
NATIONAL WEATHER SERVICE DETROIT/PONTIAC MI
137 AM EDT FRI APR 28 2017


...................................

...THE TRI CITIES MI CLIMATE SUMMARY FOR APRIL 27 2017...

CLIMATE NORMAL PERIOD 1981 TO 2010
CLIMATE RECORD PERIOD 1898 TO 2017


WEATHER ITEM   OBSERVED TIME   NORMAL DEPARTURE LAST
                VALUE   (LST)  VALUE  FROM      YEAR
                                      NORMAL
......................................................
TEMPERATURE (F)
 YESTERDAY
  MAXIMUM         72   1033 AM  61     11       53
  MINIMUM         46   1159 PM  40      6       33
  AVERAGE         59            51      8

PRECIPITATION (IN)
  YESTERDAY        0.02          0.10  -0.08
  MONTH TO DATE    4.86          2.58   2.28
  SINCE MAR 1      7.66          4.64   3.02
  SINCE JAN 1     12.17          7.96   4.21

SNOWFALL (IN)
  YESTERDAY        0.0
  MONTH TO DATE    T
  SINCE MAR 1      7.5
  SINCE JUL 1     37.4
  SNOW DEPTH       0

DEGREE DAYS
 HEATING
  YESTERDAY        6                   -9
  MONTH TO DATE  374                 -157
  SINCE MAR 1   1364                 -136
  SINCE JUL 1   5533                -1066

 COOLING
  YESTERDAY        0                    0
  MONTH TO DATE    4                    4
  SINCE MAR 1      4                    4
  SINCE JAN 1      4                    4
......................................................


WIND (MPH)
  HIGHEST WIND SPEED    32   HIGHEST WIND DIRECTION     W (250)
  HIGHEST GUST SPEED    41   HIGHEST GUST DIRECTION     W (250)
  AVERAGE WIND SPEED    17.9



WEATHER CONDITIONS
 THE FOLLOWING WEATHER WAS RECORDED YESTERDAY.
  THUNDERSTORM
  LIGHT RAIN


RELATIVE HUMIDITY (PERCENT)
 HIGHEST    78
 LOWEST     53
 AVERAGE    66

..........................................................


THE TRI CITIES MI CLIMATE NORMALS FOR TODAY
                         NORMAL
 MAXIMUM TEMPERATURE (F)   62
 MINIMUM TEMPERATURE (F)   40


SUNRISE AND SUNSET
APRIL 28 2017.........SUNRISE   633 AM EDT   SUNSET   835 PM EDT
APRIL 29 2017.........SUNRISE   631 AM EDT   SUNSET   836 PM EDT


-  INDICATES NEGATIVE NUMBERS.
R  INDICATES RECORD WAS SET OR TIED.
MM INDICATES DATA IS MISSING.
T  INDICATES TRACE AMOUNT.




$$
