000
CDUS43 KDTX 300535
CLIMBS


CLIMATE REPORT
NATIONAL WEATHER SERVICE DETROIT/PONTIAC MI
135 AM EDT FRI SEP 30 2016


...................................

...THE TRI CITIES MI CLIMATE SUMMARY FOR SEPTEMBER 29 2016...

CLIMATE NORMAL PERIOD 1981 TO 2010
CLIMATE RECORD PERIOD 1898 TO 2016


WEATHER ITEM   OBSERVED TIME   NORMAL DEPARTURE LAST
                VALUE   (LST)  VALUE  FROM      YEAR
                                      NORMAL
......................................................
TEMPERATURE (F)
 YESTERDAY
  MAXIMUM         64   1021 AM  67     -3       71
  MINIMUM         58   1159 PM  46     12       50
  AVERAGE         61            56      5

PRECIPITATION (IN)
  YESTERDAY        T             0.12  -0.12
  MONTH TO DATE    2.48          3.72  -1.24
  SINCE SEP 1      2.48          3.72  -1.24
  SINCE JAN 1     25.40         24.24   1.16

SNOWFALL (IN)
  YESTERDAY        0.0
  MONTH TO DATE    0.0
  SINCE SEP 1      0.0
  SINCE JUL 1      0.0
  SNOW DEPTH       0

DEGREE DAYS
 HEATING
  YESTERDAY        4                   -6
  MONTH TO DATE   53                  -96
  SINCE SEP 1     53                  -96
  SINCE JUL 1     55                 -134

 COOLING
  YESTERDAY        0                   -1
  MONTH TO DATE   82                   33
  SINCE SEP 1     82                   33
  SINCE JAN 1    830                  277
......................................................


WIND (MPH)
  HIGHEST WIND SPEED    24   HIGHEST WIND DIRECTION    NE (30)
  HIGHEST GUST SPEED    31   HIGHEST GUST DIRECTION    NE (60)
  AVERAGE WIND SPEED    15.9



WEATHER CONDITIONS
 THE FOLLOWING WEATHER WAS RECORDED YESTERDAY.
  LIGHT RAIN
  FOG


RELATIVE HUMIDITY (PERCENT)
 HIGHEST    93
 LOWEST     72
 AVERAGE    83

..........................................................


THE TRI CITIES MI CLIMATE NORMALS FOR TODAY
                         NORMAL
 MAXIMUM TEMPERATURE (F)   66
 MINIMUM TEMPERATURE (F)   45


SUNRISE AND SUNSET
SEPTEMBER 30 2016.....SUNRISE   733 AM EDT   SUNSET   718 PM EDT
OCTOBER  1 2016.......SUNRISE   734 AM EDT   SUNSET   716 PM EDT


-  INDICATES NEGATIVE NUMBERS.
R  INDICATES RECORD WAS SET OR TIED.
MM INDICATES DATA IS MISSING.
T  INDICATES TRACE AMOUNT.




$$
