000
CDUS43 KDTX 242028
CLIMBS


CLIMATE REPORT
NATIONAL WEATHER SERVICE DETROIT/PONTIAC MI
428 PM EDT SAT JUN 24 2017


...................................

...THE TRI CITIES MI CLIMATE SUMMARY FOR JUNE 24 2017...
VALID TODAY AS OF 0400 PM LOCAL TIME.

CLIMATE NORMAL PERIOD 1981 TO 2010
CLIMATE RECORD PERIOD 1898 TO 2017


WEATHER ITEM   OBSERVED TIME   NORMAL DEPARTURE LAST
                VALUE   (LST)  VALUE  FROM      YEAR
                                      NORMAL
......................................................
TEMPERATURE (F)
 TODAY
  MAXIMUM         74   1224 PM  80     -6       82
  MINIMUM         57    418 AM  59     -2       53
  AVERAGE         66            70     -4       68

PRECIPITATION (IN)
  TODAY            0.01          0.10  -0.09     0.00
  MONTH TO DATE    9.58          2.38   7.20     1.75
  SINCE JUN 1      9.58          2.38   7.20     1.75
  SINCE JAN 1     24.84         14.03  10.81    13.59

SNOWFALL (IN)
  TODAY            0.0           0.0    0.0      0.0
  MONTH TO DATE    0.0           0.0    0.0      0.0
  SINCE JUN 1      0.0           0.0    0.0      0.0
  SINCE JUL 1     37.4          41.5   -4.1     50.2
  SNOW DEPTH       0

DEGREE DAYS
 HEATING
  TODAY            0             1     -1        0
  MONTH TO DATE   17            54    -37       23
  SINCE JUN 1     17            54    -37       23
  SINCE JUL 1   5869          6965  -1096     5670

 COOLING
  TODAY            1             5     -4        3
  MONTH TO DATE  133            88     45      100
  SINCE JUN 1    133            88     45      100
  SINCE JAN 1    159           124     35      178
......................................................


WIND (MPH)
  HIGHEST WIND SPEED    22   HIGHEST WIND DIRECTION     W (250)
  HIGHEST GUST SPEED    27   HIGHEST GUST DIRECTION     W (250)
  AVERAGE WIND SPEED     8.4


SKY COVER
  AVERAGE SKY COVER 0.4


WEATHER CONDITIONS
 THE FOLLOWING WEATHER WAS RECORDED TODAY.
  THUNDERSTORM
  LIGHT RAIN


..........................................................


THE TRI CITIES MI CLIMATE NORMALS FOR TOMORROW
                         NORMAL
 MAXIMUM TEMPERATURE (F)   81
 MINIMUM TEMPERATURE (F)   59


SUNRISE AND SUNSET
JUNE 24 2017..........SUNRISE   556 AM EDT   SUNSET   921 PM EDT
JUNE 25 2017..........SUNRISE   557 AM EDT   SUNSET   922 PM EDT


-  INDICATES NEGATIVE NUMBERS.
R  INDICATES RECORD WAS SET OR TIED.
MM INDICATES DATA IS MISSING.
T  INDICATES TRACE AMOUNT.




$$
