000
CDUS43 KDTX 250536
CLIMBS


CLIMATE REPORT
NATIONAL WEATHER SERVICE DETROIT/PONTIAC MI
136 AM EDT FRI JUL 25 2014


...................................

...THE  TRI CITIES MI CLIMATE SUMMARY FOR JULY 24 2014...

CLIMATE NORMAL PERIOD 1981 TO 2010
CLIMATE RECORD PERIOD 1898 TO 2014


WEATHER ITEM   OBSERVED TIME   NORMAL DEPARTURE
                VALUE   (LST)  VALUE  FROM
                                      NORMAL
...................................................
TEMPERATURE (F)
 YESTERDAY
  MAXIMUM         76    406 PM  82     -6
  MINIMUM         53    544 AM  60     -7
  AVERAGE         65            71     -6

PRECIPITATION (IN)
  YESTERDAY        0.00          0.08  -0.08
  MONTH TO DATE    2.96          1.97   0.99
  SINCE JUN 1      5.33          4.95   0.38
  SINCE JAN 1     16.92         16.60   0.32

SNOWFALL (IN)
  YESTERDAY        0.0
  MONTH TO DATE    0.0
  SINCE JUN 1      0.0
  SINCE JUL 1      0.0
  SNOW DEPTH       0

DEGREE DAYS
 HEATING
  YESTERDAY        0                    0
  MONTH TO DATE   10                    8
  SINCE JUN 1     24                  -37
  SINCE JUL 1     10                    8

 COOLING
  YESTERDAY        0                   -6
  MONTH TO DATE  108                  -50
  SINCE JUN 1    269                  -13
  SINCE JAN 1    313                   -5
...................................................


WIND (MPH)
  HIGHEST WIND SPEED    13   HIGHEST WIND DIRECTION     W (250)
  HIGHEST GUST SPEED    18   HIGHEST GUST DIRECTION    NW (310)
  AVERAGE WIND SPEED     4.8




RELATIVE HUMIDITY (PERCENT)
 HIGHEST    83
 LOWEST     38
 AVERAGE    61

..........................................................


THE  TRI CITIES MI CLIMATE NORMALS FOR TODAY
                         NORMAL
 MAXIMUM TEMPERATURE (F)   82
 MINIMUM TEMPERATURE (F)   60


SUNRISE AND SUNSET
JULY 25 2014..........SUNRISE   618 AM EDT   SUNSET   907 PM EDT
JULY 26 2014..........SUNRISE   619 AM EDT   SUNSET   906 PM EDT


-  INDICATES NEGATIVE NUMBERS.
R  INDICATES RECORD WAS SET OR TIED.
MM INDICATES DATA IS MISSING.
T  INDICATES TRACE AMOUNT.




$$
