000
CDUS43 KDTX 080540
CLIMBS


CLIMATE REPORT
NATIONAL WEATHER SERVICE DETROIT/PONTIAC MI
1240 AM EST MON FEB 8 2016


...................................

...THE TRI CITIES MI CLIMATE SUMMARY FOR FEBRUARY 7 2016...

CLIMATE NORMAL PERIOD 1981 TO 2010
CLIMATE RECORD PERIOD 1898 TO 2016


WEATHER ITEM   OBSERVED TIME   NORMAL DEPARTURE LAST
                VALUE   (LST)  VALUE  FROM      YEAR
                                      NORMAL
......................................................
TEMPERATURE (F)
 YESTERDAY
  MAXIMUM         47    407 PM  30     17       33
  MINIMUM         32    246 AM  16     16       26
  AVERAGE         40            23     17

PRECIPITATION (IN)
  YESTERDAY        T             0.05  -0.05
  MONTH TO DATE    0.60          0.31   0.29
  SINCE DEC 1      5.74          3.88   1.86
  SINCE JAN 1      2.64          2.02   0.62

SNOWFALL (IN)
  YESTERDAY        0.0
  MONTH TO DATE    0.3
  SINCE DEC 1     12.6
  SINCE JUL 1     16.1
  SNOW DEPTH       0

DEGREE DAYS
 HEATING
  YESTERDAY       25                  -17
  MONTH TO DATE  217                  -81
  SINCE DEC 1   2191                 -599
  SINCE JUL 1   3202                -1061

 COOLING
  YESTERDAY        0                    0
  MONTH TO DATE    0                    0
  SINCE DEC 1      0                    0
  SINCE JAN 1      0                    0
......................................................


WIND (MPH)
  HIGHEST WIND SPEED    18   HIGHEST WIND DIRECTION    SW (220)
  HIGHEST GUST SPEED    23   HIGHEST GUST DIRECTION    SW (230)
  AVERAGE WIND SPEED     9.2



WEATHER CONDITIONS
 THE FOLLOWING WEATHER WAS RECORDED YESTERDAY.
  LIGHT RAIN
  HAZE


RELATIVE HUMIDITY (PERCENT)
 HIGHEST    82
 LOWEST     53
 AVERAGE    68

..........................................................


THE TRI CITIES MI CLIMATE NORMALS FOR TODAY
                         NORMAL
 MAXIMUM TEMPERATURE (F)   30
 MINIMUM TEMPERATURE (F)   16


SUNRISE AND SUNSET
FEBRUARY  8 2016......SUNRISE   745 AM EST   SUNSET   557 PM EST
FEBRUARY  9 2016......SUNRISE   744 AM EST   SUNSET   558 PM EST


-  INDICATES NEGATIVE NUMBERS.
R  INDICATES RECORD WAS SET OR TIED.
MM INDICATES DATA IS MISSING.
T  INDICATES TRACE AMOUNT.




$$
