000
CDUS43 KDTX 222132
CLIMBS


CLIMATE REPORT
NATIONAL WEATHER SERVICE DETROIT/PONTIAC MI
431 PM EST THU FEB 22 2018


...................................

...THE TRI CITIES MI CLIMATE SUMMARY FOR FEBRUARY 22 2018...
VALID TODAY AS OF 0400 PM LOCAL TIME.

CLIMATE NORMAL PERIOD 1981 TO 2010
CLIMATE RECORD PERIOD 1898 TO 2018


WEATHER ITEM   OBSERVED TIME   NORMAL DEPARTURE LAST
                VALUE   (LST)  VALUE  FROM      YEAR
                                      NORMAL
......................................................
TEMPERATURE (F)
 TODAY
  MAXIMUM         35    359 PM  34      1       64
  MINIMUM         29    912 AM  19     10       41
  AVERAGE         32            26      6       53

PRECIPITATION (IN)
  TODAY            0.00          0.07  -0.07     0.00
  MONTH TO DATE    2.54          1.18   1.36     0.59
  SINCE DEC 1      4.81          4.75   0.06     4.50
  SINCE JAN 1      3.78          2.89   0.89     3.13

SNOWFALL (IN)
  TODAY            0.0           0.3   -0.3      0.0
  MONTH TO DATE   13.5           6.7    6.8      1.9
  SINCE DEC 1     31.1          27.6    3.5     28.3
  SINCE JUL 1     31.1          31.5   -0.4     29.9
  SNOW DEPTH       0

DEGREE DAYS
 HEATING
  TODAY           33            39     -6       12
  MONTH TO DATE  910           906      4      714
  SINCE DEC 1   3484          3398     86     3023
  SINCE JUL 1   4715          4871   -156     4011

 COOLING
  TODAY            0             0      0        0
  MONTH TO DATE    0             0      0        0
  SINCE DEC 1      0             0      0        0
  SINCE JAN 1      0             0      0        0
......................................................


WIND (MPH)
  HIGHEST WIND SPEED    17   HIGHEST WIND DIRECTION    NE (40)
  HIGHEST GUST SPEED    21   HIGHEST GUST DIRECTION    NE (40)
  AVERAGE WIND SPEED    10.8


SKY COVER
  AVERAGE SKY COVER 0.5


WEATHER CONDITIONS
 THE FOLLOWING WEATHER WAS RECORDED TODAY.
  NO SIGNIFICANT WEATHER WAS OBSERVED.


..........................................................


THE TRI CITIES MI CLIMATE NORMALS FOR TOMORROW
                         NORMAL
 MAXIMUM TEMPERATURE (F)   34
 MINIMUM TEMPERATURE (F)   19


SUNRISE AND SUNSET
FEBRUARY 22 2018......SUNRISE   724 AM EST   SUNSET   616 PM EST
FEBRUARY 23 2018......SUNRISE   722 AM EST   SUNSET   617 PM EST


-  INDICATES NEGATIVE NUMBERS.
R  INDICATES RECORD WAS SET OR TIED.
MM INDICATES DATA IS MISSING.
T  INDICATES TRACE AMOUNT.




$$
