000
CDUS44 KFWD 200637
CLIDFW

CLIMATE REPORT
NATIONAL WEATHER SERVICE FORT WORTH TX
136 AM CDT MON OCT 20 2014


...................................

...THE DALLAS FORT WORTH CLIMATE SUMMARY FOR OCTOBER 19 2014...

CLIMATE NORMAL PERIOD 1981 TO 2010
CLIMATE RECORD PERIOD 1898 TO 2014


WEATHER ITEM   OBSERVED TIME   RECORD YEAR NORMAL DEPARTURE LAST
                VALUE   (LST)  VALUE       VALUE  FROM      YEAR
                                                  NORMAL
..................................................................
TEMPERATURE (F)
 YESTERDAY
  MAXIMUM         76    433 PM  94    1921  77     -1       66
  MINIMUM         58    626 AM  38    1989  56      2       43
  AVERAGE         67                        67      0       55

PRECIPITATION (IN)
  YESTERDAY        0.00          2.64 1971   0.16  -0.16      T
  MONTH TO DATE    2.08                      2.42  -0.34     1.77
  SINCE SEP 1      2.14                      4.97  -2.83     4.49
  SINCE JAN 1     18.05                     29.08 -11.03    23.16

SNOWFALL (IN)
  YESTERDAY        0.0           0.0    MM   0.0    0.0      0.0
  MONTH TO DATE    0.0                       0.0    0.0      0.0
  SINCE SEP 1      0.0                       0.0    0.0      0.0
  SINCE JUL 1      0.0                       0.0    0.0      0.0
  SNOW DEPTH       0

DEGREE DAYS
 HEATING
  YESTERDAY        0                         2     -2       10
  MONTH TO DATE    4                        25    -21       25
  SINCE SEP 1      5                        31    -26       25
  SINCE JUL 1      5                        31    -26       25

 COOLING
  YESTERDAY        2                         4     -2        0
  MONTH TO DATE  156                       109     47      133
  SINCE SEP 1    621                       504    117      665
  SINCE JAN 1   2877                      2686    191     2893
..................................................................


WIND (MPH)
  HIGHEST WIND SPEED    18   HIGHEST WIND DIRECTION    SE (130)
  HIGHEST GUST SPEED    21   HIGHEST GUST DIRECTION    SE (130)
  AVERAGE WIND SPEED     6.1


SKY COVER
  POSSIBLE SUNSHINE  MM
  AVERAGE SKY COVER 0.4


WEATHER CONDITIONS
 THE FOLLOWING WEATHER WAS RECORDED YESTERDAY.
  NO SIGNIFICANT WEATHER WAS OBSERVED.


RELATIVE HUMIDITY (PERCENT)
 HIGHEST    78           200 AM
 LOWEST     49           100 PM
 AVERAGE    64

..........................................................


THE DALLAS FORT WORTH CLIMATE NORMALS FOR TODAY
                         NORMAL    RECORD    YEAR
 MAXIMUM TEMPERATURE (F)   77        95      1934
 MINIMUM TEMPERATURE (F)   56        33      1989


SUNRISE AND SUNSET
OCTOBER 20 2014.......SUNRISE   736 AM CDT   SUNSET   649 PM CDT
OCTOBER 21 2014.......SUNRISE   737 AM CDT   SUNSET   648 PM CDT


-  INDICATES NEGATIVE NUMBERS.
R  INDICATES RECORD WAS SET OR TIED.
MM INDICATES DATA IS MISSING.
T  INDICATES TRACE AMOUNT.




$$
