000
CDUS44 KFWD 290646
CLIDFW


CLIMATE REPORT
NATIONAL WEATHER SERVICE FORT WORTH TX
146 AM CDT WED MAR 29 2017


...................................

...THE DALLAS FORT WORTH CLIMATE SUMMARY FOR MARCH 28 2017...

CLIMATE NORMAL PERIOD 1981 TO 2010
CLIMATE RECORD PERIOD 1898 TO 2017


WEATHER ITEM   OBSERVED TIME   RECORD YEAR NORMAL DEPARTURE LAST
                VALUE   (LST)  VALUE       VALUE  FROM      YEAR
                                                  NORMAL
..................................................................
TEMPERATURE (F)
 YESTERDAY
  MAXIMUM         82    612 PM  90    1928  72     10       70
  MINIMUM         59   1205 AM  25    1899  50      9       43
  AVERAGE         71                        61     10       57

PRECIPITATION (IN)
  YESTERDAY        T             2.64 1989   0.10  -0.10     0.00
  MONTH TO DATE    0.51                      3.17  -2.66     2.51
  SINCE MAR 1      0.51                      3.17  -2.66     2.51
  SINCE JAN 1      7.23                      7.96  -0.73     5.75

SNOWFALL (IN)
  YESTERDAY        0.0           0.0    MM   0.0    0.0      0.0
  MONTH TO DATE    0.0                       0.2   -0.2      0.0
  SINCE MAR 1      0.0                       0.2   -0.2      0.0
  SINCE JUL 1      0.1                       1.6   -1.5       T
  SNOW DEPTH       0

DEGREE DAYS
 HEATING
  YESTERDAY        0                         6     -6        8
  MONTH TO DATE   93                       245   -152      141
  SINCE MAR 1     93                       245   -152      141
  SINCE JUL 1   1281                      2177   -896     1552

 COOLING
  YESTERDAY        6                         2      4        0
  MONTH TO DATE  110                        29     81       22
  SINCE MAR 1    110                        29     81       22
  SINCE JAN 1    178                        36    142       33
..................................................................


WIND (MPH)
  HIGHEST WIND SPEED    28   HIGHEST WIND DIRECTION    SE (150)
  HIGHEST GUST SPEED    34   HIGHEST GUST DIRECTION    SE (150)
  AVERAGE WIND SPEED    13.1


SKY COVER
  POSSIBLE SUNSHINE  MM
  AVERAGE SKY COVER 0.8


WEATHER CONDITIONS
 THE FOLLOWING WEATHER WAS RECORDED YESTERDAY.
  LIGHT RAIN
  FOG
  HAZE


RELATIVE HUMIDITY (PERCENT)
 HIGHEST    84          1200 AM
 LOWEST     54           700 PM
 AVERAGE    69

..........................................................


THE DALLAS FORT WORTH CLIMATE NORMALS FOR TODAY
                         NORMAL    RECORD    YEAR
 MAXIMUM TEMPERATURE (F)   72        88      1967
                                             1946
 MINIMUM TEMPERATURE (F)   50        28      1944


SUNRISE AND SUNSET
MARCH 29 2017.........SUNRISE   720 AM CDT   SUNSET   746 PM CDT
MARCH 30 2017.........SUNRISE   718 AM CDT   SUNSET   747 PM CDT


-  INDICATES NEGATIVE NUMBERS.
R  INDICATES RECORD WAS SET OR TIED.
MM INDICATES DATA IS MISSING.
T  INDICATES TRACE AMOUNT.




$$
