000
CDUS44 KFWD 192122
CLIDFW


CLIMATE REPORT
NATIONAL WEATHER SERVICE FORT WORTH TX
422 PM CDT SAT AUG 19 2017


...................................

...THE DALLAS FORT WORTH CLIMATE SUMMARY FOR AUGUST 19 2017...
VALID AS OF 0400 PM LOCAL TIME.

CLIMATE NORMAL PERIOD 1981 TO 2010
CLIMATE RECORD PERIOD 1898 TO 2017


WEATHER ITEM   OBSERVED TIME   RECORD YEAR NORMAL DEPARTURE LAST
                VALUE   (LST)  VALUE       VALUE  FROM      YEAR
                                                  NORMAL
..................................................................
TEMPERATURE (F)
 TODAY
  MAXIMUM        100    249 PM 107    2011  96      4       86
  MINIMUM         78    632 AM  62    1940  75      3       70
  AVERAGE         89

PRECIPITATION (IN)
  TODAY            0.00          2.89 1983   0.06  -0.06     2.10
  MONTH TO DATE    3.38                      1.03   2.35     3.11
  SINCE JUN 1     15.94                      6.98   8.96    10.60
  SINCE JAN 1     27.80                     23.23   4.57    27.36

..................................................................


WIND (MPH)
  HIGHEST WIND SPEED    13   HIGHEST WIND DIRECTION     W (260)
  HIGHEST GUST SPEED    18   HIGHEST GUST DIRECTION     W (260)
  AVERAGE WIND SPEED     6.3




..........................................................


THE DALLAS FORT WORTH CLIMATE NORMALS FOR TOMORROW
                         NORMAL    RECORD    YEAR
 MAXIMUM TEMPERATURE (F)   96       107      2011
 MINIMUM TEMPERATURE (F)   75        58      1940


SUNRISE AND SUNSET
AUGUST 19 2017........SUNRISE   654 AM CDT   SUNSET   808 PM CDT
AUGUST 20 2017........SUNRISE   655 AM CDT   SUNSET   807 PM CDT


-  INDICATES NEGATIVE NUMBERS.
R  INDICATES RECORD WAS SET OR TIED.
MM INDICATES DATA IS MISSING.
T  INDICATES TRACE AMOUNT.




$$
