000
CDUS44 KFWD 290643
CLIDFW


CLIMATE REPORT
NATIONAL WEATHER SERVICE FORT WORTH TX
143 AM CDT SAT AUG 29 2015


...................................

...THE DALLAS FORT WORTH CLIMATE SUMMARY FOR AUGUST 28 2015...

CLIMATE NORMAL PERIOD 1981 TO 2010
CLIMATE RECORD PERIOD 1898 TO 2015


WEATHER ITEM   OBSERVED TIME   RECORD YEAR NORMAL DEPARTURE LAST
                VALUE   (LST)  VALUE       VALUE  FROM      YEAR
                                                  NORMAL
..................................................................
TEMPERATURE (F)
 YESTERDAY
  MAXIMUM         97    400 PM 108    1901  94      3       96
  MINIMUM         72    635 AM  56    1906  74     -2       74
  AVERAGE         85                        84      1       85

PRECIPITATION (IN)
  YESTERDAY        0.00          4.28 1946   0.08  -0.08     0.00
  MONTH TO DATE    0.46                      1.66  -1.20     3.94
  SINCE JUN 1      5.33                      7.61  -2.28     8.18
  SINCE JAN 1     36.96                     23.86  13.10    15.51

DEGREE DAYS
 HEATING
  YESTERDAY        0                         0      0        0
  MONTH TO DATE    0                         0      0        0
  SINCE JUN 1      0                         0      0        0
  SINCE JUL 1      0                         0      0        0

 COOLING
  YESTERDAY       20                        19      1       20
  MONTH TO DATE  636                       577     59      605
  SINCE JUN 1   1850                      1699    151     1721
  SINCE JAN 1   2169                      2121     48     2197
..................................................................


WIND (MPH)
  HIGHEST WIND SPEED    17   HIGHEST WIND DIRECTION    SE (130)
  HIGHEST GUST SPEED    20   HIGHEST GUST DIRECTION    SE (150)
  AVERAGE WIND SPEED     9.4


SKY COVER
  POSSIBLE SUNSHINE  MM
  AVERAGE SKY COVER 0.4


WEATHER CONDITIONS
 THE FOLLOWING WEATHER WAS RECORDED YESTERDAY.
  NO SIGNIFICANT WEATHER WAS OBSERVED.


RELATIVE HUMIDITY (PERCENT)
 HIGHEST    73           600 AM
 LOWEST     30           300 PM
 AVERAGE    52

..........................................................


THE DALLAS FORT WORTH CLIMATE NORMALS FOR TODAY
                         NORMAL    RECORD    YEAR
 MAXIMUM TEMPERATURE (F)   94       105      1951
                                             1943
 MINIMUM TEMPERATURE (F)   73        60      1992


SUNRISE AND SUNSET
AUGUST 29 2015........SUNRISE   701 AM CDT   SUNSET   757 PM CDT
AUGUST 30 2015........SUNRISE   701 AM CDT   SUNSET   756 PM CDT


-  INDICATES NEGATIVE NUMBERS.
R  INDICATES RECORD WAS SET OR TIED.
MM INDICATES DATA IS MISSING.
T  INDICATES TRACE AMOUNT.




$$
