000
CDUS44 KFWD 180639
CLIDFW


CLIMATE REPORT
NATIONAL WEATHER SERVICE FORT WORTH TX
1239 AM CST MON DEC 18 2017


...................................

...THE DALLAS FORT WORTH CLIMATE SUMMARY FOR DECEMBER 17 2017...

CLIMATE NORMAL PERIOD 1981 TO 2010
CLIMATE RECORD PERIOD 1898 TO 2017


WEATHER ITEM   OBSERVED TIME   RECORD YEAR NORMAL DEPARTURE LAST
                VALUE   (LST)  VALUE       VALUE  FROM      YEAR
                                                  NORMAL
..................................................................
TEMPERATURE (F)
 YESTERDAY
  MAXIMUM         53    400 PM  81    1908  56     -3       73
  MINIMUM         45    723 AM  14    1932  37      8       22
  AVERAGE         49                        46      3       48

PRECIPITATION (IN)
  YESTERDAY        T             1.91 1984   0.08  -0.08      T
  MONTH TO DATE    1.02                      1.44  -0.42     0.55
  SINCE DEC 1      1.02                      1.44  -0.42     0.55
  SINCE JAN 1     33.08                     35.03  -1.95    35.43

SNOWFALL (IN)
  YESTERDAY        0.0           T    2016   0.0    0.0       T
                                      1996
                                      1914
  MONTH TO DATE    0.0                       0.1   -0.1       T
  SINCE DEC 1      0.0                       0.1   -0.1       T
  SINCE JUL 1      0.0                       0.1   -0.1       T
  SNOW DEPTH       0

DEGREE DAYS
 HEATING
  YESTERDAY       16                        19     -3       17
  MONTH TO DATE  205                       287    -82      301
  SINCE DEC 1    205                       287    -82      301
  SINCE JUL 1    408                       641   -233      403

 COOLING
  YESTERDAY        0                         0      0        0
  MONTH TO DATE   12                         0     12        0
  SINCE DEC 1     12                         0     12        0
  SINCE JAN 1   3271                      2752    519     3207
..................................................................


WIND (MPH)
  HIGHEST WIND SPEED    14   HIGHEST WIND DIRECTION     S (200)
  HIGHEST GUST SPEED    17   HIGHEST GUST DIRECTION     S (200)
  AVERAGE WIND SPEED     6.3


SKY COVER
  POSSIBLE SUNSHINE  MM
  AVERAGE SKY COVER 0.9


WEATHER CONDITIONS
 THE FOLLOWING WEATHER WAS RECORDED YESTERDAY.
  LIGHT RAIN
  FOG


RELATIVE HUMIDITY (PERCENT)
 HIGHEST    93           200 AM
 LOWEST     77           500 PM
 AVERAGE    85

..........................................................


THE DALLAS FORT WORTH CLIMATE NORMALS FOR TODAY
                         NORMAL    RECORD    YEAR
 MAXIMUM TEMPERATURE (F)   56        81      1980
                                             1977
 MINIMUM TEMPERATURE (F)   36        15      1964


SUNRISE AND SUNSET
DECEMBER 18 2017......SUNRISE   725 AM CST   SUNSET   524 PM CST
DECEMBER 19 2017......SUNRISE   726 AM CST   SUNSET   525 PM CST


-  INDICATES NEGATIVE NUMBERS.
R  INDICATES RECORD WAS SET OR TIED.
MM INDICATES DATA IS MISSING.
T  INDICATES TRACE AMOUNT.




$$
