000
CDUS44 KFWD 280637
CLIDFW


CLIMATE REPORT
NATIONAL WEATHER SERVICE FORT WORTH TX
136 AM CDT SAT MAR 28 2015


...................................

...THE DALLAS FORT WORTH CLIMATE SUMMARY FOR MARCH 27 2015...

CLIMATE NORMAL PERIOD 1981 TO 2010
CLIMATE RECORD PERIOD 1898 TO 2015


WEATHER ITEM   OBSERVED TIME   RECORD YEAR NORMAL DEPARTURE LAST
                VALUE   (LST)  VALUE       VALUE  FROM      YEAR
                                                  NORMAL
..................................................................
TEMPERATURE (F)
 YESTERDAY
  MAXIMUM         70    126 PM  96    1956  72     -2       82
  MINIMUM         43    505 AM  23    1955  50     -7       58
  AVERAGE         57                        61     -4       70

PRECIPITATION (IN)
  YESTERDAY        0.00          3.89 1977   0.11  -0.11     0.02
  MONTH TO DATE    2.53                      3.07  -0.54     1.45
  SINCE MAR 1      2.53                      3.07  -0.54     1.45
  SINCE JAN 1      9.11                      7.86   1.25     2.19

SNOWFALL (IN)
  YESTERDAY        0.0           0.0    MM   0.0    0.0      0.0
  MONTH TO DATE    3.5                       0.2    3.3      0.1
  SINCE MAR 1      3.5                       0.2    3.3      0.1
  SINCE JUL 1      5.8                       1.2    4.6      2.9
  SNOW DEPTH       0

DEGREE DAYS
 HEATING
  YESTERDAY        8                         6      2        0
  MONTH TO DATE  299                       239     60      315
  SINCE MAR 1    299                       239     60      315
  SINCE JUL 1   2335                      2171    164     2488

 COOLING
  YESTERDAY        0                         2     -2        5
  MONTH TO DATE   21                        27     -6       16
  SINCE MAR 1     21                        27     -6       16
  SINCE JAN 1     21                        34    -13       16
..................................................................


WIND (MPH)
  HIGHEST WIND SPEED    18   HIGHEST WIND DIRECTION     N (20)
  HIGHEST GUST SPEED    24   HIGHEST GUST DIRECTION     N (20)
  AVERAGE WIND SPEED     8.8


SKY COVER
  POSSIBLE SUNSHINE  MM
  AVERAGE SKY COVER 0.5


WEATHER CONDITIONS
 THE FOLLOWING WEATHER WAS RECORDED YESTERDAY.
  NO SIGNIFICANT WEATHER WAS OBSERVED.


RELATIVE HUMIDITY (PERCENT)
 HIGHEST    71           700 AM
 LOWEST     32          1200 PM
 AVERAGE    52

..........................................................


THE DALLAS FORT WORTH CLIMATE NORMALS FOR TODAY
                         NORMAL    RECORD    YEAR
 MAXIMUM TEMPERATURE (F)   72        90      1928
 MINIMUM TEMPERATURE (F)   50        25      1899


SUNRISE AND SUNSET
MARCH 28 2015.........SUNRISE   722 AM CDT   SUNSET   745 PM CDT
MARCH 29 2015.........SUNRISE   720 AM CDT   SUNSET   746 PM CDT


-  INDICATES NEGATIVE NUMBERS.
R  INDICATES RECORD WAS SET OR TIED.
MM INDICATES DATA IS MISSING.
T  INDICATES TRACE AMOUNT.




$$
