000
CDUS44 KFWD 220641
CLIDFW


CLIMATE REPORT
NATIONAL WEATHER SERVICE FORT WORTH TX
140 AM CDT SUN OCT 22 2017


...................................

...THE DALLAS FORT WORTH CLIMATE SUMMARY FOR OCTOBER 21 2017...

CLIMATE NORMAL PERIOD 1981 TO 2010
CLIMATE RECORD PERIOD 1898 TO 2017


WEATHER ITEM   OBSERVED TIME   RECORD YEAR NORMAL DEPARTURE LAST
                VALUE   (LST)  VALUE       VALUE  FROM      YEAR
                                                  NORMAL
..................................................................
TEMPERATURE (F)
 YESTERDAY
  MAXIMUM         90    248 PM  94    1979  77     13       74
                                      1939
  MINIMUM         63   1159 PM  36    1917  55      8       53
                                      1898
  AVERAGE         77                        66     11       64

PRECIPITATION (IN)
  YESTERDAY        0.32          2.42 2009   0.17   0.15     0.00
  MONTH TO DATE    0.87                      2.75  -1.88     2.01
  SINCE SEP 1      1.34                      5.30  -3.96     2.99
  SINCE JAN 1     30.00                     29.41   0.59    31.66

SNOWFALL (IN)
  YESTERDAY        0.0           0.0    MM   0.0    0.0      0.0
  MONTH TO DATE    0.0                       0.0    0.0      0.0
  SINCE SEP 1      0.0                       0.0    0.0      0.0
  SINCE JUL 1      0.0                       0.0    0.0      0.0
  SNOW DEPTH       0

DEGREE DAYS
 HEATING
  YESTERDAY        0                         3     -3        1
  MONTH TO DATE    7                        30    -23        1
  SINCE SEP 1      7                        36    -29        1
  SINCE JUL 1      7                        36    -29        1

 COOLING
  YESTERDAY       12                         4      8        0
  MONTH TO DATE  203                       117     86      206
  SINCE SEP 1    679                       512    167      707
  SINCE JAN 1   3180                      2694    486     3058
..................................................................


WIND (MPH)
  HIGHEST WIND SPEED    31   HIGHEST WIND DIRECTION    NW (320)
  HIGHEST GUST SPEED    37   HIGHEST GUST DIRECTION    NW (320)
  AVERAGE WIND SPEED    15.2


SKY COVER
  POSSIBLE SUNSHINE  MM
  AVERAGE SKY COVER 0.8


WEATHER CONDITIONS
 THE FOLLOWING WEATHER WAS RECORDED YESTERDAY.
  THUNDERSTORM
  HEAVY RAIN
  RAIN
  LIGHT RAIN
  FOG


RELATIVE HUMIDITY (PERCENT)
 HIGHEST    90           600 AM
 LOWEST     43           500 PM
 AVERAGE    67

..........................................................


THE DALLAS FORT WORTH CLIMATE NORMALS FOR TODAY
                         NORMAL    RECORD    YEAR
 MAXIMUM TEMPERATURE (F)   77        94      1939
 MINIMUM TEMPERATURE (F)   55        31      1898


SUNRISE AND SUNSET
OCTOBER 22 2017.......SUNRISE   738 AM CDT   SUNSET   647 PM CDT
OCTOBER 23 2017.......SUNRISE   739 AM CDT   SUNSET   646 PM CDT


-  INDICATES NEGATIVE NUMBERS.
R  INDICATES RECORD WAS SET OR TIED.
MM INDICATES DATA IS MISSING.
T  INDICATES TRACE AMOUNT.




$$
