000
CDUS44 KFWD 010643
CLIDFW

CLIMATE REPORT
NATIONAL WEATHER SERVICE FORT WORTH TX
143 AM CDT WED OCT 1 2014

...................................

...THE DALLAS FORT WORTH CLIMATE SUMMARY FOR SEPTEMBER 30 2014...

CLIMATE NORMAL PERIOD 1981 TO 2010
CLIMATE RECORD PERIOD 1898 TO 2014


WEATHER ITEM   OBSERVED TIME   RECORD YEAR NORMAL DEPARTURE LAST
                VALUE   (LST)  VALUE       VALUE  FROM      YEAR
                                                  NORMAL
..................................................................
TEMPERATURE (F)
 YESTERDAY
  MAXIMUM         92    200 PM  98    1977  83      9       87
                                      1953
  MINIMUM         70    645 AM  43    1984  62      8       60
  AVERAGE         81                        73      8       74

PRECIPITATION (IN)
  YESTERDAY        0.00          1.87 1903   0.07  -0.07     0.00
  MONTH TO DATE    0.06                      2.55  -2.49     2.72
  SINCE SEP 1      0.06                      2.55  -2.49     2.72
  SINCE JAN 1     15.97                     26.66 -10.69    21.39

DEGREE DAYS
 HEATING
  YESTERDAY        0                         1     -1        0
  MONTH TO DATE    1                         4     -3        0
  SINCE SEP 1      1                         6     -5        0
  SINCE JUL 1      1                         6     -5        0

 COOLING
  YESTERDAY       16                         8      8        9
  MONTH TO DATE  465                       395     70      532
  SINCE SEP 1    465                       395     70      532
  SINCE JAN 1   2721                      2577    144     2760
..................................................................

WIND (MPH)
  HIGHEST WIND SPEED    16   HIGHEST WIND DIRECTION     S (160)
  HIGHEST GUST SPEED    21   HIGHEST GUST DIRECTION    SE (130)
  AVERAGE WIND SPEED     8.4


SKY COVER
  POSSIBLE SUNSHINE  MM
  AVERAGE SKY COVER 0.5


WEATHER CONDITIONS
 THE FOLLOWING WEATHER WAS RECORDED YESTERDAY.
  NO SIGNIFICANT WEATHER WAS OBSERVED.


RELATIVE HUMIDITY (PERCENT)
 HIGHEST    84           600 AM
 LOWEST     38           500 PM
 AVERAGE    61

..........................................................

THE DALLAS FORT WORTH CLIMATE NORMALS FOR TODAY
                         NORMAL    RECORD    YEAR
 MAXIMUM TEMPERATURE (F)   83       102      1979
 MINIMUM TEMPERATURE (F)   62        42      1984


SUNRISE AND SUNSET
OCTOBER  1 2014.......SUNRISE   722 AM CDT   SUNSET   713 PM CDT
OCTOBER  2 2014.......SUNRISE   723 AM CDT   SUNSET   711 PM CDT


-  INDICATES NEGATIVE NUMBERS.
R  INDICATES RECORD WAS SET OR TIED.
MM INDICATES DATA IS MISSING.
T  INDICATES TRACE AMOUNT.

$$
