000
CXUS54 KFWD 010841 CCA
CLMDFW

CLIMATE REPORT
NATIONAL WEATHER SERVICE FORT WORTH TX
334 AM CDT WED JUN 1 2016

...................................

...THE DALLAS FORT WORTH CLIMATE SUMMARY FOR THE MONTH OF MAY 2016...

CLIMATE NORMAL PERIOD 1981 TO 2010
CLIMATE RECORD PERIOD 1898 TO 2016

WEATHER         OBSERVED          NORMAL  DEPART  LAST YEAR`S
                 VALUE   DATE(S)  VALUE   FROM    VALUE  DATE(S)
                                          NORMAL
................................................................
TEMPERATURE (F)
RECORD
 HIGH             107   05/28/1927
 LOW               34   05/01/1903
HIGHEST            93   05/10        94      -1       88  05/28
                                                          05/18
LOWEST             48   05/03        50      -2       54  05/01
AVG. MAXIMUM     81.5              83.6    -2.1     79.2
AVG. MINIMUM     63.5              64.2    -0.7     62.6
MEAN             72.5              73.9    -1.4     70.9
DAYS MAX >= 90      2               5.3    -3.3        0
DAYS MAX <= 32      0               0.0     0.0        0
DAYS MAX >= 100     0                                  0
DAYS MIN <= 32      0               0.0     0.0        0
DAYS MIN <= 0       0               0.0     0.0        0
DAYS MIN >= 80      0                                  0

PRECIPITATION (INCHES)
RECORD
 MAXIMUM        16.96   2015
 MINIMUM         0.22   1911
TOTALS           6.25              4.90    1.35    16.96
DAILY AVG.       0.20              0.16    0.04     0.55
DAYS >= .01        17               9.1     7.9       18
DAYS >= .10        14               6.2     7.8       15
DAYS >= .50         6               3.5     2.5       11
DAYS >= 1.00        1               1.7    -0.7        7
GREATEST
 24 HR. TOTAL    1.16   05/31 TO 05/31              4.02

DEGREE_DAYS
HEATING TOTAL      12                 8       4        6
 SINCE 7/1       1592              2284    -692     2399
COOLING TOTAL     251               284     -33      196
 SINCE 1/1        423               422       1      319
.................................................................

WIND (MPH)
AVERAGE WIND SPEED              11.0
HIGHEST WIND SPEED/DIRECTION    46/280    DATE  05/11
HIGHEST GUST SPEED/DIRECTION    54/240    DATE  05/10

SKY COVER
POSSIBLE SUNSHINE (PERCENT)   MM
AVERAGE SKY COVER           0.60
NUMBER OF DAYS FAIR            7
NUMBER OF DAYS PC              9
NUMBER OF DAYS CLOUDY         15

AVERAGE RH (PERCENT)     66

WEATHER CONDITIONS. NUMBER OF DAYS WITH
THUNDERSTORM             14     MIXED PRECIP               0
HEAVY RAIN               13     RAIN                      13
LIGHT RAIN               20     FREEZING RAIN              0
LT FREEZING RAIN          0     HAIL                       0
HEAVY SNOW                0     SNOW                       0
LIGHT SNOW                0     SLEET                      0
FOG                      16     FOG W/VIS <= 1/4 MILE      0
HAZE                      6

-  INDICATES NEGATIVE NUMBERS.
R  INDICATES RECORD WAS SET OR TIED.
MM INDICATES DATA IS MISSING.
T  INDICATES TRACE AMOUNT.

$$
