000
CXUS54 KFWD 010925
CLMDFW


CLIMATE REPORT
NATIONAL WEATHER SERVICE FORT WORTH TX
425 AM CDT SUN MAY 1 2016

...................................

...THE DALLAS FORT WORTH CLIMATE SUMMARY FOR THE MONTH OF APRIL 2016...

CLIMATE NORMAL PERIOD 1981 TO 2010
CLIMATE RECORD PERIOD 1898 TO 2016

WEATHER         OBSERVED          NORMAL  DEPART  LAST YEAR`S
                 VALUE   DATE(S)  VALUE   FROM    VALUE  DATE(S)
                                          NORMAL
................................................................
TEMPERATURE (F)
RECORD
 HIGH             101   04/17/2006
 LOW               29   04/11/1989
HIGHEST            89   04/11        89       0       87  04/25
LOWEST             43   04/03        38       5       46  04/20
AVG. MAXIMUM     78.2              76.3     1.9     74.6
AVG. MINIMUM     58.1              54.8     3.3     56.9
MEAN             68.1              65.5     2.6     65.8
DAYS MAX >= 90      0               0.7    -0.7        0
DAYS MAX <= 32      0               0.0     0.0        0
DAYS MAX >= 100     0                                  0
DAYS MIN <= 32      0               0.1    -0.1        0
DAYS MIN <= 0       0               0.0     0.0        0
DAYS MIN >= 80      0                                  0

PRECIPITATION (INCHES)
RECORD
 MAXIMUM        17.64   1922
 MINIMUM         0.11   1987
TOTALS           4.60              3.07    1.53     5.56
DAILY AVG.       0.15              0.10    0.05     0.19
DAYS >= .01        10               6.6     3.4       14
DAYS >= .10         5               4.3     0.7        8
DAYS >= .50         4               2.2     1.8        6
DAYS >= 1.00        2               1.0     1.0        2
GREATEST
 24 HR. TOTAL    2.39   04/17 TO 04/18              1.09

SNOWFALL (INCHES)
RECORDS
 TOTAL              T   2007
                        1938
                        1928
 24 HR TOTAL        T   04/07/2007 TO 04/07/2007
                        04/07/1938 TO 04/08/1938
                        04/14/1928 TO 04/14/1928
TOTALS            0.0               0.0     0.0      0.0
SINCE 7/1           T               1.6    -1.6      5.8
SNOWDEPTH AVG.      0                MM      MM        0
DAYS >= TRACE       0                                  0
DAYS >= 1.0         0               0.0     0.0        0
GREATEST
 SNOW DEPTH         0   MM                             0  MM
 24 HR TOTAL      0.0                                0.0

DEGREE_DAYS
HEATING TOTAL      27                83     -56       56
 SINCE 7/1       1580              2276    -696     2393
COOLING TOTAL     131                99      32       89
 SINCE 1/1        172               138      34      123
.................................................................

WIND (MPH)
AVERAGE WIND SPEED              10.6
HIGHEST WIND SPEED/DIRECTION    31/270    DATE  04/26
HIGHEST GUST SPEED/DIRECTION    41/270    DATE  04/26

SKY COVER
POSSIBLE SUNSHINE (PERCENT)   MM
AVERAGE SKY COVER           0.60
NUMBER OF DAYS FAIR            8
NUMBER OF DAYS PC             11
NUMBER OF DAYS CLOUDY         11

AVERAGE RH (PERCENT)     61

WEATHER CONDITIONS. NUMBER OF DAYS WITH
THUNDERSTORM              9     MIXED PRECIP               0
HEAVY RAIN                4     RAIN                       7
LIGHT RAIN               14     FREEZING RAIN              0
LT FREEZING RAIN          0     HAIL                       0
HEAVY SNOW                0     SNOW                       0
LIGHT SNOW                0     SLEET                      0
FOG                      10     FOG W/VIS <= 1/4 MILE      0
HAZE                      1

-  INDICATES NEGATIVE NUMBERS.
R  INDICATES RECORD WAS SET OR TIED.
MM INDICATES DATA IS MISSING.
T  INDICATES TRACE AMOUNT.

$$
