000
CDUS43 KIND 290533
CLIBMG


CLIMATE REPORT
NATIONAL WEATHER SERVICE INDIANAPOLIS IN
131 AM EDT SAT APR 29 2017


...................................

...THE BLOOMINGTON IN CLIMATE SUMMARY FOR APRIL 28 2017...

CLIMATE NORMAL PERIOD 1981 TO 2010
CLIMATE RECORD PERIOD 9999 TO 9999


WEATHER ITEM   OBSERVED TIME   NORMAL DEPARTURE LAST
                VALUE   (LST)  VALUE  FROM      YEAR
                                      NORMAL
......................................................
TEMPERATURE (F)
 YESTERDAY
  MAXIMUM         61    659 PM  69     -8       74
  MINIMUM         43    247 AM  46     -3       57
  AVERAGE         52            57     -5       66

PRECIPITATION (IN)
  YESTERDAY        1.13          0.16   0.97     0.25
  MONTH TO DATE    3.35          4.35  -1.00     4.93
  SINCE MAR 1      7.78          8.23  -0.45     9.49
  SINCE JAN 1     12.82         14.30  -1.48    14.70

DEGREE DAYS
 HEATING
  YESTERDAY       13             8      5        0
  MONTH TO DATE  190           341   -151      324
  SINCE MAR 1    794          1029   -235      793
  SINCE JUL 1   3981          5097  -1116     4113

 COOLING
  YESTERDAY        0             1     -1        1
  MONTH TO DATE   36            20     16       14
  SINCE MAR 1     39            23     16       14
  SINCE JAN 1     39            23     16       14
......................................................


WIND (MPH)
  HIGHEST WIND SPEED    22   HIGHEST WIND DIRECTION     N (350)
  HIGHEST GUST SPEED    36   HIGHEST GUST DIRECTION    NW (320)
  AVERAGE WIND SPEED     6.2


SKY COVER
  AVERAGE SKY COVER 0.6


WEATHER CONDITIONS
 THE FOLLOWING WEATHER WAS RECORDED YESTERDAY.
  THUNDERSTORM
  HEAVY RAIN
  RAIN
  LIGHT RAIN
  FOG


RELATIVE HUMIDITY (PERCENT)
 HIGHEST    93           500 AM
 LOWEST     72          1200 PM
 AVERAGE    83

..........................................................


THE BLOOMINGTON IN CLIMATE NORMALS FOR TODAY
                         NORMAL
 MAXIMUM TEMPERATURE (F)   69
 MINIMUM TEMPERATURE (F)   46


SUNRISE AND SUNSET
APRIL 29 2017.........SUNRISE   650 AM EDT   SUNSET   838 PM EDT
APRIL 30 2017.........SUNRISE   649 AM EDT   SUNSET   839 PM EDT


-  INDICATES NEGATIVE NUMBERS.
R  INDICATES RECORD WAS SET OR TIED.
MM INDICATES DATA IS MISSING.
T  INDICATES TRACE AMOUNT.




$$
