000
CDUS43 KIND 200537
CLIBMG


CLIMATE REPORT
NATIONAL WEATHER SERVICE INDIANAPOLIS IN
135 AM EDT SAT SEP 20 2014


...................................

...THE BLOOMINGTON IN CLIMATE SUMMARY FOR SEPTEMBER 19 2014...

CLIMATE NORMAL PERIOD 1981 TO 2010
CLIMATE RECORD PERIOD 9999 TO 9999


WEATHER ITEM   OBSERVED TIME   NORMAL DEPARTURE LAST
                VALUE   (LST)  VALUE  FROM      YEAR
                                      NORMAL
......................................................
TEMPERATURE (F)
 YESTERDAY
  MAXIMUM         74    423 PM  77     -3       81
  MINIMUM         45    646 AM  52     -7       65
  AVERAGE         60            64     -4       73

PRECIPITATION (IN)
  YESTERDAY        0.00          0.10  -0.10     0.66
  MONTH TO DATE    4.03          2.06   1.97     1.10
  SINCE SEP 1      4.03          2.06   1.97     1.10
  SINCE JAN 1     34.66         35.25  -0.59    31.42

DEGREE DAYS
 HEATING
  YESTERDAY        5             3      2        0
  MONTH TO DATE   68            24     44       22
  SINCE SEP 1     68            24     44       22
  SINCE JUL 1     74            31     43       36

 COOLING
  YESTERDAY        0             2     -2        8
  MONTH TO DATE   56            78    -22      124
  SINCE SEP 1     56            78    -22      124
  SINCE JAN 1    886           895     -9      965
......................................................


WIND (MPH)
  HIGHEST WIND SPEED    15   HIGHEST WIND DIRECTION    SE (130)
  HIGHEST GUST SPEED    19   HIGHEST GUST DIRECTION    SE (130)
  AVERAGE WIND SPEED     3.6


SKY COVER
  AVERAGE SKY COVER 0.0


WEATHER CONDITIONS
 THE FOLLOWING WEATHER WAS RECORDED YESTERDAY.
  FOG


RELATIVE HUMIDITY (PERCENT)
 HIGHEST   100           100 AM
 LOWEST     38           300 PM
 AVERAGE    69

..........................................................


THE BLOOMINGTON IN CLIMATE NORMALS FOR TODAY
                         NORMAL
 MAXIMUM TEMPERATURE (F)   77
 MINIMUM TEMPERATURE (F)   51


SUNRISE AND SUNSET
SEPTEMBER 20 2014.....SUNRISE   732 AM EDT   SUNSET   747 PM EDT
SEPTEMBER 21 2014.....SUNRISE   733 AM EDT   SUNSET   745 PM EDT


-  INDICATES NEGATIVE NUMBERS.
R  INDICATES RECORD WAS SET OR TIED.
MM INDICATES DATA IS MISSING.
T  INDICATES TRACE AMOUNT.




$$
