000
CDUS43 KIND 270551
CLIBMG


CLIMATE REPORT
NATIONAL WEATHER SERVICE INDIANAPOLIS IN
151 AM EDT MON JUN 27 2016


...................................

...THE BLOOMINGTON IN CLIMATE SUMMARY FOR JUNE 26 2016...

CLIMATE NORMAL PERIOD 1981 TO 2010
CLIMATE RECORD PERIOD 9999 TO 9999


WEATHER ITEM   OBSERVED TIME   NORMAL DEPARTURE LAST
                VALUE   (LST)  VALUE  FROM      YEAR
                                      NORMAL
......................................................
TEMPERATURE (F)
 YESTERDAY
  MAXIMUM         92    455 PM  84      8       76
  MINIMUM         71    932 PM  63      8       68
  AVERAGE         82            74      8       72

PRECIPITATION (IN)
  YESTERDAY        1.00          0.19   0.81     1.36
  MONTH TO DATE    3.63          4.23  -0.60     9.08
  SINCE JUN 1      3.63          4.23  -0.60     9.08
  SINCE JAN 1     22.23         24.12  -1.89    23.64

DEGREE DAYS
 HEATING
  YESTERDAY        0             0      0        0
  MONTH TO DATE    1            13    -12       17
  SINCE JUN 1      1            13    -12       17
  SINCE JUL 1   4276          5264   -988     5706

 COOLING
  YESTERDAY       17             9      8        7
  MONTH TO DATE  261           173     88      233
  SINCE JUN 1    261           173     88      233
  SINCE JAN 1    351           255     96      360
......................................................


WIND (MPH)
  HIGHEST WIND SPEED    28   HIGHEST WIND DIRECTION     N (360)
  HIGHEST GUST SPEED    35   HIGHEST GUST DIRECTION     N (360)
  AVERAGE WIND SPEED     6.0


SKY COVER
  AVERAGE SKY COVER 0.1


WEATHER CONDITIONS
 THE FOLLOWING WEATHER WAS RECORDED YESTERDAY.
  THUNDERSTORM
  HEAVY RAIN
  RAIN
  LIGHT RAIN
  FOG


RELATIVE HUMIDITY (PERCENT)
 HIGHEST    93          1100 PM
 LOWEST     47           400 PM
 AVERAGE    70

..........................................................


THE BLOOMINGTON IN CLIMATE NORMALS FOR TODAY
                         NORMAL
 MAXIMUM TEMPERATURE (F)   84
 MINIMUM TEMPERATURE (F)   63


SUNRISE AND SUNSET
JUNE 27 2016..........SUNRISE   623 AM EDT   SUNSET   917 PM EDT
JUNE 28 2016..........SUNRISE   623 AM EDT   SUNSET   917 PM EDT


-  INDICATES NEGATIVE NUMBERS.
R  INDICATES RECORD WAS SET OR TIED.
MM INDICATES DATA IS MISSING.
T  INDICATES TRACE AMOUNT.




$$
