000
CDUS43 KIND 310533
CLIBMG


CLIMATE REPORT
NATIONAL WEATHER SERVICE INDIANAPOLIS IN
131 AM EDT FRI OCT 31 2014


...................................

...THE BLOOMINGTON IN CLIMATE SUMMARY FOR OCTOBER 30 2014...

CLIMATE NORMAL PERIOD 1981 TO 2010
CLIMATE RECORD PERIOD 9999 TO 9999


WEATHER ITEM   OBSERVED TIME   NORMAL DEPARTURE LAST
                VALUE   (LST)  VALUE  FROM      YEAR
                                      NORMAL
......................................................
TEMPERATURE (F)
 YESTERDAY
  MAXIMUM         55    353 PM  62     -7       67
  MINIMUM         31    732 AM  39     -8       52
  AVERAGE         43            50     -7       60

PRECIPITATION (IN)
  YESTERDAY        T             0.10  -0.10     0.09
  MONTH TO DATE    5.33          3.43   1.90     5.18
  SINCE SEP 1      9.44          6.78   2.66     7.04
  SINCE JAN 1     40.07         39.97   0.10    37.36

DEGREE DAYS
 HEATING
  YESTERDAY       22            15      7        5
  MONTH TO DATE  303           319    -16      336
  SINCE SEP 1    401           397      4      386
  SINCE JUL 1    407           404      3      400

 COOLING
  YESTERDAY        0             0      0        0
  MONTH TO DATE   11            11      0       30
  SINCE SEP 1     74           107    -33      165
  SINCE JAN 1    904           924    -20     1006
......................................................


WIND (MPH)
  HIGHEST WIND SPEED    10   HIGHEST WIND DIRECTION    SE (130)
  HIGHEST GUST SPEED    14   HIGHEST GUST DIRECTION     E (110)
  AVERAGE WIND SPEED     1.4


SKY COVER
  AVERAGE SKY COVER 0.3


WEATHER CONDITIONS
 THE FOLLOWING WEATHER WAS RECORDED YESTERDAY.
  LIGHT RAIN


RELATIVE HUMIDITY (PERCENT)
 HIGHEST   100           700 AM
 LOWEST     43           400 PM
 AVERAGE    72

..........................................................


THE BLOOMINGTON IN CLIMATE NORMALS FOR TODAY
                         NORMAL
 MAXIMUM TEMPERATURE (F)   62
 MINIMUM TEMPERATURE (F)   39


SUNRISE AND SUNSET
OCTOBER 31 2014.......SUNRISE   813 AM EDT   SUNSET   647 PM EDT
NOVEMBER  1 2014......SUNRISE   814 AM EDT   SUNSET   646 PM EDT


-  INDICATES NEGATIVE NUMBERS.
R  INDICATES RECORD WAS SET OR TIED.
MM INDICATES DATA IS MISSING.
T  INDICATES TRACE AMOUNT.




$$
