000
CDUS43 KIND 240536
CLIBMG


CLIMATE REPORT
NATIONAL WEATHER SERVICE INDIANAPOLIS IN
132 AM EDT SAT JUN 24 2017


...................................

...THE BLOOMINGTON IN CLIMATE SUMMARY FOR JUNE 23 2017...

CLIMATE NORMAL PERIOD 1981 TO 2010
CLIMATE RECORD PERIOD 9999 TO 9999


WEATHER ITEM   OBSERVED TIME   NORMAL DEPARTURE LAST
                VALUE   (LST)  VALUE  FROM      YEAR
                                      NORMAL
......................................................
TEMPERATURE (F)
 YESTERDAY
  MAXIMUM         76    905 AM  84     -8       91
  MINIMUM         63   1156 PM  62      1       72
  AVERAGE         70            73     -3       82

PRECIPITATION (IN)
  YESTERDAY        0.51          0.17   0.34     0.00
  MONTH TO DATE    2.62          3.67  -1.05     2.63
  SINCE JUN 1      2.62          3.67  -1.05     2.63
  SINCE JAN 1     24.42         23.56   0.86    21.23

DEGREE DAYS
 HEATING
  YESTERDAY        0             0      0        0
  MONTH TO DATE    4            13     -9        1
  SINCE JUN 1      4            13     -9        1
  SINCE JUL 1   4121          5264  -1143     4276

 COOLING
  YESTERDAY        5             8     -3       17
  MONTH TO DATE  191           147     44      219
  SINCE JUN 1    191           147     44      219
  SINCE JAN 1    322           229     93      309
......................................................


WIND (MPH)
  HIGHEST WIND SPEED    22   HIGHEST WIND DIRECTION     S (200)
  HIGHEST GUST SPEED    33   HIGHEST GUST DIRECTION    SW (220)
  AVERAGE WIND SPEED     8.0


SKY COVER
  AVERAGE SKY COVER 0.8


WEATHER CONDITIONS
 THE FOLLOWING WEATHER WAS RECORDED YESTERDAY.
  THUNDERSTORM
  HEAVY RAIN
  RAIN
  LIGHT RAIN
  FOG


RELATIVE HUMIDITY (PERCENT)
 HIGHEST    93          1200 AM
 LOWEST     73           700 PM
 AVERAGE    83

..........................................................


THE BLOOMINGTON IN CLIMATE NORMALS FOR TODAY
                         NORMAL
 MAXIMUM TEMPERATURE (F)   84
 MINIMUM TEMPERATURE (F)   63


SUNRISE AND SUNSET
JUNE 24 2017..........SUNRISE   621 AM EDT   SUNSET   916 PM EDT
JUNE 25 2017..........SUNRISE   622 AM EDT   SUNSET   917 PM EDT


-  INDICATES NEGATIVE NUMBERS.
R  INDICATES RECORD WAS SET OR TIED.
MM INDICATES DATA IS MISSING.
T  INDICATES TRACE AMOUNT.




$$
