000
CDUS43 KIND 210536
CLIBMG


CLIMATE REPORT
NATIONAL WEATHER SERVICE INDIANAPOLIS IN
1236 AM EST WED FEB 21 2018


...................................

...THE BLOOMINGTON IN CLIMATE SUMMARY FOR FEBRUARY 20 2018...

CLIMATE NORMAL PERIOD 1981 TO 2010
CLIMATE RECORD PERIOD 9999 TO 9999


WEATHER ITEM   OBSERVED TIME   NORMAL DEPARTURE LAST
                VALUE   (LST)  VALUE  FROM      YEAR
                                      NORMAL
......................................................
TEMPERATURE (F)
 YESTERDAY
  MAXIMUM         75    505 PM  44     31       69
  MINIMUM         66    644 AM  24     42       35
  AVERAGE         71            34     37       52

PRECIPITATION (IN)
  YESTERDAY        T             0.09  -0.09     0.00
  MONTH TO DATE    1.66          2.10  -0.44     0.64
  SINCE DEC 1      5.60          8.95  -3.35     7.02
  SINCE JAN 1      4.41          5.41  -1.00     4.54

DEGREE DAYS
 HEATING
  YESTERDAY        0            31    -31       13
  MONTH TO DATE  591           660    -69      479
  SINCE DEC 1   2799          2779     20     2398
  SINCE JUL 1   3716          3835   -119     3081

 COOLING
  YESTERDAY        6             0      6        0
  MONTH TO DATE    6             0      6        0
  SINCE DEC 1      6             0      6        0
  SINCE JAN 1      6             0      6        0
......................................................


WIND (MPH)
  HIGHEST WIND SPEED    30   HIGHEST WIND DIRECTION    SW (220)
  HIGHEST GUST SPEED    42   HIGHEST GUST DIRECTION    SW (230)
  AVERAGE WIND SPEED    17.3


SKY COVER
  AVERAGE SKY COVER 0.6


WEATHER CONDITIONS
 THE FOLLOWING WEATHER WAS RECORDED YESTERDAY.
  LIGHT RAIN


RELATIVE HUMIDITY (PERCENT)
 HIGHEST    73           100 AM
 LOWEST     49           600 PM
 AVERAGE    61

..........................................................


THE BLOOMINGTON IN CLIMATE NORMALS FOR TODAY
                         NORMAL
 MAXIMUM TEMPERATURE (F)   45
 MINIMUM TEMPERATURE (F)   24


SUNRISE AND SUNSET
FEBRUARY 21 2018......SUNRISE   730 AM EST   SUNSET   630 PM EST
FEBRUARY 22 2018......SUNRISE   729 AM EST   SUNSET   631 PM EST


-  INDICATES NEGATIVE NUMBERS.
R  INDICATES RECORD WAS SET OR TIED.
MM INDICATES DATA IS MISSING.
T  INDICATES TRACE AMOUNT.




$$
