000
CDUS43 KIND 210533
CLIBMG


CLIMATE REPORT
NATIONAL WEATHER SERVICE INDIANAPOLIS IN
133 AM EDT MON APR 21 2014


...................................

...THE BLOOMINGTON IN CLIMATE SUMMARY FOR APRIL 20 2014...

CLIMATE NORMAL PERIOD 1981 TO 2010
CLIMATE RECORD PERIOD 9999 TO 9999


WEATHER ITEM   OBSERVED TIME   NORMAL DEPARTURE LAST
                VALUE   (LST)  VALUE  FROM      YEAR
                                      NORMAL
......................................................
TEMPERATURE (F)
 YESTERDAY
  MAXIMUM         77    450 PM  66     11       52
  MINIMUM         39    609 AM  44     -5       30
  AVERAGE         58            55      3       41

PRECIPITATION (IN)
  YESTERDAY        0.00          0.15  -0.15     0.00
  MONTH TO DATE    5.75          3.03   2.72     3.97
  SINCE MAR 1      7.69          6.91   0.78     6.21
  SINCE JAN 1     12.34         12.98  -0.64    14.22

DEGREE DAYS
 HEATING
  YESTERDAY        7            11     -4       24
  MONTH TO DATE  256           268    -12      240
  SINCE MAR 1   1093           956    137     1110
  SINCE JUL 1   5655          5024    631     5066

 COOLING
  YESTERDAY        0             1     -1        0
  MONTH TO DATE    6            12     -6       11
  SINCE MAR 1      6            15     -9       11
  SINCE JAN 1      6            15     -9       11
......................................................


WIND (MPH)
  HIGHEST WIND SPEED    10   HIGHEST WIND DIRECTION    SE (120)
  HIGHEST GUST SPEED    12   HIGHEST GUST DIRECTION     S (190)
  AVERAGE WIND SPEED     2.5


SKY COVER
  AVERAGE SKY COVER 0.0


WEATHER CONDITIONS
 THE FOLLOWING WEATHER WAS RECORDED YESTERDAY.
  NO SIGNIFICANT WEATHER WAS OBSERVED.


RELATIVE HUMIDITY (PERCENT)
 HIGHEST    76           300 AM
 LOWEST     15           200 PM
 AVERAGE    46

..........................................................


THE BLOOMINGTON IN CLIMATE NORMALS FOR TODAY
                         NORMAL
 MAXIMUM TEMPERATURE (F)   67
 MINIMUM TEMPERATURE (F)   44


SUNRISE AND SUNSET
APRIL 21 2014.........SUNRISE   701 AM EDT   SUNSET   830 PM EDT
APRIL 22 2014.........SUNRISE   700 AM EDT   SUNSET   831 PM EDT


-  INDICATES NEGATIVE NUMBERS.
R  INDICATES RECORD WAS SET OR TIED.
MM INDICATES DATA IS MISSING.
T  INDICATES TRACE AMOUNT.




$$
