000
CDUS43 KIND 180531
CLIBMG


CLIMATE REPORT
NATIONAL WEATHER SERVICE INDIANAPOLIS IN
130 AM EDT SAT APR 18 2015


...................................

...THE BLOOMINGTON IN CLIMATE SUMMARY FOR APRIL 17 2015...

CLIMATE NORMAL PERIOD 1981 TO 2010
CLIMATE RECORD PERIOD 9999 TO 9999


WEATHER ITEM   OBSERVED TIME   NORMAL DEPARTURE LAST
                VALUE   (LST)  VALUE  FROM      YEAR
                                      NORMAL
......................................................
TEMPERATURE (F)
 YESTERDAY
  MAXIMUM         78    514 PM  66     12       67
  MINIMUM         47    610 AM  43      4       38
  AVERAGE         63            54      9       53

PRECIPITATION (IN)
  YESTERDAY        0.00          0.15  -0.15     0.00
  MONTH TO DATE    3.32          2.57   0.75     5.75
  SINCE MAR 1      7.96          6.45   1.51     7.69
  SINCE JAN 1     11.53         12.52  -0.99    12.34

DEGREE DAYS
 HEATING
  YESTERDAY        2            11     -9       12
  MONTH TO DATE  128           235   -107      232
  SINCE MAR 1    872           923    -51     1069
  SINCE JUL 1   5443          4991    452     5631

 COOLING
  YESTERDAY        0             1     -1        0
  MONTH TO DATE    6             9     -3        6
  SINCE MAR 1      6            12     -6        6
  SINCE JAN 1      6            12     -6        6
......................................................


WIND (MPH)
  HIGHEST WIND SPEED     8   HIGHEST WIND DIRECTION     E (90)
  HIGHEST GUST SPEED    13   HIGHEST GUST DIRECTION     E (110)
  AVERAGE WIND SPEED     1.6


SKY COVER
  AVERAGE SKY COVER 0.3


WEATHER CONDITIONS
 THE FOLLOWING WEATHER WAS RECORDED YESTERDAY.
  FOG
  FOG W/VISIBILITY <= 1/4 MILE


RELATIVE HUMIDITY (PERCENT)
 HIGHEST   100           200 AM
 LOWEST     31           500 PM
 AVERAGE    66

..........................................................


THE BLOOMINGTON IN CLIMATE NORMALS FOR TODAY
                         NORMAL
 MAXIMUM TEMPERATURE (F)   66
 MINIMUM TEMPERATURE (F)   43


SUNRISE AND SUNSET
APRIL 18 2015.........SUNRISE   706 AM EDT   SUNSET   827 PM EDT
APRIL 19 2015.........SUNRISE   704 AM EDT   SUNSET   828 PM EDT


-  INDICATES NEGATIVE NUMBERS.
R  INDICATES RECORD WAS SET OR TIED.
MM INDICATES DATA IS MISSING.
T  INDICATES TRACE AMOUNT.




$$
