000
CDUS43 KIND 230531
CLIBMG


CLIMATE REPORT
NATIONAL WEATHER SERVICE INDIANAPOLIS IN
130 AM EDT SAT MAY 23 2015


...................................

...THE BLOOMINGTON IN CLIMATE SUMMARY FOR MAY 22 2015...

CLIMATE NORMAL PERIOD 1981 TO 2010
CLIMATE RECORD PERIOD 9999 TO 9999


WEATHER ITEM   OBSERVED TIME   NORMAL DEPARTURE LAST
                VALUE   (LST)  VALUE  FROM      YEAR
                                      NORMAL
......................................................
TEMPERATURE (F)
 YESTERDAY
  MAXIMUM         74    438 PM  76     -2       79
  MINIMUM         49    543 AM  53     -4       63
  AVERAGE         62            64     -2       71

PRECIPITATION (IN)
  YESTERDAY        0.00          0.16  -0.16     0.08
  MONTH TO DATE    1.44          3.78  -2.34     4.31
  SINCE MAR 1     10.88         12.36  -1.48    13.87
  SINCE JAN 1     14.45         18.43  -3.98    18.52

DEGREE DAYS
 HEATING
  YESTERDAY        3             3      0        0
  MONTH TO DATE   74           115    -41      121
  SINCE MAR 1   1114          1161    -47     1266
  SINCE JUL 1   5685          5229    456     5828

 COOLING
  YESTERDAY        0             3     -3        6
  MONTH TO DATE   68            35     33       63
  SINCE MAR 1     74            54     20       72
  SINCE JAN 1     74            54     20       72
......................................................


WIND (MPH)
  HIGHEST WIND SPEED    15   HIGHEST WIND DIRECTION    SW (240)
  HIGHEST GUST SPEED    20   HIGHEST GUST DIRECTION    SW (230)
  AVERAGE WIND SPEED     6.7


SKY COVER
  AVERAGE SKY COVER 0.0


WEATHER CONDITIONS
 THE FOLLOWING WEATHER WAS RECORDED YESTERDAY.
  NO SIGNIFICANT WEATHER WAS OBSERVED.


RELATIVE HUMIDITY (PERCENT)
 HIGHEST    86          1100 PM
 LOWEST     35           500 PM
 AVERAGE    61

..........................................................


THE BLOOMINGTON IN CLIMATE NORMALS FOR TODAY
                         NORMAL
 MAXIMUM TEMPERATURE (F)   76
 MINIMUM TEMPERATURE (F)   54


SUNRISE AND SUNSET
MAY 23 2015...........SUNRISE   627 AM EDT   SUNSET   900 PM EDT
MAY 24 2015...........SUNRISE   627 AM EDT   SUNSET   900 PM EDT


-  INDICATES NEGATIVE NUMBERS.
R  INDICATES RECORD WAS SET OR TIED.
MM INDICATES DATA IS MISSING.
T  INDICATES TRACE AMOUNT.




$$
