000
CDUS43 KIND 280532
CLIBMG


CLIMATE REPORT
NATIONAL WEATHER SERVICE INDIANAPOLIS IN
132 AM EDT WED SEP 28 2016


...................................

...THE BLOOMINGTON IN CLIMATE SUMMARY FOR SEPTEMBER 27 2016...

CLIMATE NORMAL PERIOD 1981 TO 2010
CLIMATE RECORD PERIOD 9999 TO 9999


WEATHER ITEM   OBSERVED TIME   NORMAL DEPARTURE LAST
                VALUE   (LST)  VALUE  FROM      YEAR
                                      NORMAL
......................................................
TEMPERATURE (F)
 YESTERDAY
  MAXIMUM         78    240 PM  74      4       79
  MINIMUM         49    655 AM  48      1       62
  AVERAGE         64            61      3       71

PRECIPITATION (IN)
  YESTERDAY        0.00          0.12  -0.12     0.02
  MONTH TO DATE    4.62          2.95   1.67     0.92
  SINCE SEP 1      4.62          2.95   1.67     0.92
  SINCE JAN 1     40.54         36.14   4.40    36.37

DEGREE DAYS
 HEATING
  YESTERDAY        1             6     -5        0
  MONTH TO DATE    3            59    -56       26
  SINCE SEP 1      3            59    -56       26
  SINCE JUL 1      6            66    -60       29

 COOLING
  YESTERDAY        0             1     -1        6
  MONTH TO DATE  188            93     95      146
  SINCE SEP 1    188            93     95      146
  SINCE JAN 1   1263           910    353     1024
......................................................


WIND (MPH)
  HIGHEST WIND SPEED    18   HIGHEST WIND DIRECTION    SW (240)
  HIGHEST GUST SPEED    25   HIGHEST GUST DIRECTION    SW (230)
  AVERAGE WIND SPEED     6.6


SKY COVER
  AVERAGE SKY COVER 0.0


WEATHER CONDITIONS
 THE FOLLOWING WEATHER WAS RECORDED YESTERDAY.
  NO SIGNIFICANT WEATHER WAS OBSERVED.


RELATIVE HUMIDITY (PERCENT)
 HIGHEST    86           900 PM
 LOWEST     33           200 PM
 AVERAGE    60

..........................................................


THE BLOOMINGTON IN CLIMATE NORMALS FOR TODAY
                         NORMAL
 MAXIMUM TEMPERATURE (F)   73
 MINIMUM TEMPERATURE (F)   48


SUNRISE AND SUNSET
SEPTEMBER 28 2016.....SUNRISE   740 AM EDT   SUNSET   733 PM EDT
SEPTEMBER 29 2016.....SUNRISE   741 AM EDT   SUNSET   731 PM EDT


-  INDICATES NEGATIVE NUMBERS.
R  INDICATES RECORD WAS SET OR TIED.
MM INDICATES DATA IS MISSING.
T  INDICATES TRACE AMOUNT.




$$
