000
CDUS43 KIND 260532
CLIBMG


CLIMATE REPORT
NATIONAL WEATHER SERVICE INDIANAPOLIS IN
1232 AM EST WED NOV 26 2014


...................................

...THE BLOOMINGTON IN CLIMATE SUMMARY FOR NOVEMBER 25 2014...

CLIMATE NORMAL PERIOD 1981 TO 2010
CLIMATE RECORD PERIOD 9999 TO 9999


WEATHER ITEM   OBSERVED TIME   NORMAL DEPARTURE LAST
                VALUE   (LST)  VALUE  FROM      YEAR
                                      NORMAL
......................................................
TEMPERATURE (F)
 YESTERDAY
  MAXIMUM         36   1254 AM  49    -13       35
  MINIMUM         28   1159 PM  31     -3       18
  AVERAGE         32            40     -8       27

PRECIPITATION (IN)
  YESTERDAY        0.00          0.12  -0.12     0.00
  MONTH TO DATE    2.38          3.30  -0.92     2.20
  SINCE SEP 1     11.92         10.18   1.74    10.55
  SINCE JAN 1     42.55         43.37  -0.82    40.87

DEGREE DAYS
 HEATING
  YESTERDAY       33            26      7       38
  MONTH TO DATE  705           503    202      560
  SINCE SEP 1   1130           915    215      950
  SINCE JUL 1   1136           922    214      964

 COOLING
  YESTERDAY        0             0      0        0
  MONTH TO DATE    0             0      0        0
  SINCE SEP 1     74           109    -35      165
  SINCE JAN 1    904           926    -22     1006
......................................................


WIND (MPH)
  HIGHEST WIND SPEED    15   HIGHEST WIND DIRECTION     W (290)
  HIGHEST GUST SPEED    20   HIGHEST GUST DIRECTION    NW (300)
  AVERAGE WIND SPEED     6.3


SKY COVER
  AVERAGE SKY COVER 0.7


WEATHER CONDITIONS
 THE FOLLOWING WEATHER WAS RECORDED YESTERDAY.
  NO SIGNIFICANT WEATHER WAS OBSERVED.


RELATIVE HUMIDITY (PERCENT)
 HIGHEST    85          1100 PM
 LOWEST     70          1200 AM
 AVERAGE    78

..........................................................


THE BLOOMINGTON IN CLIMATE NORMALS FOR TODAY
                         NORMAL
 MAXIMUM TEMPERATURE (F)   48
 MINIMUM TEMPERATURE (F)   30


SUNRISE AND SUNSET
NOVEMBER 26 2014......SUNRISE   742 AM EST   SUNSET   526 PM EST
NOVEMBER 27 2014......SUNRISE   743 AM EST   SUNSET   525 PM EST


-  INDICATES NEGATIVE NUMBERS.
R  INDICATES RECORD WAS SET OR TIED.
MM INDICATES DATA IS MISSING.
T  INDICATES TRACE AMOUNT.




$$
