000
CDUS43 KIND 240533
CLIBMG


CLIMATE REPORT
NATIONAL WEATHER SERVICE INDIANAPOLIS IN
133 AM EDT TUE OCT 24 2017


...................................

...THE BLOOMINGTON IN CLIMATE SUMMARY FOR OCTOBER 23 2017...

CLIMATE NORMAL PERIOD 1981 TO 2010
CLIMATE RECORD PERIOD 9999 TO 9999


WEATHER ITEM   OBSERVED TIME   NORMAL DEPARTURE LAST
                VALUE   (LST)  VALUE  FROM      YEAR
                                      NORMAL
......................................................
TEMPERATURE (F)
 YESTERDAY
  MAXIMUM         69   1239 AM  65      4       75
  MINIMUM         49   1129 PM  40      9       46
  AVERAGE         59            53      6       61

PRECIPITATION (IN)
  YESTERDAY        0.30          0.11   0.19     0.00
  MONTH TO DATE    2.71          2.68   0.03     3.48
  SINCE SEP 1      3.57          6.03  -2.46     8.61
  SINCE JAN 1     33.13         39.22  -6.09    44.53

DEGREE DAYS
 HEATING
  YESTERDAY        6            13     -7        4
  MONTH TO DATE   75           223   -148      101
  SINCE SEP 1    124           301   -177      117
  SINCE JUL 1    127           308   -181      120

 COOLING
  YESTERDAY        0             0      0        0
  MONTH TO DATE   50            11     39       50
  SINCE SEP 1    200           107     93      238
  SINCE JAN 1   1088           924    164     1313
......................................................


WIND (MPH)
  HIGHEST WIND SPEED    22   HIGHEST WIND DIRECTION    SW (230)
  HIGHEST GUST SPEED    27   HIGHEST GUST DIRECTION     W (280)
  AVERAGE WIND SPEED     8.1


SKY COVER
  AVERAGE SKY COVER 0.9


WEATHER CONDITIONS
 THE FOLLOWING WEATHER WAS RECORDED YESTERDAY.
  LIGHT RAIN
  FOG
  HAZE


RELATIVE HUMIDITY (PERCENT)
 HIGHEST    93           600 AM
 LOWEST     61          1200 AM
 AVERAGE    77

..........................................................


THE BLOOMINGTON IN CLIMATE NORMALS FOR TODAY
                         NORMAL
 MAXIMUM TEMPERATURE (F)   65
 MINIMUM TEMPERATURE (F)   40


SUNRISE AND SUNSET
OCTOBER 24 2017.......SUNRISE   806 AM EDT   SUNSET   655 PM EDT
OCTOBER 25 2017.......SUNRISE   807 AM EDT   SUNSET   654 PM EDT


-  INDICATES NEGATIVE NUMBERS.
R  INDICATES RECORD WAS SET OR TIED.
MM INDICATES DATA IS MISSING.
T  INDICATES TRACE AMOUNT.




$$
