931
CDUS43 KPAH 240637
CLIEVV


CLIMATE REPORT
NATIONAL WEATHER SERVICE PADUCAH KY
129 AM CDT TUE OCT 24 2017


...................................

...THE EVANSVILLE IN CLIMATE SUMMARY FOR OCTOBER 23 2017...

CLIMATE NORMAL PERIOD 1981 TO 2010
CLIMATE RECORD PERIOD 1896 TO 2017


WEATHER ITEM   OBSERVED TIME   RECORD YEAR NORMAL DEPARTURE LAST
                VALUE   (LST)  VALUE       VALUE  FROM      YEAR
                                                  NORMAL
..................................................................
TEMPERATURE (F)
 YESTERDAY
  MAXIMUM         65    222 AM  88    1963  67     -2       79
  MINIMUM         49    537 PM  26    1952  44      5       42
  AVERAGE         57                        56      1       61

PRECIPITATION (IN)
  YESTERDAY        0.68          2.45 1976   0.11   0.57     0.00
  MONTH TO DATE    3.36                      2.37   0.99     0.49
  SINCE SEP 1      6.60                      5.42   1.18     4.50
  SINCE JAN 1     39.01                     36.34   2.67    42.96

SNOWFALL (IN)
  YESTERDAY       MM             0.0  2002   0.0   MM        0.0
                                      2001
  MONTH TO DATE    0.0                       0.1   -0.1      0.0
  SINCE SEP 1      0.0                       0.1   -0.1      0.0
  SINCE JUL 1      0.0                       0.1   -0.1      0.0
  SNOW DEPTH       0

DEGREE DAYS
 HEATING
  YESTERDAY        8                        10     -2        4
  MONTH TO DATE   63                       167   -104       65
  SINCE SEP 1     78                       213   -135       74
  SINCE JUL 1     78                       214   -136       74

 COOLING
  YESTERDAY        0                         0      0        0
  MONTH TO DATE   77                        28     49       86
  SINCE SEP 1    275                       195     80      367
  SINCE JAN 1   1565                      1394    171     1753
..................................................................


WIND (MPH)
  HIGHEST WIND SPEED    28   HIGHEST WIND DIRECTION    SW (230)
  HIGHEST GUST SPEED    31   HIGHEST GUST DIRECTION    SW (230)
  AVERAGE WIND SPEED     8.0


SKY COVER
  AVERAGE SKY COVER 0.9


WEATHER CONDITIONS
 THE FOLLOWING WEATHER WAS RECORDED YESTERDAY.
  HEAVY RAIN
  RAIN
  LIGHT RAIN
  FOG


RELATIVE HUMIDITY (PERCENT)
 HIGHEST   100
 LOWEST     66
 AVERAGE    83

..........................................................


THE EVANSVILLE IN CLIMATE NORMALS FOR TODAY
                         NORMAL    RECORD    YEAR
 MAXIMUM TEMPERATURE (F)   67        82      1934
 MINIMUM TEMPERATURE (F)   43        23      1981


SUNRISE AND SUNSET
OCTOBER 24 2017.......SUNRISE   708 AM CDT   SUNSET   600 PM CDT
OCTOBER 25 2017.......SUNRISE   709 AM CDT   SUNSET   559 PM CDT


-  INDICATES NEGATIVE NUMBERS.
R  INDICATES RECORD WAS SET OR TIED.
MM INDICATES DATA IS MISSING.
T  INDICATES TRACE AMOUNT.




$$
