000
CDUS43 KPAH 170627
CLIEVV


CLIMATE REPORT
NATIONAL WEATHER SERVICE PADUCAH KY
1226 AM CST FRI NOV 17 2017


...................................

...THE EVANSVILLE IN CLIMATE SUMMARY FOR NOVEMBER 16 2017...

CLIMATE NORMAL PERIOD 1981 TO 2010
CLIMATE RECORD PERIOD 1896 TO 2017


WEATHER ITEM   OBSERVED TIME   RECORD YEAR NORMAL DEPARTURE LAST
                VALUE   (LST)  VALUE       VALUE  FROM      YEAR
                                                  NORMAL
..................................................................
TEMPERATURE (F)
 YESTERDAY
  MAXIMUM         43    133 AM  78    1952  56    -13       72
                                      1931
  MINIMUM         29   1122 PM  18    1997  36     -7       37
  AVERAGE         36                        46    -10       55

PRECIPITATION (IN)
  YESTERDAY        0.00          1.40 1993   0.16  -0.16     0.00
  MONTH TO DATE    1.29                      2.19  -0.90     0.09
  SINCE SEP 1      8.24                      8.49  -0.25     4.59
  SINCE JAN 1     40.65                     39.41   1.24    43.05

SNOWFALL (IN)
  YESTERDAY        0.0           T    1989   0.0    0.0      0.0
  MONTH TO DATE    0.0                       0.0    0.0      0.0
  SINCE SEP 1      0.0                       0.2   -0.2      0.0
  SINCE JUL 1      0.0                       0.2   -0.2      0.0
  SNOW DEPTH       0

DEGREE DAYS
 HEATING
  YESTERDAY       29                        19     10       10
  MONTH TO DATE  257                       250      7      168
  SINCE SEP 1    491                       552    -61      276
  SINCE JUL 1    491                       553    -62      276

 COOLING
  YESTERDAY        0                         0      0        0
  MONTH TO DATE    2                         0      2       11
  SINCE SEP 1    277                       196     81      389
  SINCE JAN 1   1567                      1395    172     1775
..................................................................


WIND (MPH)
  HIGHEST WIND SPEED    12   HIGHEST WIND DIRECTION    NE (30)
  HIGHEST GUST SPEED    15   HIGHEST GUST DIRECTION     N (350)
  AVERAGE WIND SPEED     4.3


SKY COVER
  AVERAGE SKY COVER 0.7


WEATHER CONDITIONS
 THE FOLLOWING WEATHER WAS RECORDED YESTERDAY.
  FOG
  FOG W/VISIBILITY <= 1/4 MILE
  HAZE


RELATIVE HUMIDITY (PERCENT)
 HIGHEST    96
 LOWEST     75
 AVERAGE    86

..........................................................


THE EVANSVILLE IN CLIMATE NORMALS FOR TODAY
                         NORMAL    RECORD    YEAR
 MAXIMUM TEMPERATURE (F)   56        80      2016
                                             1958
 MINIMUM TEMPERATURE (F)   36        10      1959


SUNRISE AND SUNSET
NOVEMBER 17 2017......SUNRISE   633 AM CST   SUNSET   437 PM CST
NOVEMBER 18 2017......SUNRISE   634 AM CST   SUNSET   436 PM CST


-  INDICATES NEGATIVE NUMBERS.
R  INDICATES RECORD WAS SET OR TIED.
MM INDICATES DATA IS MISSING.
T  INDICATES TRACE AMOUNT.




$$
