000
CDUS43 KPAH 302132
CLIEVV


CLIMATE REPORT
NATIONAL WEATHER SERVICE PADUCAH KY
430 PM CDT MON MAR 30 2015


...................................

...THE EVANSVILLE IN CLIMATE SUMMARY FOR MARCH 30 2015...
VALID TODAY AS OF 0400 PM LOCAL TIME.

CLIMATE NORMAL PERIOD 1981 TO 2010
CLIMATE RECORD PERIOD 1896 TO 2015


WEATHER ITEM   OBSERVED TIME   RECORD YEAR NORMAL DEPARTURE LAST
                VALUE   (LST)  VALUE       VALUE  FROM      YEAR
                                                  NORMAL
..................................................................
TEMPERATURE (F)
 TODAY
  MAXIMUM         65    259 PM  83    1986  62      3       59
  MINIMUM         44    453 AM  22    1964  39      5       32
  AVERAGE         55                        51      4       46

PRECIPITATION (IN)
  TODAY            0.00          2.65 1985   0.14  -0.14     0.00
  MONTH TO DATE    6.85                      4.09   2.76     2.85
  SINCE MAR 1      6.85                      4.09   2.76     2.85
  SINCE JAN 1     12.38                     10.36   2.02     6.80

SNOWFALL (IN)
  TODAY            0.0                                       0.0
  MONTH TO DATE    8.5                                       2.6
  SINCE JUL 1     18.5                                      12.6
  SNOW DEPTH       0

..................................................................


WIND (MPH)
  HIGHEST WIND SPEED    13   HIGHEST WIND DIRECTION    NW (330)
  HIGHEST GUST SPEED    18   HIGHEST GUST DIRECTION    NW (320)




..........................................................


THE EVANSVILLE IN CLIMATE NORMALS FOR TOMORROW
                         NORMAL    RECORD    YEAR
 MAXIMUM TEMPERATURE (F)   62        84      1986
                                             1981
 MINIMUM TEMPERATURE (F)   40        19      1923


SUNRISE AND SUNSET
MARCH 30 2015.........SUNRISE   639 AM CDT   SUNSET   711 PM CDT
MARCH 31 2015.........SUNRISE   637 AM CDT   SUNSET   712 PM CDT


-  INDICATES NEGATIVE NUMBERS.
R  INDICATES RECORD WAS SET OR TIED.
MM INDICATES DATA IS MISSING.
T  INDICATES TRACE AMOUNT.




$$
