000
CDUS43 KPAH 010630
CLIEVV


CLIMATE REPORT
NATIONAL WEATHER SERVICE PADUCAH KY
129 AM CDT WED OCT 1 2014


...................................

...THE EVANSVILLE IN CLIMATE SUMMARY FOR SEPTEMBER 30 2014...

CLIMATE NORMAL PERIOD 1981 TO 2010
CLIMATE RECORD PERIOD 1896 TO 2014


WEATHER ITEM   OBSERVED TIME   RECORD YEAR NORMAL DEPARTURE LAST
                VALUE   (LST)  VALUE       VALUE  FROM      YEAR
                                                  NORMAL
..................................................................
TEMPERATURE (F)
 YESTERDAY
  MAXIMUM         86    236 PM  99    1919  76     10       76
  MINIMUM         57    604 AM  33    1949  51      6       64
                                      1899
  AVERAGE         72                        63      9       70

PRECIPITATION (IN)
  YESTERDAY        0.00          1.07 1927   0.11  -0.11     0.01
  MONTH TO DATE    2.55                      3.05  -0.50     2.81
  SINCE SEP 1      2.55                      3.05  -0.50     2.81
  SINCE JAN 1     36.73                     33.97   2.76    38.14

SNOWFALL (IN)
  YESTERDAY        0.0           0.0  2002   0.0    0.0      0.0
                                      2001
  MONTH TO DATE    0.0                       0.0    0.0      0.0
  SINCE SEP 1      0.0                       0.0    0.0      0.0
  SINCE JUL 1      0.0                       0.0    0.0      0.0
  SNOW DEPTH       0

DEGREE DAYS
 HEATING
  YESTERDAY        0                         4     -4        0
  MONTH TO DATE   36                        45     -9       10
  SINCE SEP 1     36                        46    -10       10
  SINCE JUL 1     36                        47    -11       10

 COOLING
  YESTERDAY        7                         2      5        5
  MONTH TO DATE  163                       167     -4      215
  SINCE SEP 1    163                       167     -4      215
  SINCE JAN 1   1443                      1366     77     1407
..................................................................


WIND (MPH)
  HIGHEST WIND SPEED     9   HIGHEST WIND DIRECTION     N (360)
  HIGHEST GUST SPEED    14   HIGHEST GUST DIRECTION     N (350)
  AVERAGE WIND SPEED     2.8


SKY COVER
  AVERAGE SKY COVER 0.0


WEATHER CONDITIONS
 THE FOLLOWING WEATHER WAS RECORDED YESTERDAY.
  NO SIGNIFICANT WEATHER WAS OBSERVED.


RELATIVE HUMIDITY (PERCENT)
 HIGHEST    93
 LOWEST     32
 AVERAGE    63

..........................................................


THE EVANSVILLE IN CLIMATE NORMALS FOR TODAY
                         NORMAL    RECORD    YEAR
 MAXIMUM TEMPERATURE (F)   75        93      1919
 MINIMUM TEMPERATURE (F)   50        34      1963


SUNRISE AND SUNSET
OCTOBER  1 2014.......SUNRISE   646 AM CDT   SUNSET   633 PM CDT
OCTOBER  2 2014.......SUNRISE   647 AM CDT   SUNSET   632 PM CDT


-  INDICATES NEGATIVE NUMBERS.
R  INDICATES RECORD WAS SET OR TIED.
MM INDICATES DATA IS MISSING.
T  INDICATES TRACE AMOUNT.




$$
