000
CDUS43 KPAH 280630
CLIEVV


CLIMATE REPORT
NATIONAL WEATHER SERVICE PADUCAH KY
128 AM CDT TUE APR 28 2015


...................................

...THE EVANSVILLE IN CLIMATE SUMMARY FOR APRIL 27 2015...

CLIMATE NORMAL PERIOD 1981 TO 2010
CLIMATE RECORD PERIOD 1896 TO 2015


WEATHER ITEM   OBSERVED TIME   RECORD YEAR NORMAL DEPARTURE LAST
                VALUE   (LST)  VALUE       VALUE  FROM      YEAR
                                                  NORMAL
..................................................................
TEMPERATURE (F)
 YESTERDAY
  MAXIMUM         66    311 PM  91    1989  71     -5       81
  MINIMUM         43    524 AM  32    1946  48     -5       58
  AVERAGE         55                        60     -5       70

PRECIPITATION (IN)
  YESTERDAY        0.00          1.15 1999   0.16  -0.16     0.57
  MONTH TO DATE    6.62                      3.88   2.74     8.81
  SINCE MAR 1     13.47                      8.12   5.35    11.66
  SINCE JAN 1     19.00                     14.39   4.61    15.61

SNOWFALL (IN)
  YESTERDAY        0.0           0.0  2002   0.0    0.0      0.0
                                      2001
  MONTH TO DATE    0.0                       0.1   -0.1      0.0
  SINCE MAR 1      8.5                       1.1    7.4      2.6
  SINCE JUL 1     18.5                      11.8    6.7     12.6
  SNOW DEPTH       0

DEGREE DAYS
 HEATING
  YESTERDAY       10                         6      4        0
  MONTH TO DATE  172                       271    -99      199
  SINCE MAR 1    791                       863    -72      912
  SINCE JUL 1   4627                      4437    190     4874

 COOLING
  YESTERDAY        0                         1     -1        5
  MONTH TO DATE   28                        19      9       10
  SINCE MAR 1     28                        22      6       10
  SINCE JAN 1     28                        22      6       10
..................................................................


WIND (MPH)
  HIGHEST WIND SPEED    17   HIGHEST WIND DIRECTION     N (360)
  HIGHEST GUST SPEED    26   HIGHEST GUST DIRECTION    NE (30)
  AVERAGE WIND SPEED     8.9


SKY COVER
  AVERAGE SKY COVER 0.0


WEATHER CONDITIONS
 THE FOLLOWING WEATHER WAS RECORDED YESTERDAY.
  NO SIGNIFICANT WEATHER WAS OBSERVED.


RELATIVE HUMIDITY (PERCENT)
 HIGHEST    67
 LOWEST     37
 AVERAGE    52

..........................................................


THE EVANSVILLE IN CLIMATE NORMALS FOR TODAY
                         NORMAL    RECORD    YEAR
 MAXIMUM TEMPERATURE (F)   72        87      1981
                                             1951
 MINIMUM TEMPERATURE (F)   49        35      1928


SUNRISE AND SUNSET
APRIL 28 2015.........SUNRISE   558 AM CDT   SUNSET   738 PM CDT
APRIL 29 2015.........SUNRISE   557 AM CDT   SUNSET   739 PM CDT


-  INDICATES NEGATIVE NUMBERS.
R  INDICATES RECORD WAS SET OR TIED.
MM INDICATES DATA IS MISSING.
T  INDICATES TRACE AMOUNT.




$$
