000
CDUS43 KPAH 250630
CLIEVV


CLIMATE REPORT
NATIONAL WEATHER SERVICE PADUCAH KY
1228 AM CST SUN JAN 25 2015


...................................

...THE EVANSVILLE IN CLIMATE SUMMARY FOR JANUARY 24 2015...

CLIMATE NORMAL PERIOD 1981 TO 2010
CLIMATE RECORD PERIOD 1896 TO 2015


WEATHER ITEM   OBSERVED TIME   RECORD YEAR NORMAL DEPARTURE LAST
                VALUE   (LST)  VALUE       VALUE  FROM      YEAR
                                                  NORMAL
..................................................................
TEMPERATURE (F)
 YESTERDAY
  MAXIMUM         49    414 PM  76    1943  41      8       28
  MINIMUM         24    447 AM -15    1963  24      0        3
  AVERAGE         37                        32      5       16

PRECIPITATION (IN)
  YESTERDAY        0.00          2.22 1929   0.10  -0.10     0.00
  MONTH TO DATE    2.56                      2.36   0.20     1.66
  SINCE DEC 1      5.99                      6.12  -0.13     8.99
  SINCE JAN 1      2.56                      2.36   0.20     1.66

SNOWFALL (IN)
  YESTERDAY        0.0           2.3  1979   0.1   -0.1      0.0
  MONTH TO DATE    0.1                       2.6   -2.5      0.6
  SINCE DEC 1      0.1                       5.8   -5.7      7.8
  SINCE JUL 1      2.5                       6.1   -3.6      7.8
  SNOW DEPTH       0

DEGREE DAYS
 HEATING
  YESTERDAY       28                        32     -4       49
  MONTH TO DATE  782                       786     -4      871
  SINCE DEC 1   1563                      1697   -134     1791
  SINCE JUL 1   2566                      2558      8     2705

 COOLING
  YESTERDAY        0                         0      0        0
  MONTH TO DATE    0                         0      0        0
  SINCE DEC 1      0                         0      0        0
  SINCE JAN 1      0                         0      0        0
..................................................................


WIND (MPH)
  HIGHEST WIND SPEED    16   HIGHEST WIND DIRECTION     W (250)
  HIGHEST GUST SPEED    19   HIGHEST GUST DIRECTION     W (260)
  AVERAGE WIND SPEED     7.2


SKY COVER
  AVERAGE SKY COVER 0.1


WEATHER CONDITIONS
 THE FOLLOWING WEATHER WAS RECORDED YESTERDAY.
  FOG
  HAZE


RELATIVE HUMIDITY (PERCENT)
 HIGHEST    88
 LOWEST     50
 AVERAGE    69

..........................................................


THE EVANSVILLE IN CLIMATE NORMALS FOR TODAY
                         NORMAL    RECORD    YEAR
 MAXIMUM TEMPERATURE (F)   41        74      1950
 MINIMUM TEMPERATURE (F)   24        -7      1963


SUNRISE AND SUNSET
JANUARY 25 2015.......SUNRISE   700 AM CST   SUNSET   505 PM CST
JANUARY 26 2015.......SUNRISE   659 AM CST   SUNSET   506 PM CST


-  INDICATES NEGATIVE NUMBERS.
R  INDICATES RECORD WAS SET OR TIED.
MM INDICATES DATA IS MISSING.
T  INDICATES TRACE AMOUNT.




$$
