000
CDUS43 KIND 040545
CLIEYE


CLIMATE REPORT
NATIONAL WEATHER SERVICE INDIANAPOLIS IN
144 AM EDT SAT JUL 4 2015


...................................

...THE INDIANAPOLIS EAGLE CREEK IN CLIMATE SUMMARY FOR JULY 3 2015...

CLIMATE NORMAL PERIOD 1981 TO 2010
CLIMATE RECORD PERIOD 9999 TO 9999


WEATHER ITEM   OBSERVED TIME   NORMAL DEPARTURE LAST
                VALUE   (LST)  VALUE  FROM      YEAR
                                      NORMAL
......................................................
TEMPERATURE (F)
 YESTERDAY
  MAXIMUM         75    330 PM  84     -9       72
  MINIMUM         61    623 AM  67     -6       60
  AVERAGE         68            76     -8       66

PRECIPITATION (IN)
  YESTERDAY        0.46          0.14   0.32     0.03
  MONTH TO DATE    0.46          0.41   0.05     0.10
  SINCE JUN 1      5.63          4.80   0.83     6.16
  SINCE JAN 1     17.98         21.61  -3.63    22.61

DEGREE DAYS
 HEATING
  YESTERDAY        0             0      0        0
  MONTH TO DATE    0             0      0        0
  SINCE JUN 1     18            14      4        3
  SINCE JUL 1      0             0      0        0

 COOLING
  YESTERDAY        3            10     -7        1
  MONTH TO DATE   12            30    -18       18
  SINCE JUN 1    247           264    -17      269
  SINCE JAN 1    374           348     26      377
......................................................


WIND (MPH)
  HIGHEST WIND SPEED    13   HIGHEST WIND DIRECTION     N (360)
  HIGHEST GUST SPEED    19   HIGHEST GUST DIRECTION    NW (300)
  AVERAGE WIND SPEED     6.1


SKY COVER
  AVERAGE SKY COVER 0.9


WEATHER CONDITIONS
 THE FOLLOWING WEATHER WAS RECORDED YESTERDAY.
  HEAVY RAIN
  LIGHT RAIN
  FOG


RELATIVE HUMIDITY (PERCENT)
 HIGHEST   100           600 AM
 LOWEST     68           100 PM
 AVERAGE    84

..........................................................


THE INDIANAPOLIS EAGLE CREEK IN CLIMATE NORMALS FOR TODAY
                         NORMAL
 MAXIMUM TEMPERATURE (F)   84
 MINIMUM TEMPERATURE (F)   67


SUNRISE AND SUNSET
JULY  4 2015..........SUNRISE   622 AM EDT   SUNSET   917 PM EDT
JULY  5 2015..........SUNRISE   623 AM EDT   SUNSET   917 PM EDT


-  INDICATES NEGATIVE NUMBERS.
R  INDICATES RECORD WAS SET OR TIED.
MM INDICATES DATA IS MISSING.
T  INDICATES TRACE AMOUNT.




$$
