000
CDUS43 KIND 240533
CLIEYE


CLIMATE REPORT
NATIONAL WEATHER SERVICE INDIANAPOLIS IN
133 AM EDT TUE OCT 24 2017


...................................

...THE INDIANAPOLIS EAGLE CREEK IN CLIMATE SUMMARY FOR OCTOBER 23 2017...

CLIMATE NORMAL PERIOD 1981 TO 2010
CLIMATE RECORD PERIOD 9999 TO 9999


WEATHER ITEM   OBSERVED TIME   NORMAL DEPARTURE LAST
                VALUE   (LST)  VALUE  FROM      YEAR
                                      NORMAL
......................................................
TEMPERATURE (F)
 YESTERDAY
  MAXIMUM         68    209 AM  62      6       73
  MINIMUM         48    827 PM  43      5       43
  AVERAGE         58            52      6       58

PRECIPITATION (IN)
  YESTERDAY        0.61          0.10   0.51     0.00
  MONTH TO DATE    3.13          2.34   0.79     3.24
  SINCE SEP 1      3.62          4.59  -0.97     7.28
  SINCE JAN 1     35.76         33.24   2.52    39.31

DEGREE DAYS
 HEATING
  YESTERDAY        7            13     -6        7
  MONTH TO DATE   64           218   -154       95
  SINCE SEP 1     91           276   -185      107
  SINCE JUL 1     91           279   -188      110

 COOLING
  YESTERDAY        0             0      0        0
  MONTH TO DATE   49            12     37       44
  SINCE SEP 1    218           135     83      256
  SINCE JAN 1   1146          1055     91     1445
......................................................


WIND (MPH)
  HIGHEST WIND SPEED    24   HIGHEST WIND DIRECTION    NW (310)
  HIGHEST GUST SPEED    34   HIGHEST GUST DIRECTION    NW (300)
  AVERAGE WIND SPEED     8.2


SKY COVER
  AVERAGE SKY COVER 0.9


WEATHER CONDITIONS
 THE FOLLOWING WEATHER WAS RECORDED YESTERDAY.
  RAIN
  LIGHT RAIN
  FOG


RELATIVE HUMIDITY (PERCENT)
 HIGHEST    93          1000 AM
 LOWEST     59          1200 AM
 AVERAGE    76

..........................................................


THE INDIANAPOLIS EAGLE CREEK IN CLIMATE NORMALS FOR TODAY
                         NORMAL
 MAXIMUM TEMPERATURE (F)   61
 MINIMUM TEMPERATURE (F)   43


SUNRISE AND SUNSET
OCTOBER 24 2017.......SUNRISE   805 AM EDT   SUNSET   653 PM EDT
OCTOBER 25 2017.......SUNRISE   806 AM EDT   SUNSET   651 PM EDT


-  INDICATES NEGATIVE NUMBERS.
R  INDICATES RECORD WAS SET OR TIED.
MM INDICATES DATA IS MISSING.
T  INDICATES TRACE AMOUNT.




$$
