000
CDUS43 KIND 210540
CLIEYE


CLIMATE REPORT
NATIONAL WEATHER SERVICE INDIANAPOLIS IN
134 AM EDT MON AUG 21 2017


...................................

...THE INDIANAPOLIS EAGLE CREEK IN CLIMATE SUMMARY FOR AUGUST 20 2017...

CLIMATE NORMAL PERIOD 1981 TO 2010
CLIMATE RECORD PERIOD 9999 TO 9999


WEATHER ITEM   OBSERVED TIME   NORMAL DEPARTURE LAST
                VALUE   (LST)  VALUE  FROM      YEAR
                                      NORMAL
......................................................
TEMPERATURE (F)
 YESTERDAY
  MAXIMUM         91    419 PM  83      8       83
  MINIMUM         65    551 AM  65      0       70
  AVERAGE         78            74      4       77

PRECIPITATION (IN)
  YESTERDAY        0.00          0.11  -0.11     1.03
  MONTH TO DATE    0.42          1.94  -1.52     4.34
  SINCE JUN 1      9.71         10.59  -0.88    18.56
  SINCE JAN 1     31.55         27.40   4.15    30.07

DEGREE DAYS
 HEATING
  YESTERDAY        0             0      0        0
  MONTH TO DATE    0             0      0        0
  SINCE JUN 1      3            15    -12        3
  SINCE JUL 1      0             1     -1        3

 COOLING
  YESTERDAY       13             9      4       12
  MONTH TO DATE  176           192    -16      274
  SINCE JUN 1    757           744     13      952
  SINCE JAN 1    859           828     31     1054
......................................................


WIND (MPH)
  HIGHEST WIND SPEED    10   HIGHEST WIND DIRECTION     W (280)
  HIGHEST GUST SPEED    13   HIGHEST GUST DIRECTION     W (280)
  AVERAGE WIND SPEED     3.1


SKY COVER
  AVERAGE SKY COVER 0.1


WEATHER CONDITIONS
 THE FOLLOWING WEATHER WAS RECORDED YESTERDAY.
  NO SIGNIFICANT WEATHER WAS OBSERVED.


RELATIVE HUMIDITY (PERCENT)
 HIGHEST    81           600 AM
 LOWEST     36           400 PM
 AVERAGE    59

..........................................................


THE INDIANAPOLIS EAGLE CREEK IN CLIMATE NORMALS FOR TODAY
                         NORMAL
 MAXIMUM TEMPERATURE (F)   83
 MINIMUM TEMPERATURE (F)   65


SUNRISE AND SUNSET
AUGUST 21 2017........SUNRISE   703 AM EDT   SUNSET   833 PM EDT
AUGUST 22 2017........SUNRISE   704 AM EDT   SUNSET   831 PM EDT


-  INDICATES NEGATIVE NUMBERS.
R  INDICATES RECORD WAS SET OR TIED.
MM INDICATES DATA IS MISSING.
T  INDICATES TRACE AMOUNT.




$$
