000
CDUS43 KIND 250531
CLIEYE


CLIMATE REPORT
NATIONAL WEATHER SERVICE INDIANAPOLIS IN
131 AM EDT MON MAY 25 2015


...................................

...THE INDIANAPOLIS EAGLE CREEK IN CLIMATE SUMMARY FOR MAY 24 2015...

CLIMATE NORMAL PERIOD 1981 TO 2010
CLIMATE RECORD PERIOD 9999 TO 9999


WEATHER ITEM   OBSERVED TIME   NORMAL DEPARTURE LAST
                VALUE   (LST)  VALUE  FROM      YEAR
                                      NORMAL
......................................................
TEMPERATURE (F)
 YESTERDAY
  MAXIMUM         84    406 PM  75      9       75
  MINIMUM         56    300 AM  56      0       50
  AVERAGE         70            65      5       63

PRECIPITATION (IN)
  YESTERDAY        T             0.14  -0.14     0.00
  MONTH TO DATE    1.10          4.39  -3.29     3.87
  SINCE MAR 1      9.23         11.59  -2.36    11.53
  SINCE JAN 1     11.71         15.93  -4.22    15.91

DEGREE DAYS
 HEATING
  YESTERDAY        0             3     -3        2
  MONTH TO DATE   80           123    -43      148
  SINCE MAR 1   1232          1193     39     1400
  SINCE JUL 1   5918          5318    600     6226

 COOLING
  YESTERDAY        5             3      2        0
  MONTH TO DATE   76            43     33       48
  SINCE MAR 1     80            58     22       53
  SINCE JAN 1     80            58     22       53
......................................................


WIND (MPH)
  HIGHEST WIND SPEED    16   HIGHEST WIND DIRECTION     S (190)
  HIGHEST GUST SPEED    25   HIGHEST GUST DIRECTION    SW (210)
  AVERAGE WIND SPEED     7.5


SKY COVER
  AVERAGE SKY COVER 0.2


WEATHER CONDITIONS
 THE FOLLOWING WEATHER WAS RECORDED YESTERDAY.
  LIGHT RAIN


RELATIVE HUMIDITY (PERCENT)
 HIGHEST    72           200 AM
 LOWEST     39           400 PM
 AVERAGE    56

..........................................................


THE INDIANAPOLIS EAGLE CREEK IN CLIMATE NORMALS FOR TODAY
                         NORMAL
 MAXIMUM TEMPERATURE (F)   75
 MINIMUM TEMPERATURE (F)   56


SUNRISE AND SUNSET
MAY 25 2015...........SUNRISE   623 AM EDT   SUNSET   902 PM EDT
MAY 26 2015...........SUNRISE   622 AM EDT   SUNSET   903 PM EDT


-  INDICATES NEGATIVE NUMBERS.
R  INDICATES RECORD WAS SET OR TIED.
MM INDICATES DATA IS MISSING.
T  INDICATES TRACE AMOUNT.




$$
