000
CDUS43 KIND 300533
CLIEYE


CLIMATE REPORT
NATIONAL WEATHER SERVICE INDIANAPOLIS IN
133 AM EDT MON MAR 30 2015


...................................

...THE INDIANAPOLIS EAGLE CREEK IN CLIMATE SUMMARY FOR MARCH 29 2015...

CLIMATE NORMAL PERIOD 1981 TO 2010
CLIMATE RECORD PERIOD 9999 TO 9999


WEATHER ITEM   OBSERVED TIME   NORMAL DEPARTURE LAST
                VALUE   (LST)  VALUE  FROM      YEAR
                                      NORMAL
......................................................
TEMPERATURE (F)
 YESTERDAY
  MAXIMUM         50    446 PM  57     -7       39
  MINIMUM         24    300 AM  38    -14       33
  AVERAGE         37            47    -10       36

PRECIPITATION (IN)
  YESTERDAY        0.08          0.14  -0.06     0.43
  MONTH TO DATE    3.07          3.02   0.05     0.98
  SINCE MAR 1      3.07          3.02   0.05     0.98
  SINCE JAN 1      5.55          7.36  -1.81     5.36

DEGREE DAYS
 HEATING
  YESTERDAY       28            18     10       29
  MONTH TO DATE  786           664    122      858
  SINCE MAR 1    786           664    122      858
  SINCE JUL 1   5472          4789    683     5684

 COOLING
  YESTERDAY        0             0      0        0
  MONTH TO DATE    0             0      0        0
  SINCE MAR 1      0             0      0        0
  SINCE JAN 1      0             0      0        0
......................................................


WIND (MPH)
  HIGHEST WIND SPEED    22   HIGHEST WIND DIRECTION     S (190)
  HIGHEST GUST SPEED    31   HIGHEST GUST DIRECTION     S (180)
  AVERAGE WIND SPEED     8.9


SKY COVER
  AVERAGE SKY COVER 0.4


WEATHER CONDITIONS
 THE FOLLOWING WEATHER WAS RECORDED YESTERDAY.
  LIGHT RAIN


RELATIVE HUMIDITY (PERCENT)
 HIGHEST    76          1000 PM
 LOWEST     25           100 PM
 AVERAGE    51

..........................................................


THE INDIANAPOLIS EAGLE CREEK IN CLIMATE NORMALS FOR TODAY
                         NORMAL
 MAXIMUM TEMPERATURE (F)   57
 MINIMUM TEMPERATURE (F)   39


SUNRISE AND SUNSET
MARCH 30 2015.........SUNRISE   733 AM EDT   SUNSET   807 PM EDT
MARCH 31 2015.........SUNRISE   731 AM EDT   SUNSET   808 PM EDT


-  INDICATES NEGATIVE NUMBERS.
R  INDICATES RECORD WAS SET OR TIED.
MM INDICATES DATA IS MISSING.
T  INDICATES TRACE AMOUNT.




$$
