000
CDUS43 KIWX 310526
CLIFWA


CLIMATE REPORT
NATIONAL WEATHER SERVICE NORTHERN INDIANA
125 AM EDT FRI OCT 31 2014


...................................

...THE FORT WAYNE CLIMATE SUMMARY FOR OCTOBER 30 2014...

CLIMATE NORMAL PERIOD 1981 TO 2010
CLIMATE RECORD PERIOD 1897 TO 2014


WEATHER ITEM   OBSERVED TIME   RECORD YEAR NORMAL DEPARTURE LAST
                VALUE   (LST)  VALUE       VALUE  FROM      YEAR
                                                  NORMAL
..................................................................
TEMPERATURE (F)
 YESTERDAY
  MAXIMUM         50    343 PM  79    1950  58     -8       63
                                      1927
  MINIMUM         43   1159 PM  20    1988  38      5       39
  AVERAGE         47                        48     -1       51

PRECIPITATION (IN)
  YESTERDAY        0.00          0.95 1942   0.09  -0.09     0.10
  MONTH TO DATE    2.65                      2.75  -0.10     1.93
  SINCE SEP 1      7.55                      5.55   2.00     3.82
  SINCE JAN 1     37.94                     32.39   5.55    36.16

SNOWFALL (IN)
  YESTERDAY        0.0           0.7  1993   0.0    0.0      0.0
  MONTH TO DATE    T                         0.3   -0.3       T
  SINCE SEP 1      T                         0.3   -0.3       T
  SINCE JUL 1      T                         0.3   -0.3       T
  SNOW DEPTH       0

DEGREE DAYS
 HEATING
  YESTERDAY       18                        17      1       14
  MONTH TO DATE  377                       376      1      380
  SINCE SEP 1    497                       480     17      478
  SINCE JUL 1    521                       492     29      498

 COOLING
  YESTERDAY        0                         0      0        0
  MONTH TO DATE    3                         8     -5       28
  SINCE SEP 1     57                        91    -34      126
  SINCE JAN 1    731                       808    -77      855
..................................................................


WIND (MPH)
  HIGHEST WIND SPEED     8   HIGHEST WIND DIRECTION    SW (210)
  HIGHEST GUST SPEED    11   HIGHEST GUST DIRECTION     S (200)
  AVERAGE WIND SPEED     3.8


SKY COVER
  AVERAGE SKY COVER 1.0


WEATHER CONDITIONS
 THE FOLLOWING WEATHER WAS RECORDED YESTERDAY.
  NO SIGNIFICANT WEATHER WAS OBSERVED.


RELATIVE HUMIDITY (PERCENT)
 HIGHEST    82           600 AM
 LOWEST     56           200 PM
 AVERAGE    69

..........................................................


THE FORT WAYNE CLIMATE NORMALS FOR TODAY
                         NORMAL    RECORD    YEAR
 MAXIMUM TEMPERATURE (F)   58        82      1950
 MINIMUM TEMPERATURE (F)   38        19      1988


SUNRISE AND SUNSET
OCTOBER 31 2014.......SUNRISE   810 AM EDT   SUNSET   638 PM EDT
NOVEMBER  1 2014......SUNRISE   812 AM EDT   SUNSET   637 PM EDT


-  INDICATES NEGATIVE NUMBERS.
R  INDICATES RECORD WAS SET OR TIED.
MM INDICATES DATA IS MISSING.
T  INDICATES TRACE AMOUNT.




$$
