000
CDUS43 KIWX 230523
CLIFWA


CLIMATE REPORT
NATIONAL WEATHER SERVICE NORTHERN INDIANA
123 AM EDT WED JUL 23 2014


...................................

...THE FORT WAYNE CLIMATE SUMMARY FOR JULY 22 2014...

CLIMATE NORMAL PERIOD 1981 TO 2010
CLIMATE RECORD PERIOD 1897 TO 2014


WEATHER ITEM   OBSERVED TIME   RECORD YEAR NORMAL DEPARTURE LAST
                VALUE   (LST)  VALUE       VALUE  FROM      YEAR
                                                  NORMAL
..................................................................
TEMPERATURE (F)
 YESTERDAY
  MAXIMUM         89    454 PM 106    1934  84      5       82
  MINIMUM         62    539 AM  48    1947  63     -1       67
  AVERAGE         76                        73      3       75

PRECIPITATION (IN)
  YESTERDAY        0.00          2.56 1998   0.14  -0.14     0.44
  MONTH TO DATE    0.90                      3.04  -2.14     3.64
  SINCE JUN 1      6.71                      7.20  -0.49     9.55
  SINCE JAN 1     23.25                     22.00   1.25    27.22

SNOWFALL (IN)
  YESTERDAY        0.0           0.0  2002   0.0    0.0      0.0
                                      2001
  MONTH TO DATE    T                         0.0    0.0      0.0
  SINCE JUN 1      T                         0.0    0.0      0.0
  SINCE JUL 1      T                         0.0    0.0      0.0
  SNOW DEPTH       0

DEGREE DAYS
 HEATING
  YESTERDAY        0                         0      0        0
  MONTH TO DATE    9                         0      9        0
  SINCE JUN 1     23                        29     -6       19
  SINCE JUL 1      9                         0      9        0

 COOLING
  YESTERDAY       11                         8      3       10
  MONTH TO DATE  122                       197    -75      227
  SINCE JUN 1    352                       379    -27      415
  SINCE JAN 1    433                       436     -3      520
..................................................................


WIND (MPH)
  HIGHEST WIND SPEED    18   HIGHEST WIND DIRECTION    SW (240)
  HIGHEST GUST SPEED    23   HIGHEST GUST DIRECTION    SW (230)
  AVERAGE WIND SPEED     7.6


SKY COVER
  AVERAGE SKY COVER 0.2


WEATHER CONDITIONS
 THE FOLLOWING WEATHER WAS RECORDED YESTERDAY.
  FOG
  HAZE


RELATIVE HUMIDITY (PERCENT)
 HIGHEST    93           600 AM
 LOWEST     44           200 PM
 AVERAGE    69

..........................................................


THE FORT WAYNE CLIMATE NORMALS FOR TODAY
                         NORMAL    RECORD    YEAR
 MAXIMUM TEMPERATURE (F)   84        98      1934
                                             1933
 MINIMUM TEMPERATURE (F)   63        46      1904


SUNRISE AND SUNSET
JULY 23 2014..........SUNRISE   628 AM EDT   SUNSET   906 PM EDT
JULY 24 2014..........SUNRISE   629 AM EDT   SUNSET   905 PM EDT


-  INDICATES NEGATIVE NUMBERS.
R  INDICATES RECORD WAS SET OR TIED.
MM INDICATES DATA IS MISSING.
T  INDICATES TRACE AMOUNT.




$$
