000
CDUS43 KIWX 012021
CLIFWA


CLIMATE REPORT
NATIONAL WEATHER SERVICE NORTHERN INDIANA
420 PM EDT FRI JUL 1 2016


...................................

...THE FORT WAYNE CLIMATE SUMMARY FOR JULY 1 2016...
VALID TODAY AS OF 0400 PM LOCAL TIME.

CLIMATE NORMAL PERIOD 1981 TO 2010
CLIMATE RECORD PERIOD 1897 TO 2016


WEATHER ITEM   OBSERVED TIME   RECORD YEAR NORMAL DEPARTURE LAST
                VALUE   (LST)  VALUE       VALUE  FROM      YEAR
                                                  NORMAL
..................................................................
TEMPERATURE (F)
 TODAY
  MAXIMUM         76    259 PM  99    1910  85     -9       76
  MINIMUM         65    641 AM  46    1950  63      2       57
  AVERAGE         71                        74     -3       67

PRECIPITATION (IN)
  TODAY            0.05          1.29 1983   0.13  -0.08     0.00
  MONTH TO DATE    0.05                      0.13  -0.08     0.00
  SINCE JUN 1      5.49                      4.29   1.20    11.98
  SINCE JAN 1     19.68                     19.09   0.59    26.11

DEGREE DAYS
 HEATING
  TODAY            0                         0      0        0
  MONTH TO DATE    0                         0      0        0
  SINCE JUN 1     11                        29    -18       28
  SINCE JUL 1      0                         0      0        0

 COOLING
  TODAY            6                         9     -3        2
  MONTH TO DATE    6                         9     -3        2
  SINCE JUN 1    212                       191     21      178
  SINCE JAN 1    286                       248     38      274
..................................................................


WIND (MPH)
  HIGHEST WIND SPEED    18   HIGHEST WIND DIRECTION     N (340)
  HIGHEST GUST SPEED    26   HIGHEST GUST DIRECTION     N (340)
  AVERAGE WIND SPEED    10.7


SKY COVER
  POSSIBLE SUNSHINE  MM
  AVERAGE SKY COVER 0.8


WEATHER CONDITIONS
 THE FOLLOWING WEATHER WAS RECORDED TODAY.
  THUNDERSTORM
  RAIN
  LIGHT RAIN
  FOG


RELATIVE HUMIDITY (PERCENT)
 HIGHEST    87           700 AM
 LOWEST     46           300 PM
 AVERAGE    67

..........................................................


THE FORT WAYNE CLIMATE NORMALS FOR TOMORROW
                         NORMAL    RECORD    YEAR
 MAXIMUM TEMPERATURE (F)   85       100      1955
 MINIMUM TEMPERATURE (F)   63        38      1904


SUNRISE AND SUNSET
JULY  1 2016..........SUNRISE   613 AM EDT   SUNSET   917 PM EDT
JULY  2 2016..........SUNRISE   613 AM EDT   SUNSET   917 PM EDT


-  INDICATES NEGATIVE NUMBERS.
R  INDICATES RECORD WAS SET OR TIED.
MM INDICATES DATA IS MISSING.
T  INDICATES TRACE AMOUNT.




$$
