000
CDUS43 KIWX 220027
CLIFWA


CLIMATE REPORT
NATIONAL WEATHER SERVICE NORTHERN INDIANA
727 PM EST SUN JAN 21 2018


...................................

...THE FORT WAYNE CLIMATE SUMMARY FOR JANUARY 21 2018...
VALID AS OF 0700 PM LOCAL TIME.

CLIMATE NORMAL PERIOD 1981 TO 2010
CLIMATE RECORD PERIOD 1897 TO 2018


WEATHER ITEM   OBSERVED TIME   RECORD YEAR NORMAL DEPARTURE LAST
                VALUE   (LST)  VALUE       VALUE  FROM      YEAR
                                                  NORMAL
..................................................................
TEMPERATURE (F)
 TODAY
  MAXIMUM         46    511 PM  66    1906  32     14       63
  MINIMUM         37    533 AM -21    1984  17     20       45
  AVERAGE         42                        25     17       54

PRECIPITATION (IN)
  TODAY            0.01          2.02 1904   0.06  -0.05     0.00
  MONTH TO DATE    0.88                      1.58  -0.70     4.13
  SINCE DEC 1      1.89                      4.35  -2.46     6.44
  SINCE JAN 1      0.88                      1.58  -0.70     4.13

SNOWFALL (IN)
  TODAY            0.0           3.5  1922   0.3   -0.3      0.0
  MONTH TO DATE    6.6                       6.7   -0.1      0.7
  SINCE DEC 1     18.0                      15.2    2.8     11.6
  SINCE JUL 1     18.0                      17.3    0.7     12.0
  SNOW DEPTH       0

DEGREE DAYS
 HEATING
  TODAY           23                        40    -17       11
  MONTH TO DATE  939                       839    100      696
  SINCE DEC 1   2108                      1950    158     1862
  SINCE JUL 1   3161                      3167     -6     2707

 COOLING
  TODAY            0                         0      0        0
  MONTH TO DATE    0                         0      0        0
  SINCE DEC 1      0                         0      0        0
  SINCE JAN 1      0                         0      0        0
..................................................................


WIND (MPH)
  RESULTANT WIND SPEED   4   RESULTANT WIND DIRECTION   S (180)
  HIGHEST WIND SPEED     9   HIGHEST WIND DIRECTION     S (180)
  HIGHEST GUST SPEED    11   HIGHEST GUST DIRECTION    SW (210)
  AVERAGE WIND SPEED     4.4


SKY COVER
  POSSIBLE SUNSHINE  MM
  AVERAGE SKY COVER 1.0


WEATHER CONDITIONS
 THE FOLLOWING WEATHER WAS RECORDED TODAY.
  LIGHT RAIN
  FOG
  FOG W/VISIBILITY <= 1/4 MILE


RELATIVE HUMIDITY (PERCENT)
 HIGHEST   100           100 AM
 LOWEST     92           800 AM
 AVERAGE    96

..........................................................


THE FORT WAYNE CLIMATE NORMALS FOR TOMORROW
                         NORMAL    RECORD    YEAR
 MAXIMUM TEMPERATURE (F)   32        63      2017
 MINIMUM TEMPERATURE (F)   17       -18      1936


SUNRISE AND SUNSET
JANUARY 21 2018.......SUNRISE   800 AM EST   SUNSET   544 PM EST
JANUARY 22 2018.......SUNRISE   800 AM EST   SUNSET   546 PM EST


-  INDICATES NEGATIVE NUMBERS.
R  INDICATES RECORD WAS SET OR TIED.
MM INDICATES DATA IS MISSING.
T  INDICATES TRACE AMOUNT.




$$
