000
CDUS43 KIWX 240527
CLIFWA


CLIMATE REPORT
NATIONAL WEATHER SERVICE NORTHERN INDIANA
127 AM EDT THU APR 24 2014


...................................

...THE FORT WAYNE CLIMATE SUMMARY FOR APRIL 23 2014...

CLIMATE NORMAL PERIOD 1981 TO 2010
CLIMATE RECORD PERIOD 1897 TO 2014


WEATHER ITEM   OBSERVED TIME   RECORD YEAR NORMAL DEPARTURE LAST
                VALUE   (LST)  VALUE       VALUE  FROM      YEAR
                                                  NORMAL
..................................................................
TEMPERATURE (F)
 YESTERDAY
  MAXIMUM         59    554 PM  86    1925  64     -5       69
  MINIMUM         33    608 AM  24    1986  42     -9       41
  AVERAGE         46                        53     -7       55

PRECIPITATION (IN)
  YESTERDAY        0.00          1.56 1952   0.12  -0.12     0.91
  MONTH TO DATE    3.07                      2.76   0.31     6.22
  SINCE MAR 1      4.97                      5.47  -0.50     8.56
  SINCE JAN 1     11.05                      9.77   1.28    13.85

SNOWFALL (IN)
  YESTERDAY        0.0           0.6  1967   0.1   -0.1      0.0
  MONTH TO DATE    1.1                       1.0    0.1       T
  SINCE MAR 1     14.3                       5.1    9.2     18.1
  SINCE JUL 1     74.7                      33.5   41.2     38.5
  SNOW DEPTH       0

DEGREE DAYS
 HEATING
  YESTERDAY       19                        13      6       10
  MONTH TO DATE  371                       380     -9      407
  SINCE MAR 1   1438                      1206    232     1389
  SINCE JUL 1   6691                      5804    887     5780

 COOLING
  YESTERDAY        0                         0      0        0
  MONTH TO DATE    1                         0      1        0
  SINCE MAR 1      1                         0      1        0
  SINCE JAN 1      1                         0      1        0
..................................................................


WIND (MPH)
  HIGHEST WIND SPEED    15   HIGHEST WIND DIRECTION     N (360)
  HIGHEST GUST SPEED    19   HIGHEST GUST DIRECTION     N (360)
  AVERAGE WIND SPEED     6.9


SKY COVER
  AVERAGE SKY COVER 0.3


WEATHER CONDITIONS
 THE FOLLOWING WEATHER WAS RECORDED YESTERDAY.
  NO SIGNIFICANT WEATHER WAS OBSERVED.


RELATIVE HUMIDITY (PERCENT)
 HIGHEST    75           500 AM
 LOWEST     28           500 PM
 AVERAGE    52

..........................................................


THE FORT WAYNE CLIMATE NORMALS FOR TODAY
                         NORMAL    RECORD    YEAR
 MAXIMUM TEMPERATURE (F)   65        88      1925
 MINIMUM TEMPERATURE (F)   42        27      1930


SUNRISE AND SUNSET
APRIL 24 2014.........SUNRISE   648 AM EDT   SUNSET   830 PM EDT
APRIL 25 2014.........SUNRISE   647 AM EDT   SUNSET   831 PM EDT


-  INDICATES NEGATIVE NUMBERS.
R  INDICATES RECORD WAS SET OR TIED.
MM INDICATES DATA IS MISSING.
T  INDICATES TRACE AMOUNT.




$$
