000
CDUS43 KIWX 260522
CLIFWA


CLIMATE REPORT
NATIONAL WEATHER SERVICE NORTHERN INDIANA
122 AM EDT TUE SEP 26 2017


...................................

...THE FORT WAYNE CLIMATE SUMMARY FOR SEPTEMBER 25 2017...

CLIMATE NORMAL PERIOD 1981 TO 2010
CLIMATE RECORD PERIOD 1897 TO 2017


WEATHER ITEM   OBSERVED TIME   RECORD YEAR NORMAL DEPARTURE LAST
                VALUE   (LST)  VALUE       VALUE  FROM      YEAR
                                                  NORMAL
..................................................................
TEMPERATURE (F)
 YESTERDAY
  MAXIMUM         89    304 PM  92    1908  72     17       83
  MINIMUM         60    702 AM  32    1942  49     11       54
  AVERAGE         75                        60     15       69

PRECIPITATION (IN)
  YESTERDAY        0.00          1.45 2005   0.09  -0.09      T
  MONTH TO DATE    1.67                      2.35  -0.68     4.08
  SINCE SEP 1      1.67                      2.35  -0.68     4.08
  SINCE JAN 1     39.95                     29.19  10.76    27.89

DEGREE DAYS
 HEATING
  YESTERDAY        0                         6     -6        0
  MONTH TO DATE   60                        69     -9        0
  SINCE SEP 1     60                        69     -9        0
  SINCE JUL 1     75                        81     -6        3

 COOLING
  YESTERDAY       10                         1      9        4
  MONTH TO DATE  104                        76     28      143
  SINCE SEP 1    104                        76     28      143
  SINCE JAN 1    792                       793     -1     1069
..................................................................


WIND (MPH)
  HIGHEST WIND SPEED     9   HIGHEST WIND DIRECTION    SE (120)
  HIGHEST GUST SPEED    11   HIGHEST GUST DIRECTION     E (110)
  AVERAGE WIND SPEED     1.4


SKY COVER
  AVERAGE SKY COVER 0.3


WEATHER CONDITIONS
 THE FOLLOWING WEATHER WAS RECORDED YESTERDAY.
  NO SIGNIFICANT WEATHER WAS OBSERVED.


RELATIVE HUMIDITY (PERCENT)
 HIGHEST    90           300 AM
 LOWEST     34           100 PM
 AVERAGE    62

..........................................................


THE FORT WAYNE CLIMATE NORMALS FOR TODAY
                         NORMAL    RECORD    YEAR
 MAXIMUM TEMPERATURE (F)   72        92      1908
 MINIMUM TEMPERATURE (F)   48        30      1907


SUNRISE AND SUNSET
SEPTEMBER 26 2017.....SUNRISE   733 AM EDT   SUNSET   731 PM EDT
SEPTEMBER 27 2017.....SUNRISE   734 AM EDT   SUNSET   729 PM EDT


-  INDICATES NEGATIVE NUMBERS.
R  INDICATES RECORD WAS SET OR TIED.
MM INDICATES DATA IS MISSING.
T  INDICATES TRACE AMOUNT.




$$
