000
CDUS43 KIWX 180522
CLIFWA


CLIMATE REPORT
NATIONAL WEATHER SERVICE NORTHERN INDIANA
122 AM EDT FRI APR 18 2014


...................................

...THE FORT WAYNE CLIMATE SUMMARY FOR APRIL 17 2014...

CLIMATE NORMAL PERIOD 1981 TO 2010
CLIMATE RECORD PERIOD 1897 TO 2014


WEATHER ITEM   OBSERVED TIME   RECORD YEAR NORMAL DEPARTURE LAST
                VALUE   (LST)  VALUE       VALUE  FROM      YEAR
                                                  NORMAL
..................................................................
TEMPERATURE (F)
 YESTERDAY
  MAXIMUM         67    420 PM  85    2002  62      5       56
  MINIMUM         28    624 AM  20    1904  39    -11       46
  AVERAGE         48                        51     -3       51

PRECIPITATION (IN)
  YESTERDAY        0.00          2.56 1963   0.12  -0.12     0.04
  MONTH TO DATE    3.05                      2.04   1.01     2.32
  SINCE MAR 1      4.95                      4.75   0.20     4.66
  SINCE JAN 1     11.03                      9.05   1.98     9.95

SNOWFALL (IN)
  YESTERDAY        0.0           1.8  1949   0.0    0.0      0.0
  MONTH TO DATE    1.1                       0.8    0.3       T
  SINCE MAR 1     14.3                       4.9    9.4     18.1
  SINCE JUL 1     74.7                      33.3   41.4     38.5
  SNOW DEPTH       0

DEGREE DAYS
 HEATING
  YESTERDAY       17                        15      2       14
  MONTH TO DATE  296                       299     -3      304
  SINCE MAR 1   1363                      1125    238     1286
  SINCE JUL 1   6616                      5723    893     5677

 COOLING
  YESTERDAY        0                         0      0        0
  MONTH TO DATE    1                         0      1        0
  SINCE MAR 1      1                         0      1        0
  SINCE JAN 1      1                         0      1        0
..................................................................


WIND (MPH)
  HIGHEST WIND SPEED    25   HIGHEST WIND DIRECTION    SW (210)
  HIGHEST GUST SPEED    30   HIGHEST GUST DIRECTION    SW (230)
  AVERAGE WIND SPEED    11.0


SKY COVER
  AVERAGE SKY COVER 0.7


WEATHER CONDITIONS
 THE FOLLOWING WEATHER WAS RECORDED YESTERDAY.
  NO SIGNIFICANT WEATHER WAS OBSERVED.


RELATIVE HUMIDITY (PERCENT)
 HIGHEST    78           300 AM
 LOWEST     24           100 PM
 AVERAGE    51

..........................................................


THE FORT WAYNE CLIMATE NORMALS FOR TODAY
                         NORMAL    RECORD    YEAR
 MAXIMUM TEMPERATURE (F)   62        87      2002
 MINIMUM TEMPERATURE (F)   40        23      1990


SUNRISE AND SUNSET
APRIL 18 2014.........SUNRISE   657 AM EDT   SUNSET   824 PM EDT
APRIL 19 2014.........SUNRISE   656 AM EDT   SUNSET   825 PM EDT


-  INDICATES NEGATIVE NUMBERS.
R  INDICATES RECORD WAS SET OR TIED.
MM INDICATES DATA IS MISSING.
T  INDICATES TRACE AMOUNT.




$$
