000
CDUS43 KIWX 140029
CLIFWA


CLIMATE REPORT
NATIONAL WEATHER SERVICE NORTHERN INDIANA
729 PM EST WED DEC 13 2017


...................................

...THE FORT WAYNE CLIMATE SUMMARY FOR DECEMBER 13 2017...
VALID AS OF 0700 PM LOCAL TIME.

CLIMATE NORMAL PERIOD 1981 TO 2010
CLIMATE RECORD PERIOD 1897 TO 2017


WEATHER ITEM   OBSERVED TIME   RECORD YEAR NORMAL DEPARTURE LAST
                VALUE   (LST)  VALUE       VALUE  FROM      YEAR
                                                  NORMAL
..................................................................
TEMPERATURE (F)
 TODAY
  MAXIMUM         34    659 PM  63    2015  37     -3       28
  MINIMUM         12    315 AM  -8    1958  23    -11        9
  AVERAGE         23                        30     -7       19

PRECIPITATION (IN)
  TODAY            0.08          1.14 1918   0.08   0.00     0.01
  MONTH TO DATE    0.29                      1.19  -0.90     1.12
  SINCE DEC 1      0.29                      1.19  -0.90     1.12
  SINCE JAN 1     47.97                     36.76  11.21    36.18

SNOWFALL (IN)
  TODAY            0.7           4.1  2000   0.3    0.4      0.1
  MONTH TO DATE    3.4                       2.9    0.5     10.4
  SINCE DEC 1      3.4                       2.9    0.5     10.4
  SINCE JUL 1      3.4                       5.0   -1.6     10.8
  SNOW DEPTH       1

DEGREE DAYS
 HEATING
  TODAY           42                        35      7       46
  MONTH TO DATE  419                       431    -12      462
  SINCE DEC 1    419                       431    -12      462
  SINCE JUL 1   1472                      1648   -176     1307

 COOLING
  TODAY            0                         0      0        0
  MONTH TO DATE    0                         0      0        0
  SINCE DEC 1      0                         0      0        0
  SINCE JAN 1    836                       809     27     1104
..................................................................


WIND (MPH)
  RESULTANT WIND SPEED  10   RESULTANT WIND DIRECTION   S (200)
  HIGHEST WIND SPEED    28   HIGHEST WIND DIRECTION     S (200)
  HIGHEST GUST SPEED    33   HIGHEST GUST DIRECTION     S (200)
  AVERAGE WIND SPEED    11.5


SKY COVER
  POSSIBLE SUNSHINE  MM
  AVERAGE SKY COVER 0.9


WEATHER CONDITIONS
 THE FOLLOWING WEATHER WAS RECORDED TODAY.
  SNOW
  LIGHT SNOW
  FOG
  BLOWING SNOW


RELATIVE HUMIDITY (PERCENT)
 HIGHEST    89           600 PM
 LOWEST     54           300 PM
 AVERAGE    72

..........................................................


THE FORT WAYNE CLIMATE NORMALS FOR TOMORROW
                         NORMAL    RECORD    YEAR
 MAXIMUM TEMPERATURE (F)   36        66      1975
 MINIMUM TEMPERATURE (F)   22        -5      1914


SUNRISE AND SUNSET
DECEMBER 13 2017......SUNRISE   757 AM EST   SUNSET   513 PM EST
DECEMBER 14 2017......SUNRISE   758 AM EST   SUNSET   513 PM EST


-  INDICATES NEGATIVE NUMBERS.
R  INDICATES RECORD WAS SET OR TIED.
MM INDICATES DATA IS MISSING.
T  INDICATES TRACE AMOUNT.




$$
