000
CDUS43 KIWX 310525
CLIFWA


CLIMATE REPORT
NATIONAL WEATHER SERVICE NORTHERN INDIANA
124 AM EDT MON AUG 31 2015


...................................

...THE FORT WAYNE CLIMATE SUMMARY FOR AUGUST 30 2015...

CLIMATE NORMAL PERIOD 1981 TO 2010
CLIMATE RECORD PERIOD 1897 TO 2015


WEATHER ITEM   OBSERVED TIME   RECORD YEAR NORMAL DEPARTURE LAST
                VALUE   (LST)  VALUE       VALUE  FROM      YEAR
                                                  NORMAL
..................................................................
TEMPERATURE (F)
 YESTERDAY
  MAXIMUM         85    336 PM  94    1993  81      4       83
                                      1953
                                      1932
  MINIMUM         64    639 AM  41    1946  59      5       69
  AVERAGE         75                        70      5       76

PRECIPITATION (IN)
  YESTERDAY        T             0.66 1918   0.11  -0.11     0.00
  MONTH TO DATE    3.57                      3.53   0.04     6.00
  SINCE JUN 1     21.52                     11.93   9.59    13.81
  SINCE JAN 1     35.65                     26.73   8.92    30.51

SNOWFALL (IN)
  YESTERDAY        0.0           0.0  2002   0.0    0.0      0.0
                                      2001
  MONTH TO DATE    0.0                       0.0    0.0      0.0
  SINCE JUN 1      0.0                       0.0    0.0       T
  SINCE JUL 1      0.0                       0.0    0.0       T
  SNOW DEPTH       0

DEGREE DAYS
 HEATING
  YESTERDAY        0                         1     -1        0
  MONTH TO DATE    9                         3      6       10
  SINCE JUN 1     37                        35      2       38
  SINCE JUL 1      9                         6      3       24

 COOLING
  YESTERDAY       10                         6      4       11
  MONTH TO DATE  173                       206    -33      203
  SINCE JUN 1    566                       655    -89      583
  SINCE JAN 1    662                       712    -50      664
..................................................................


WIND (MPH)
  HIGHEST WIND SPEED    14   HIGHEST WIND DIRECTION     W (260)
  HIGHEST GUST SPEED    18   HIGHEST GUST DIRECTION    SW (220)
  AVERAGE WIND SPEED     4.5


SKY COVER
  AVERAGE SKY COVER 0.4


WEATHER CONDITIONS
 THE FOLLOWING WEATHER WAS RECORDED YESTERDAY.
  LIGHT RAIN
  FOG
  HAZE


RELATIVE HUMIDITY (PERCENT)
 HIGHEST   100           300 AM
 LOWEST     55           300 PM
 AVERAGE    78

..........................................................


THE FORT WAYNE CLIMATE NORMALS FOR TODAY
                         NORMAL    RECORD    YEAR
 MAXIMUM TEMPERATURE (F)   81        98      1951
 MINIMUM TEMPERATURE (F)   58        43      1915


SUNRISE AND SUNSET
AUGUST 31 2015........SUNRISE   706 AM EDT   SUNSET   815 PM EDT
SEPTEMBER  1 2015.....SUNRISE   707 AM EDT   SUNSET   814 PM EDT


-  INDICATES NEGATIVE NUMBERS.
R  INDICATES RECORD WAS SET OR TIED.
MM INDICATES DATA IS MISSING.
T  INDICATES TRACE AMOUNT.




$$
