000
CDUS43 KIWX 210603
CLIFWA


CLIMATE REPORT
NATIONAL WEATHER SERVICE NORTHERN INDIANA
1235 AM EST WED FEB 21 2018


...................................

...THE FORT WAYNE CLIMATE SUMMARY FOR FEBRUARY 20 2018...

CLIMATE NORMAL PERIOD 1981 TO 2010
CLIMATE RECORD PERIOD 1897 TO 2018


WEATHER ITEM   OBSERVED TIME   RECORD YEAR NORMAL DEPARTURE LAST
                VALUE   (LST)  VALUE       VALUE  FROM      YEAR
                                                  NORMAL
..................................................................
TEMPERATURE (F)
 YESTERDAY
  MAXIMUM         70R   434 PM  67    1930  38     32       65
  MINIMUM         55   1154 PM  -5    2015  21     34       33
  AVERAGE         63                        30     33       49

PRECIPITATION (IN)
  YESTERDAY        0.51          1.00 2014   0.07   0.44     0.00
  MONTH TO DATE    2.65                      1.42   1.23     1.24
  SINCE DEC 1      4.91                      6.45  -1.54     8.26
  SINCE JAN 1      3.90                      3.68   0.22     5.95

SNOWFALL (IN)
  YESTERDAY        0.0           3.0  1938   0.2   -0.2      0.0
  MONTH TO DATE    9.6                       5.8    3.8      2.4
  SINCE DEC 1     28.2                      24.4    3.8     14.6
  SINCE JUL 1     28.2                      26.5    1.7     15.0
  SNOW DEPTH       0

DEGREE DAYS
 HEATING
  YESTERDAY        2                        35    -33       16
  MONTH TO DATE  714                       755    -41      562
  SINCE DEC 1   3111                      3109      2     2712
  SINCE JUL 1   4164                      4326   -162     3557

 COOLING
  YESTERDAY        0                         0      0        0
  MONTH TO DATE    0                         0      0        0
  SINCE DEC 1      0                         0      0        0
  SINCE JAN 1      0                         0      0        0
..................................................................


WIND (MPH)
  HIGHEST WIND SPEED    28   HIGHEST WIND DIRECTION    SW (220)
  HIGHEST GUST SPEED    36   HIGHEST GUST DIRECTION    SW (210)
  AVERAGE WIND SPEED    13.6


SKY COVER
  AVERAGE SKY COVER 1.0


WEATHER CONDITIONS
 THE FOLLOWING WEATHER WAS RECORDED YESTERDAY.
  HEAVY RAIN
  RAIN
  LIGHT RAIN
  FOG


RELATIVE HUMIDITY (PERCENT)
 HIGHEST    93          1100 AM
 LOWEST     66           600 PM
 AVERAGE    80

..........................................................


THE FORT WAYNE CLIMATE NORMALS FOR TODAY
                         NORMAL    RECORD    YEAR
 MAXIMUM TEMPERATURE (F)   38        68      1930
 MINIMUM TEMPERATURE (F)   22        -8      1978


SUNRISE AND SUNSET
FEBRUARY 21 2018......SUNRISE   727 AM EST   SUNSET   622 PM EST
FEBRUARY 22 2018......SUNRISE   725 AM EST   SUNSET   624 PM EST


-  INDICATES NEGATIVE NUMBERS.
R  INDICATES RECORD WAS SET OR TIED.
MM INDICATES DATA IS MISSING.
T  INDICATES TRACE AMOUNT.




$$
