880
CDUS43 KIWX 060521
CLIFWA


CLIMATE REPORT
NATIONAL WEATHER SERVICE NORTHERN INDIANA
1221 AM EST TUE DEC 6 2016


...................................

...THE FORT WAYNE CLIMATE SUMMARY FOR DECEMBER 5 2016...

CLIMATE NORMAL PERIOD 1981 TO 2010
CLIMATE RECORD PERIOD 1897 TO 2016


WEATHER ITEM   OBSERVED TIME   RECORD YEAR NORMAL DEPARTURE LAST
                VALUE   (LST)  VALUE       VALUE  FROM      YEAR
                                                  NORMAL
..................................................................
TEMPERATURE (F)
 YESTERDAY
  MAXIMUM         36    354 PM  67    2001  40     -4       43
  MINIMUM         27   1008 PM  -2    1964  25      2       28
  AVERAGE         32                        32      0       36

PRECIPITATION (IN)
  YESTERDAY        0.00          0.69 1924   0.10  -0.10     0.00
  MONTH TO DATE    0.35                      0.48  -0.13     0.07
  SINCE DEC 1      0.35                      0.48  -0.13     0.07
  SINCE JAN 1     35.41                     36.05  -0.64    42.31

SNOWFALL (IN)
  YESTERDAY        0.0           5.0  2003   0.2   -0.2      0.0
                                      1977
  MONTH TO DATE    2.7                       0.9    1.8      0.2
  SINCE DEC 1      2.7                       0.9    1.8      0.2
  SINCE JUL 1      3.1                       3.0    0.1      4.4
  SNOW DEPTH       1

DEGREE DAYS
 HEATING
  YESTERDAY       33                        32      1       29
  MONTH TO DATE  148                       158    -10      141
  SINCE DEC 1    148                       158    -10      141
  SINCE JUL 1    993                      1375   -382     1110

 COOLING
  YESTERDAY        0                         0      0        0
  MONTH TO DATE    0                         0      0        0
  SINCE DEC 1      0                         0      0        0
  SINCE JAN 1   1104                       809    295      811
..................................................................


WIND (MPH)
  HIGHEST WIND SPEED    21   HIGHEST WIND DIRECTION     W (280)
  HIGHEST GUST SPEED    26   HIGHEST GUST DIRECTION     W (290)
  AVERAGE WIND SPEED     8.1


SKY COVER
  AVERAGE SKY COVER 0.8


WEATHER CONDITIONS
 THE FOLLOWING WEATHER WAS RECORDED YESTERDAY.
  FOG


RELATIVE HUMIDITY (PERCENT)
 HIGHEST    92           800 PM
 LOWEST     82           600 AM
 AVERAGE    87

..........................................................


THE FORT WAYNE CLIMATE NORMALS FOR TODAY
                         NORMAL    RECORD    YEAR
 MAXIMUM TEMPERATURE (F)   39        69      1998
 MINIMUM TEMPERATURE (F)   25        -5      1964


SUNRISE AND SUNSET
DECEMBER  6 2016......SUNRISE   752 AM EST   SUNSET   512 PM EST
DECEMBER  7 2016......SUNRISE   753 AM EST   SUNSET   512 PM EST


-  INDICATES NEGATIVE NUMBERS.
R  INDICATES RECORD WAS SET OR TIED.
MM INDICATES DATA IS MISSING.
T  INDICATES TRACE AMOUNT.




$$
