000
CDUS43 KIND 240533
CLIGEZ


CLIMATE REPORT
NATIONAL WEATHER SERVICE INDIANAPOLIS IN
133 AM EDT TUE OCT 24 2017


...................................

...THE SHELBYVILLE IN CLIMATE SUMMARY FOR OCTOBER 23 2017...

CLIMATE NORMAL PERIOD 1981 TO 2010
CLIMATE RECORD PERIOD 9999 TO 9999


WEATHER ITEM   OBSERVED TIME   NORMAL DEPARTURE LAST
                VALUE   (LST)  VALUE  FROM      YEAR
                                      NORMAL
......................................................
TEMPERATURE (F)
 YESTERDAY
  MAXIMUM         68   1259 AM  63      5       74
  MINIMUM         47   1030 PM  41      6       43
  AVERAGE         58            52      6       59

PRECIPITATION (IN)
  YESTERDAY        0.41          0.10   0.31     0.00
  MONTH TO DATE    4.19          2.38   1.81     1.99
  SINCE SEP 1      5.95          5.55   0.40     5.79
  SINCE JAN 1     38.84         35.83   3.01    38.98

DEGREE DAYS
 HEATING
  YESTERDAY        7            13     -6        6
  MONTH TO DATE   66           235   -169       92
  SINCE SEP 1    116           314   -198      105
  SINCE JUL 1    116           320   -204      107

 COOLING
  YESTERDAY        0             0      0        0
  MONTH TO DATE   50            11     39       63
  SINCE SEP 1    196           104     92      281
  SINCE JAN 1   1132           910    222     1460
......................................................


WIND (MPH)
  HIGHEST WIND SPEED    21   HIGHEST WIND DIRECTION     W (290)
  HIGHEST GUST SPEED    27   HIGHEST GUST DIRECTION     W (290)
  AVERAGE WIND SPEED    10.2


SKY COVER
  AVERAGE SKY COVER 0.8


WEATHER CONDITIONS
 THE FOLLOWING WEATHER WAS RECORDED YESTERDAY.
  RAIN
  LIGHT RAIN
  FOG
  HAZE


RELATIVE HUMIDITY (PERCENT)
 HIGHEST    93          1000 PM
 LOWEST     59          1200 AM
 AVERAGE    76

..........................................................


THE SHELBYVILLE IN CLIMATE NORMALS FOR TODAY
                         NORMAL
 MAXIMUM TEMPERATURE (F)   63
 MINIMUM TEMPERATURE (F)   40


SUNRISE AND SUNSET
OCTOBER 24 2017.......SUNRISE   803 AM EDT   SUNSET   651 PM EDT
OCTOBER 25 2017.......SUNRISE   804 AM EDT   SUNSET   650 PM EDT


-  INDICATES NEGATIVE NUMBERS.
R  INDICATES RECORD WAS SET OR TIED.
MM INDICATES DATA IS MISSING.
T  INDICATES TRACE AMOUNT.




$$
