458
CDUS43 KIND 170534
CLIGEZ


CLIMATE REPORT
NATIONAL WEATHER SERVICE INDIANAPOLIS IN
1233 AM EST FRI NOV 17 2017


...................................

...THE SHELBYVILLE IN CLIMATE SUMMARY FOR NOVEMBER 16 2017...

CLIMATE NORMAL PERIOD 1981 TO 2010
CLIMATE RECORD PERIOD 9999 TO 9999


WEATHER ITEM   OBSERVED TIME   NORMAL DEPARTURE LAST
                VALUE   (LST)  VALUE  FROM      YEAR
                                      NORMAL
......................................................
TEMPERATURE (F)
 YESTERDAY
  MAXIMUM         MM        MM  53     MM       64
  MINIMUM         MM        MM  34     MM       33
  AVERAGE         MM            44     MM       49

PRECIPITATION (IN)
  YESTERDAY        0.00          0.13  -0.13     0.00
  MONTH TO DATE    5.77          1.98   3.79     0.17
  SINCE SEP 1     12.35          8.26   4.09     6.04
  SINCE JAN 1     45.24         38.54   6.70    39.23

DEGREE DAYS
 HEATING
  YESTERDAY       MM            21     MM       16
  MONTH TO DATE  278           293    -15      222
  SINCE SEP 1    582           722   -140      392
  SINCE JUL 1    582           728   -146      394

 COOLING
  YESTERDAY       MM             0     MM        0
  MONTH TO DATE    0             0      0        7
  SINCE SEP 1    196           107     89      291
  SINCE JAN 1   1132           913    219     1470
......................................................


WIND (MPH)
  HIGHEST WIND SPEED    10   HIGHEST WIND DIRECTION    NW (310)
  HIGHEST GUST SPEED    MM   HIGHEST GUST DIRECTION    MM
  AVERAGE WIND SPEED     5.8


SKY COVER
  AVERAGE SKY COVER 0.5


WEATHER CONDITIONS
 THE FOLLOWING WEATHER WAS RECORDED YESTERDAY.
  NO SIGNIFICANT WEATHER WAS OBSERVED.


RELATIVE HUMIDITY (PERCENT)
 HIGHEST    76          1200 AM
 LOWEST     59           300 PM
 AVERAGE    68

..........................................................


THE SHELBYVILLE IN CLIMATE NORMALS FOR TODAY
                         NORMAL
 MAXIMUM TEMPERATURE (F)   53
 MINIMUM TEMPERATURE (F)   34


SUNRISE AND SUNSET
NOVEMBER 17 2017......SUNRISE   730 AM EST   SUNSET   526 PM EST
NOVEMBER 18 2017......SUNRISE   731 AM EST   SUNSET   525 PM EST


-  INDICATES NEGATIVE NUMBERS.
R  INDICATES RECORD WAS SET OR TIED.
MM INDICATES DATA IS MISSING.
T  INDICATES TRACE AMOUNT.




$$
