000
CDUS43 KIND 170537
CLIGEZ


CLIMATE REPORT
NATIONAL WEATHER SERVICE INDIANAPOLIS IN
136 AM EDT THU APR 17 2014


...................................

...THE SHELBYVILLE IN CLIMATE SUMMARY FOR APRIL 16 2014...

CLIMATE NORMAL PERIOD 1981 TO 2010
CLIMATE RECORD PERIOD 9999 TO 9999


WEATHER ITEM   OBSERVED TIME   NORMAL DEPARTURE LAST
                VALUE   (LST)  VALUE  FROM      YEAR
                                      NORMAL
......................................................
TEMPERATURE (F)
 YESTERDAY
  MAXIMUM         52    441 PM  64    -12       69
  MINIMUM         29    151 AM  42    -13       53
  AVERAGE         41            53    -12       61

PRECIPITATION (IN)
  YESTERDAY        0.00          0.14  -0.14     0.74
  MONTH TO DATE    3.92          2.02   1.90     1.26
  SINCE MAR 1      5.98          5.45   0.53     2.52
  SINCE JAN 1      9.86         10.20  -0.34     7.72

DEGREE DAYS
 HEATING
  YESTERDAY       24            12     12        4
  MONTH TO DATE  199           237    -38      190
  SINCE MAR 1   1017           957     60     1037
  SINCE JUL 1   5515          5120    395     4839

 COOLING
  YESTERDAY        0             0      0        0
  MONTH TO DATE    8             0      8       10
  SINCE MAR 1      8             1      7       10
  SINCE JAN 1      8             1      7       10
......................................................


WIND (MPH)
  HIGHEST WIND SPEED    20   HIGHEST WIND DIRECTION     E (110)
  HIGHEST GUST SPEED    25   HIGHEST GUST DIRECTION     E (100)
  AVERAGE WIND SPEED    10.4


SKY COVER
  AVERAGE SKY COVER 0.0


WEATHER CONDITIONS
 THE FOLLOWING WEATHER WAS RECORDED YESTERDAY.
  NO SIGNIFICANT WEATHER WAS OBSERVED.


RELATIVE HUMIDITY (PERCENT)
 HIGHEST    69          1200 AM
 LOWEST     30           500 PM
 AVERAGE    50

..........................................................


THE SHELBYVILLE IN CLIMATE NORMALS FOR TODAY
                         NORMAL
 MAXIMUM TEMPERATURE (F)   64
 MINIMUM TEMPERATURE (F)   43


SUNRISE AND SUNSET
APRIL 17 2014.........SUNRISE   703 AM EDT   SUNSET   823 PM EDT
APRIL 18 2014.........SUNRISE   702 AM EDT   SUNSET   824 PM EDT


-  INDICATES NEGATIVE NUMBERS.
R  INDICATES RECORD WAS SET OR TIED.
MM INDICATES DATA IS MISSING.
T  INDICATES TRACE AMOUNT.




$$
