000
CDUS43 KIND 210540
CLIGEZ


CLIMATE REPORT
NATIONAL WEATHER SERVICE INDIANAPOLIS IN
134 AM EDT MON AUG 21 2017


...................................

...THE SHELBYVILLE IN CLIMATE SUMMARY FOR AUGUST 20 2017...

CLIMATE NORMAL PERIOD 1981 TO 2010
CLIMATE RECORD PERIOD 9999 TO 9999


WEATHER ITEM   OBSERVED TIME   NORMAL DEPARTURE LAST
                VALUE   (LST)  VALUE  FROM      YEAR
                                      NORMAL
......................................................
TEMPERATURE (F)
 YESTERDAY
  MAXIMUM         90    345 PM  83      7       83
  MINIMUM         64    620 AM  61      3       70
  AVERAGE         77            72      5       77

PRECIPITATION (IN)
  YESTERDAY        0.00          0.13  -0.13     0.47
  MONTH TO DATE    0.56          1.96  -1.40     5.05
  SINCE JUN 1     12.94         11.07   1.87    14.49
  SINCE JAN 1     31.56         28.85   2.71    31.03

DEGREE DAYS
 HEATING
  YESTERDAY        0             0      0        0
  MONTH TO DATE    0             0      0        0
  SINCE JUN 1      1            16    -15        2
  SINCE JUL 1      0             1     -1        2

 COOLING
  YESTERDAY       12             7      5       12
  MONTH TO DATE  145           158    -13      261
  SINCE JUN 1    727           650     77      928
  SINCE JAN 1    889           731    158     1051
......................................................


WIND (MPH)
  HIGHEST WIND SPEED    12   HIGHEST WIND DIRECTION    SW (220)
  HIGHEST GUST SPEED    14   HIGHEST GUST DIRECTION    SW (220)
  AVERAGE WIND SPEED     4.5


SKY COVER
  AVERAGE SKY COVER 0.1


WEATHER CONDITIONS
 THE FOLLOWING WEATHER WAS RECORDED YESTERDAY.
  NO SIGNIFICANT WEATHER WAS OBSERVED.


RELATIVE HUMIDITY (PERCENT)
 HIGHEST    87           200 AM
 LOWEST     43           200 PM
 AVERAGE    65

..........................................................


THE SHELBYVILLE IN CLIMATE NORMALS FOR TODAY
                         NORMAL
 MAXIMUM TEMPERATURE (F)   83
 MINIMUM TEMPERATURE (F)   61


SUNRISE AND SUNSET
AUGUST 21 2017........SUNRISE   701 AM EDT   SUNSET   830 PM EDT
AUGUST 22 2017........SUNRISE   702 AM EDT   SUNSET   829 PM EDT


-  INDICATES NEGATIVE NUMBERS.
R  INDICATES RECORD WAS SET OR TIED.
MM INDICATES DATA IS MISSING.
T  INDICATES TRACE AMOUNT.




$$
