000
CDUS43 KIND 200537
CLIGEZ


CLIMATE REPORT
NATIONAL WEATHER SERVICE INDIANAPOLIS IN
135 AM EDT SAT SEP 20 2014


...................................

...THE SHELBYVILLE IN CLIMATE SUMMARY FOR SEPTEMBER 19 2014...

CLIMATE NORMAL PERIOD 1981 TO 2010
CLIMATE RECORD PERIOD 9999 TO 9999


WEATHER ITEM   OBSERVED TIME   NORMAL DEPARTURE LAST
                VALUE   (LST)  VALUE  FROM      YEAR
                                      NORMAL
......................................................
TEMPERATURE (F)
 YESTERDAY
  MAXIMUM         77    408 PM  77      0       82
  MINIMUM         49    653 AM  52     -3       67
  AVERAGE         63            64     -1       75

PRECIPITATION (IN)
  YESTERDAY        0.00          0.10  -0.10     0.89
  MONTH TO DATE    2.64          2.03   0.61     1.55
  SINCE SEP 1      2.64          2.03   0.61     1.55
  SINCE JAN 1     29.55         32.31  -2.76    22.96

DEGREE DAYS
 HEATING
  YESTERDAY        2             3     -1        0
  MONTH TO DATE   47            25     22       17
  SINCE SEP 1     47            25     22       17
  SINCE JUL 1     52            31     21       25

 COOLING
  YESTERDAY        0             2     -2       10
  MONTH TO DATE   76            75      1      138
  SINCE SEP 1     76            75      1      138
  SINCE JAN 1   1046           881    165     1123
......................................................


WIND (MPH)
  HIGHEST WIND SPEED    16   HIGHEST WIND DIRECTION     E (100)
  HIGHEST GUST SPEED    22   HIGHEST GUST DIRECTION     E (90)
  AVERAGE WIND SPEED     6.5


SKY COVER
  AVERAGE SKY COVER 0.0


WEATHER CONDITIONS
 THE FOLLOWING WEATHER WAS RECORDED YESTERDAY.
  FOG
  HAZE


RELATIVE HUMIDITY (PERCENT)
 HIGHEST    93           700 AM
 LOWEST     35          1200 PM
 AVERAGE    64

..........................................................


THE SHELBYVILLE IN CLIMATE NORMALS FOR TODAY
                         NORMAL
 MAXIMUM TEMPERATURE (F)   77
 MINIMUM TEMPERATURE (F)   51


SUNRISE AND SUNSET
SEPTEMBER 20 2014.....SUNRISE   729 AM EDT   SUNSET   744 PM EDT
SEPTEMBER 21 2014.....SUNRISE   730 AM EDT   SUNSET   742 PM EDT


-  INDICATES NEGATIVE NUMBERS.
R  INDICATES RECORD WAS SET OR TIED.
MM INDICATES DATA IS MISSING.
T  INDICATES TRACE AMOUNT.




$$
