000
CDUS43 KIND 300536
CLIGEZ


CLIMATE REPORT
NATIONAL WEATHER SERVICE INDIANAPOLIS IN
1236 AM EST FRI JAN 30 2015


...................................

...THE SHELBYVILLE IN CLIMATE SUMMARY FOR JANUARY 29 2015...

CLIMATE NORMAL PERIOD 1981 TO 2010
CLIMATE RECORD PERIOD 9999 TO 9999


WEATHER ITEM   OBSERVED TIME   NORMAL DEPARTURE LAST
                VALUE   (LST)  VALUE  FROM      YEAR
                                      NORMAL
......................................................
TEMPERATURE (F)
 YESTERDAY
  MAXIMUM         47   1102 AM  37     10       26
  MINIMUM         34   1000 PM  21     13        2
  AVERAGE         41            29     12       14

PRECIPITATION (IN)
  YESTERDAY        T             0.06  -0.06     0.00
  MONTH TO DATE    1.86          2.27  -0.41     2.01
  SINCE DEC 1      4.84          5.54  -0.70     7.89
  SINCE JAN 1      1.86          2.27  -0.41     2.01

DEGREE DAYS
 HEATING
  YESTERDAY       24            36    -12       51
  MONTH TO DATE 1060          1044     16     1215
  SINCE DEC 1   1957          2073   -116     2228
  SINCE JUL 1   3141          3148     -7     3294

 COOLING
  YESTERDAY        0             0      0        0
  MONTH TO DATE    0             0      0        0
  SINCE DEC 1      0             0      0        0
  SINCE JAN 1      0             0      0        0
......................................................


WIND (MPH)
  HIGHEST WIND SPEED    30   HIGHEST WIND DIRECTION     W (270)
  HIGHEST GUST SPEED    35   HIGHEST GUST DIRECTION     W (270)
  AVERAGE WIND SPEED    16.5


SKY COVER
  AVERAGE SKY COVER 0.8


WEATHER CONDITIONS
 THE FOLLOWING WEATHER WAS RECORDED YESTERDAY.
  LIGHT RAIN
  FOG
  HAZE


RELATIVE HUMIDITY (PERCENT)
 HIGHEST    82           200 PM
 LOWEST     52           300 AM
 AVERAGE    67

..........................................................


THE SHELBYVILLE IN CLIMATE NORMALS FOR TODAY
                         NORMAL
 MAXIMUM TEMPERATURE (F)   37
 MINIMUM TEMPERATURE (F)   21


SUNRISE AND SUNSET
JANUARY 30 2015.......SUNRISE   753 AM EST   SUNSET   601 PM EST
JANUARY 31 2015.......SUNRISE   752 AM EST   SUNSET   602 PM EST


-  INDICATES NEGATIVE NUMBERS.
R  INDICATES RECORD WAS SET OR TIED.
MM INDICATES DATA IS MISSING.
T  INDICATES TRACE AMOUNT.




$$
