000
CDUS43 KIND 270532
CLIGEZ


CLIMATE REPORT
NATIONAL WEATHER SERVICE INDIANAPOLIS IN
131 AM EDT FRI MAR 27 2015


...................................

...THE SHELBYVILLE IN CLIMATE SUMMARY FOR MARCH 26 2015...

CLIMATE NORMAL PERIOD 1981 TO 2010
CLIMATE RECORD PERIOD 9999 TO 9999


WEATHER ITEM   OBSERVED TIME   NORMAL DEPARTURE LAST
                VALUE   (LST)  VALUE  FROM      YEAR
                                      NORMAL
......................................................
TEMPERATURE (F)
 YESTERDAY
  MAXIMUM         47    128 AM  56     -9       43
  MINIMUM         34   1118 PM  35     -1       20
  AVERAGE         41            46     -5       32

PRECIPITATION (IN)
  YESTERDAY        0.55          0.13   0.42     0.00
  MONTH TO DATE    3.81          2.73   1.08     0.88
  SINCE MAR 1      3.81          2.73   1.08     0.88
  SINCE JAN 1      6.83          7.48  -0.65     4.76

DEGREE DAYS
 HEATING
  YESTERDAY       24            19      5       33
  MONTH TO DATE  643           629     14      722
  SINCE MAR 1    643           629     14      722
  SINCE JUL 1   5084          4792    292     5220

 COOLING
  YESTERDAY        0             0      0        0
  MONTH TO DATE    0             0      0        0
  SINCE MAR 1      0             0      0        0
  SINCE JAN 1      0             0      0        0
......................................................


WIND (MPH)
  HIGHEST WIND SPEED    17   HIGHEST WIND DIRECTION    NW (330)
  HIGHEST GUST SPEED    21   HIGHEST GUST DIRECTION    NW (300)
  AVERAGE WIND SPEED     9.6


SKY COVER
  AVERAGE SKY COVER 0.9


WEATHER CONDITIONS
 THE FOLLOWING WEATHER WAS RECORDED YESTERDAY.
  RAIN
  LIGHT RAIN
  FOG


RELATIVE HUMIDITY (PERCENT)
 HIGHEST    92           300 AM
 LOWEST     62           700 PM
 AVERAGE    77

..........................................................


THE SHELBYVILLE IN CLIMATE NORMALS FOR TODAY
                         NORMAL
 MAXIMUM TEMPERATURE (F)   57
 MINIMUM TEMPERATURE (F)   36


SUNRISE AND SUNSET
MARCH 27 2015.........SUNRISE   736 AM EDT   SUNSET   802 PM EDT
MARCH 28 2015.........SUNRISE   734 AM EDT   SUNSET   803 PM EDT


-  INDICATES NEGATIVE NUMBERS.
R  INDICATES RECORD WAS SET OR TIED.
MM INDICATES DATA IS MISSING.
T  INDICATES TRACE AMOUNT.




$$
