000
CDUS43 KIND 120534
CLIGEZ


CLIMATE REPORT
NATIONAL WEATHER SERVICE INDIANAPOLIS IN
1231 AM EST TUE DEC 12 2017


...................................

...THE SHELBYVILLE IN CLIMATE SUMMARY FOR DECEMBER 11 2017...

CLIMATE NORMAL PERIOD 1981 TO 2010
CLIMATE RECORD PERIOD 9999 TO 9999


WEATHER ITEM   OBSERVED TIME   NORMAL DEPARTURE LAST
                VALUE   (LST)  VALUE  FROM      YEAR
                                      NORMAL
......................................................
TEMPERATURE (F)
 YESTERDAY
  MAXIMUM         46    438 PM  40      6       39
  MINIMUM         20    537 AM  25     -5       28
  AVERAGE         33            33      0       34

PRECIPITATION (IN)
  YESTERDAY        0.00          0.10  -0.10     0.08
  MONTH TO DATE    0.27          1.20  -0.93     0.66
  SINCE DEC 1      0.27          1.20  -0.93     0.66
  SINCE JAN 1     46.31         41.49   4.82    42.01

DEGREE DAYS
 HEATING
  YESTERDAY       32            32      0       31
  MONTH TO DATE  320           334    -14      343
  SINCE DEC 1    320           334    -14      343
  SINCE JUL 1   1213          1409   -196     1029

 COOLING
  YESTERDAY        0             0      0        0
  MONTH TO DATE    0             0      0        0
  SINCE DEC 1      0             0      0        0
  SINCE JAN 1   1132           913    219     1470
......................................................


WIND (MPH)
  HIGHEST WIND SPEED    25   HIGHEST WIND DIRECTION     W (280)
  HIGHEST GUST SPEED    33   HIGHEST GUST DIRECTION     W (280)
  AVERAGE WIND SPEED    10.8


SKY COVER
  AVERAGE SKY COVER 0.2


WEATHER CONDITIONS
 THE FOLLOWING WEATHER WAS RECORDED YESTERDAY.
  NO SIGNIFICANT WEATHER WAS OBSERVED.


RELATIVE HUMIDITY (PERCENT)
 HIGHEST    84           500 AM
 LOWEST     45           400 PM
 AVERAGE    65

..........................................................


THE SHELBYVILLE IN CLIMATE NORMALS FOR TODAY
                         NORMAL
 MAXIMUM TEMPERATURE (F)   40
 MINIMUM TEMPERATURE (F)   25


SUNRISE AND SUNSET
DECEMBER 12 2017......SUNRISE   755 AM EST   SUNSET   519 PM EST
DECEMBER 13 2017......SUNRISE   755 AM EST   SUNSET   520 PM EST


-  INDICATES NEGATIVE NUMBERS.
R  INDICATES RECORD WAS SET OR TIED.
MM INDICATES DATA IS MISSING.
T  INDICATES TRACE AMOUNT.




$$
