000
CDUS43 KIND 280532
CLIGEZ


CLIMATE REPORT
NATIONAL WEATHER SERVICE INDIANAPOLIS IN
131 AM EDT THU JUL 28 2016


...................................

...THE SHELBYVILLE IN CLIMATE SUMMARY FOR JULY 27 2016...

CLIMATE NORMAL PERIOD 1981 TO 2010
CLIMATE RECORD PERIOD 9999 TO 9999


WEATHER ITEM   OBSERVED TIME   NORMAL DEPARTURE LAST
                VALUE   (LST)  VALUE  FROM      YEAR
                                      NORMAL
......................................................
TEMPERATURE (F)
 YESTERDAY
  MAXIMUM         90    429 PM  84      6       88
  MINIMUM         67    438 AM  64      3       72
  AVERAGE         79            74      5       80

PRECIPITATION (IN)
  YESTERDAY        0.00          0.14  -0.14     0.02
  MONTH TO DATE    5.08          4.16   0.92     7.74
  SINCE JUN 1      9.23          8.56   0.67    15.56
  SINCE JAN 1     25.77         26.34  -0.57    29.60

DEGREE DAYS
 HEATING
  YESTERDAY        0             0      0        0
  MONTH TO DATE    2             0      2        0
  SINCE JUN 1      2            15    -13       21
  SINCE JUL 1      2             0      2        0

 COOLING
  YESTERDAY       14             9      5       15
  MONTH TO DATE  307           243     64      255
  SINCE JUN 1    621           452    169      546
  SINCE JAN 1    744           533    211      734
......................................................


WIND (MPH)
  HIGHEST WIND SPEED     7   HIGHEST WIND DIRECTION     N (360)
  HIGHEST GUST SPEED     9   HIGHEST GUST DIRECTION     W (290)
  AVERAGE WIND SPEED     1.2


SKY COVER
  AVERAGE SKY COVER 0.1


WEATHER CONDITIONS
 THE FOLLOWING WEATHER WAS RECORDED YESTERDAY.
  FOG
  HAZE


RELATIVE HUMIDITY (PERCENT)
 HIGHEST    90           200 AM
 LOWEST     46           200 PM
 AVERAGE    68

..........................................................


THE SHELBYVILLE IN CLIMATE NORMALS FOR TODAY
                         NORMAL
 MAXIMUM TEMPERATURE (F)   84
 MINIMUM TEMPERATURE (F)   63


SUNRISE AND SUNSET
JULY 28 2016..........SUNRISE   639 AM EDT   SUNSET   859 PM EDT
JULY 29 2016..........SUNRISE   640 AM EDT   SUNSET   858 PM EDT


-  INDICATES NEGATIVE NUMBERS.
R  INDICATES RECORD WAS SET OR TIED.
MM INDICATES DATA IS MISSING.
T  INDICATES TRACE AMOUNT.




$$
