000
CDUS43 KIND 290543
CLIGEZ


CLIMATE REPORT
NATIONAL WEATHER SERVICE INDIANAPOLIS IN
142 AM EDT WED JUN 29 2016


...................................

...THE SHELBYVILLE IN CLIMATE SUMMARY FOR JUNE 28 2016...

CLIMATE NORMAL PERIOD 1981 TO 2010
CLIMATE RECORD PERIOD 9999 TO 9999


WEATHER ITEM   OBSERVED TIME   NORMAL DEPARTURE LAST
                VALUE   (LST)  VALUE  FROM      YEAR
                                      NORMAL
......................................................
TEMPERATURE (F)
 YESTERDAY
  MAXIMUM         82    129 PM  85     -3       79
  MINIMUM         59   1159 PM  63     -4       55
  AVERAGE         71            74     -3       67

PRECIPITATION (IN)
  YESTERDAY        0.00          0.13  -0.13      T
  MONTH TO DATE    4.15          4.17  -0.02     6.56
  SINCE JUN 1      4.15          4.17  -0.02     6.56
  SINCE JAN 1     20.69         21.95  -1.26    20.60

DEGREE DAYS
 HEATING
  YESTERDAY        0             0      0        0
  MONTH TO DATE    0            11    -11       21
  SINCE JUN 1      0            11    -11       21
  SINCE JUL 1   4071          5406  -1335     5577

 COOLING
  YESTERDAY        6             9     -3        2
  MONTH TO DATE  308           192    116      276
  SINCE JUN 1    308           192    116      276
  SINCE JAN 1    431           273    158      464
......................................................


WIND (MPH)
  HIGHEST WIND SPEED    20   HIGHEST WIND DIRECTION     N (350)
  HIGHEST GUST SPEED    26   HIGHEST GUST DIRECTION     N (360)
  AVERAGE WIND SPEED     9.4


SKY COVER
  AVERAGE SKY COVER 0.1


WEATHER CONDITIONS
 THE FOLLOWING WEATHER WAS RECORDED YESTERDAY.
  NO SIGNIFICANT WEATHER WAS OBSERVED.


RELATIVE HUMIDITY (PERCENT)
 HIGHEST    81           400 AM
 LOWEST     48           200 PM
 AVERAGE    65

..........................................................


THE SHELBYVILLE IN CLIMATE NORMALS FOR TODAY
                         NORMAL
 MAXIMUM TEMPERATURE (F)   85
 MINIMUM TEMPERATURE (F)   63


SUNRISE AND SUNSET
JUNE 29 2016..........SUNRISE   619 AM EDT   SUNSET   915 PM EDT
JUNE 30 2016..........SUNRISE   619 AM EDT   SUNSET   915 PM EDT


-  INDICATES NEGATIVE NUMBERS.
R  INDICATES RECORD WAS SET OR TIED.
MM INDICATES DATA IS MISSING.
T  INDICATES TRACE AMOUNT.




$$
