000
CDUS43 KIND 250532
CLIGEZ


CLIMATE REPORT
NATIONAL WEATHER SERVICE INDIANAPOLIS IN
132 AM EDT SAT OCT 25 2014


...................................

...THE SHELBYVILLE IN CLIMATE SUMMARY FOR OCTOBER 24 2014...

CLIMATE NORMAL PERIOD 1981 TO 2010
CLIMATE RECORD PERIOD 9999 TO 9999


WEATHER ITEM   OBSERVED TIME   NORMAL DEPARTURE LAST
                VALUE   (LST)  VALUE  FROM      YEAR
                                      NORMAL
......................................................
TEMPERATURE (F)
 YESTERDAY
  MAXIMUM         68    337 PM  63      5       43
  MINIMUM         36    723 AM  40     -4       32
  AVERAGE         52            52      0       38

PRECIPITATION (IN)
  YESTERDAY        0.00          0.10  -0.10     0.01
  MONTH TO DATE    3.18          2.48   0.70     2.98
  SINCE SEP 1      5.90          5.65   0.25     5.01
  SINCE JAN 1     32.81         35.93  -3.12    26.42

DEGREE DAYS
 HEATING
  YESTERDAY       13            14     -1       27
  MONTH TO DATE  227           249    -22      194
  SINCE SEP 1    292           328    -36      225
  SINCE JUL 1    297           334    -37      233

 COOLING
  YESTERDAY        0             0      0        0
  MONTH TO DATE   12            11      1       35
  SINCE SEP 1    109           104      5      194
  SINCE JAN 1   1079           910    169     1179
......................................................


WIND (MPH)
  HIGHEST WIND SPEED    12   HIGHEST WIND DIRECTION     W (290)
  HIGHEST GUST SPEED    14   HIGHEST GUST DIRECTION     W (290)
  AVERAGE WIND SPEED     4.2


SKY COVER
  AVERAGE SKY COVER 0.2


WEATHER CONDITIONS
 THE FOLLOWING WEATHER WAS RECORDED YESTERDAY.
  FOG
  HAZE


RELATIVE HUMIDITY (PERCENT)
 HIGHEST    92           300 AM
 LOWEST     48           100 PM
 AVERAGE    70

..........................................................


THE SHELBYVILLE IN CLIMATE NORMALS FOR TODAY
                         NORMAL
 MAXIMUM TEMPERATURE (F)   63
 MINIMUM TEMPERATURE (F)   40


SUNRISE AND SUNSET
OCTOBER 25 2014.......SUNRISE   804 AM EDT   SUNSET   650 PM EDT
OCTOBER 26 2014.......SUNRISE   805 AM EDT   SUNSET   649 PM EDT


-  INDICATES NEGATIVE NUMBERS.
R  INDICATES RECORD WAS SET OR TIED.
MM INDICATES DATA IS MISSING.
T  INDICATES TRACE AMOUNT.




$$
