000
CDUS43 KIND 270551
CLIHUF


CLIMATE REPORT
NATIONAL WEATHER SERVICE INDIANAPOLIS IN
151 AM EDT MON JUN 27 2016


...................................

...THE TERRE HAUTE IN CLIMATE SUMMARY FOR JUNE 26 2016...

CLIMATE NORMAL PERIOD 1981 TO 2010
CLIMATE RECORD PERIOD 9999 TO 9999


WEATHER ITEM   OBSERVED TIME   NORMAL DEPARTURE LAST
                VALUE   (LST)  VALUE  FROM      YEAR
                                      NORMAL
......................................................
TEMPERATURE (F)
 YESTERDAY
  MAXIMUM         93    518 PM  86      7       77
  MINIMUM         72    457 AM  64      8       67
  AVERAGE         83            75      8       72

PRECIPITATION (IN)
  YESTERDAY        1.69          0.14   1.55    MM
  MONTH TO DATE    4.49          3.88   0.61     6.32
  SINCE JUN 1      4.49          3.88   0.61     6.32
  SINCE JAN 1     18.27         22.32  -4.05    20.95

DEGREE DAYS
 HEATING
  YESTERDAY        0             0      0        0
  MONTH TO DATE    1            11    -10       13
  SINCE JUN 1      1            11    -10       13
  SINCE JUL 1   4418          5366   -948     5850

 COOLING
  YESTERDAY       18            10      8        7
  MONTH TO DATE  292           194     98      235
  SINCE JUN 1    292           194     98      235
  SINCE JAN 1    380           280    100      379
......................................................


WIND (MPH)
  HIGHEST WIND SPEED    24   HIGHEST WIND DIRECTION     N (340)
  HIGHEST GUST SPEED    32   HIGHEST GUST DIRECTION     N (340)
  AVERAGE WIND SPEED     6.4


SKY COVER
  AVERAGE SKY COVER 0.2


WEATHER CONDITIONS
 THE FOLLOWING WEATHER WAS RECORDED YESTERDAY.
  THUNDERSTORM
  HEAVY RAIN
  RAIN
  LIGHT RAIN
  FOG


RELATIVE HUMIDITY (PERCENT)
 HIGHEST    93           900 PM
 LOWEST     41           500 PM
 AVERAGE    67

..........................................................


THE TERRE HAUTE IN CLIMATE NORMALS FOR TODAY
                         NORMAL
 MAXIMUM TEMPERATURE (F)   86
 MINIMUM TEMPERATURE (F)   64


SUNRISE AND SUNSET
JUNE 27 2016..........SUNRISE   624 AM EDT   SUNSET   920 PM EDT
JUNE 28 2016..........SUNRISE   625 AM EDT   SUNSET   920 PM EDT


-  INDICATES NEGATIVE NUMBERS.
R  INDICATES RECORD WAS SET OR TIED.
MM INDICATES DATA IS MISSING.
T  INDICATES TRACE AMOUNT.




$$
