000
CDUS43 KIND 210536
CLIHUF


CLIMATE REPORT
NATIONAL WEATHER SERVICE INDIANAPOLIS IN
1236 AM EST WED FEB 21 2018


...................................

...THE TERRE HAUTE IN CLIMATE SUMMARY FOR FEBRUARY 20 2018...

CLIMATE NORMAL PERIOD 1981 TO 2010
CLIMATE RECORD PERIOD 9999 TO 9999


WEATHER ITEM   OBSERVED TIME   NORMAL DEPARTURE LAST
                VALUE   (LST)  VALUE  FROM      YEAR
                                      NORMAL
......................................................
TEMPERATURE (F)
 YESTERDAY
  MAXIMUM         74    502 PM  43     31       70
  MINIMUM         54   1159 PM  25     29       36
  AVERAGE         64            34     30       53

PRECIPITATION (IN)
  YESTERDAY        0.01          0.06  -0.05     0.00
  MONTH TO DATE    1.26          1.43  -0.17     0.18
  SINCE DEC 1      3.44          6.84  -3.40     5.30
  SINCE JAN 1      2.47          3.79  -1.32     3.66

DEGREE DAYS
 HEATING
  YESTERDAY        1            31    -30       12
  MONTH TO DATE  628           676    -48      502
  SINCE DEC 1   2926          2848     78     2492
  SINCE JUL 1   3863          3926    -63     3218

 COOLING
  YESTERDAY        0             0      0        0
  MONTH TO DATE    0             0      0        0
  SINCE DEC 1      0             0      0        0
  SINCE JAN 1      0             0      0        0
......................................................


WIND (MPH)
  HIGHEST WIND SPEED    30   HIGHEST WIND DIRECTION    SW (210)
  HIGHEST GUST SPEED    39   HIGHEST GUST DIRECTION     S (200)
  AVERAGE WIND SPEED    19.0


SKY COVER
  AVERAGE SKY COVER 0.6


WEATHER CONDITIONS
 THE FOLLOWING WEATHER WAS RECORDED YESTERDAY.
  LIGHT RAIN


RELATIVE HUMIDITY (PERCENT)
 HIGHEST    84           800 AM
 LOWEST     57           500 PM
 AVERAGE    71

..........................................................


THE TERRE HAUTE IN CLIMATE NORMALS FOR TODAY
                         NORMAL
 MAXIMUM TEMPERATURE (F)   43
 MINIMUM TEMPERATURE (F)   25


SUNRISE AND SUNSET
FEBRUARY 21 2018......SUNRISE   733 AM EST   SUNSET   633 PM EST
FEBRUARY 22 2018......SUNRISE   732 AM EST   SUNSET   634 PM EST


-  INDICATES NEGATIVE NUMBERS.
R  INDICATES RECORD WAS SET OR TIED.
MM INDICATES DATA IS MISSING.
T  INDICATES TRACE AMOUNT.




$$
