000
CDUS43 KIND 260532
CLIHUF


CLIMATE REPORT
NATIONAL WEATHER SERVICE INDIANAPOLIS IN
132 AM EDT MON JUN 26 2017


...................................

...THE TERRE HAUTE IN CLIMATE SUMMARY FOR JUNE 25 2017...

CLIMATE NORMAL PERIOD 1981 TO 2010
CLIMATE RECORD PERIOD 9999 TO 9999


WEATHER ITEM   OBSERVED TIME   NORMAL DEPARTURE LAST
                VALUE   (LST)  VALUE  FROM      YEAR
                                      NORMAL
......................................................
TEMPERATURE (F)
 YESTERDAY
  MAXIMUM         77    516 PM  85     -8       90
  MINIMUM         55    502 AM  64     -9       67
  AVERAGE         66            75     -9       79

PRECIPITATION (IN)
  YESTERDAY        0.00          0.15  -0.15     0.00
  MONTH TO DATE    3.38          3.74  -0.36     2.80
  SINCE JUN 1      3.38          3.74  -0.36     2.80
  SINCE JAN 1     26.30         22.18   4.12    16.58

DEGREE DAYS
 HEATING
  YESTERDAY        0             0      0        0
  MONTH TO DATE    2            11     -9        1
  SINCE JUN 1      2            11     -9        1
  SINCE JUL 1   4245          5366  -1121     4418

 COOLING
  YESTERDAY        1            10     -9       14
  MONTH TO DATE  215           184     31      274
  SINCE JUN 1    215           184     31      274
  SINCE JAN 1    331           270     61      362
......................................................


WIND (MPH)
  HIGHEST WIND SPEED    20   HIGHEST WIND DIRECTION     W (260)
  HIGHEST GUST SPEED    26   HIGHEST GUST DIRECTION     W (290)
  AVERAGE WIND SPEED     7.1


SKY COVER
  AVERAGE SKY COVER 0.1


WEATHER CONDITIONS
 THE FOLLOWING WEATHER WAS RECORDED YESTERDAY.
  NO SIGNIFICANT WEATHER WAS OBSERVED.


RELATIVE HUMIDITY (PERCENT)
 HIGHEST    93           100 AM
 LOWEST     33           300 PM
 AVERAGE    63

..........................................................


THE TERRE HAUTE IN CLIMATE NORMALS FOR TODAY
                         NORMAL
 MAXIMUM TEMPERATURE (F)   86
 MINIMUM TEMPERATURE (F)   64


SUNRISE AND SUNSET
JUNE 26 2017..........SUNRISE   624 AM EDT   SUNSET   920 PM EDT
JUNE 27 2017..........SUNRISE   624 AM EDT   SUNSET   920 PM EDT


-  INDICATES NEGATIVE NUMBERS.
R  INDICATES RECORD WAS SET OR TIED.
MM INDICATES DATA IS MISSING.
T  INDICATES TRACE AMOUNT.




$$
