000
CDUS43 KIND 270531
CLIHUF


CLIMATE REPORT
NATIONAL WEATHER SERVICE INDIANAPOLIS IN
131 AM EDT MON APR 27 2015


...................................

...THE TERRE HAUTE IN CLIMATE SUMMARY FOR APRIL 26 2015...

CLIMATE NORMAL PERIOD 1981 TO 2010
CLIMATE RECORD PERIOD 9999 TO 9999


WEATHER ITEM   OBSERVED TIME   NORMAL DEPARTURE LAST
                VALUE   (LST)  VALUE  FROM      YEAR
                                      NORMAL
......................................................
TEMPERATURE (F)
 YESTERDAY
  MAXIMUM         60    227 PM  68     -8       79
  MINIMUM         42    636 AM  46     -4       55
  AVERAGE         51            57     -6       67

PRECIPITATION (IN)
  YESTERDAY        0.00          0.20  -0.20     0.00
  MONTH TO DATE    4.57          3.20   1.37     5.19
  SINCE MAR 1      7.97          6.57   1.40     6.94
  SINCE JAN 1     10.87         10.86   0.01    10.97

DEGREE DAYS
 HEATING
  YESTERDAY       14             9      5        0
  MONTH TO DATE  261           333    -72      296
  SINCE MAR 1   1064          1024     40     1158
  SINCE JUL 1   5698          5187    511     5893

 COOLING
  YESTERDAY        0             1     -1        2
  MONTH TO DATE    6            12     -6        5
  SINCE MAR 1      6            13     -7        5
  SINCE JAN 1      6            13     -7        5
......................................................


WIND (MPH)
  HIGHEST WIND SPEED    18   HIGHEST WIND DIRECTION    NE (40)
  HIGHEST GUST SPEED    23   HIGHEST GUST DIRECTION    NE (40)
  AVERAGE WIND SPEED    10.4


SKY COVER
  AVERAGE SKY COVER 0.3


WEATHER CONDITIONS
 THE FOLLOWING WEATHER WAS RECORDED YESTERDAY.
  NO SIGNIFICANT WEATHER WAS OBSERVED.


RELATIVE HUMIDITY (PERCENT)
 HIGHEST    83           200 AM
 LOWEST     44           300 PM
 AVERAGE    64

..........................................................


THE TERRE HAUTE IN CLIMATE NORMALS FOR TODAY
                         NORMAL
 MAXIMUM TEMPERATURE (F)   68
 MINIMUM TEMPERATURE (F)   46


SUNRISE AND SUNSET
APRIL 27 2015.........SUNRISE   656 AM EDT   SUNSET   839 PM EDT
APRIL 28 2015.........SUNRISE   654 AM EDT   SUNSET   840 PM EDT


-  INDICATES NEGATIVE NUMBERS.
R  INDICATES RECORD WAS SET OR TIED.
MM INDICATES DATA IS MISSING.
T  INDICATES TRACE AMOUNT.




$$
