000
CDUS43 KIND 170534
CLIHUF


CLIMATE REPORT
NATIONAL WEATHER SERVICE INDIANAPOLIS IN
1233 AM EST FRI NOV 17 2017


...................................

...THE TERRE HAUTE IN CLIMATE SUMMARY FOR NOVEMBER 16 2017...

CLIMATE NORMAL PERIOD 1981 TO 2010
CLIMATE RECORD PERIOD 9999 TO 9999


WEATHER ITEM   OBSERVED TIME   NORMAL DEPARTURE LAST
                VALUE   (LST)  VALUE  FROM      YEAR
                                      NORMAL
......................................................
TEMPERATURE (F)
 YESTERDAY
  MAXIMUM         44   1208 AM  53     -9       64
  MINIMUM         27   1104 PM  34     -7       34
  AVERAGE         36            43     -7       49

PRECIPITATION (IN)
  YESTERDAY        0.00          0.14  -0.14     0.00
  MONTH TO DATE    2.73          2.05   0.68     0.01
  SINCE SEP 1      8.43          9.04  -0.61     5.66
  SINCE JAN 1     44.27         40.32   3.95    32.62

DEGREE DAYS
 HEATING
  YESTERDAY       29            22      7       16
  MONTH TO DATE  310           299     11      226
  SINCE SEP 1    621           721   -100      421
  SINCE JUL 1    621           726   -105      425

 COOLING
  YESTERDAY        0             0      0        0
  MONTH TO DATE    0             0      0        4
  SINCE SEP 1    219           114    105      243
  SINCE JAN 1   1129           993    136     1391
......................................................


WIND (MPH)
  HIGHEST WIND SPEED    17   HIGHEST WIND DIRECTION    NW (310)
  HIGHEST GUST SPEED    25   HIGHEST GUST DIRECTION    NW (300)
  AVERAGE WIND SPEED     7.0


SKY COVER
  AVERAGE SKY COVER 0.4


WEATHER CONDITIONS
 THE FOLLOWING WEATHER WAS RECORDED YESTERDAY.
  NO SIGNIFICANT WEATHER WAS OBSERVED.


RELATIVE HUMIDITY (PERCENT)
 HIGHEST    85           800 PM
 LOWEST     57           300 PM
 AVERAGE    71

..........................................................


THE TERRE HAUTE IN CLIMATE NORMALS FOR TODAY
                         NORMAL
 MAXIMUM TEMPERATURE (F)   52
 MINIMUM TEMPERATURE (F)   34


SUNRISE AND SUNSET
NOVEMBER 17 2017......SUNRISE   736 AM EST   SUNSET   532 PM EST
NOVEMBER 18 2017......SUNRISE   737 AM EST   SUNSET   532 PM EST


-  INDICATES NEGATIVE NUMBERS.
R  INDICATES RECORD WAS SET OR TIED.
MM INDICATES DATA IS MISSING.
T  INDICATES TRACE AMOUNT.




$$
