000
CDUS43 KIND 310533
CLIHUF


CLIMATE REPORT
NATIONAL WEATHER SERVICE INDIANAPOLIS IN
133 AM EDT THU JUL 31 2014


...................................

...THE TERRE HAUTE IN CLIMATE SUMMARY FOR JULY 30 2014...

CLIMATE NORMAL PERIOD 1981 TO 2010
CLIMATE RECORD PERIOD 9999 TO 9999


WEATHER ITEM   OBSERVED TIME   NORMAL DEPARTURE LAST
                VALUE   (LST)  VALUE  FROM      YEAR
                                      NORMAL
......................................................
TEMPERATURE (F)
 YESTERDAY
  MAXIMUM         80    538 PM  85     -5       76
  MINIMUM         53    603 AM  64    -11       61
  AVERAGE         67            74     -7       69

PRECIPITATION (IN)
  YESTERDAY        0.00          0.12  -0.12     0.04
  MONTH TO DATE    2.41          4.67  -2.26     1.93
  SINCE JUN 1     10.33          9.11   1.22    10.72
  SINCE JAN 1     25.34         27.55  -2.21    31.75

DEGREE DAYS
 HEATING
  YESTERDAY        0             0      0        0
  MONTH TO DATE    8             0      8        2
  SINCE JUN 1     10            13     -3        9
  SINCE JUL 1      8             0      8        2

 COOLING
  YESTERDAY        2             9     -7        4
  MONTH TO DATE  163           301   -138      265
  SINCE JUN 1    450           536    -86      494
  SINCE JAN 1    577           622    -45      608
......................................................


WIND (MPH)
  HIGHEST WIND SPEED    15   HIGHEST WIND DIRECTION     W (270)
  HIGHEST GUST SPEED    21   HIGHEST GUST DIRECTION    SW (240)
  AVERAGE WIND SPEED     4.2


SKY COVER
  AVERAGE SKY COVER 0.2


WEATHER CONDITIONS
 THE FOLLOWING WEATHER WAS RECORDED YESTERDAY.
  NO SIGNIFICANT WEATHER WAS OBSERVED.


RELATIVE HUMIDITY (PERCENT)
 HIGHEST    93           300 AM
 LOWEST     45           200 PM
 AVERAGE    69

..........................................................


THE TERRE HAUTE IN CLIMATE NORMALS FOR TODAY
                         NORMAL
 MAXIMUM TEMPERATURE (F)   85
 MINIMUM TEMPERATURE (F)   63


SUNRISE AND SUNSET
JULY 31 2014..........SUNRISE   648 AM EDT   SUNSET   903 PM EDT
AUGUST  1 2014........SUNRISE   649 AM EDT   SUNSET   902 PM EDT


-  INDICATES NEGATIVE NUMBERS.
R  INDICATES RECORD WAS SET OR TIED.
MM INDICATES DATA IS MISSING.
T  INDICATES TRACE AMOUNT.




$$
