000
CDUS43 KIND 300532
CLIHUF


CLIMATE REPORT
NATIONAL WEATHER SERVICE INDIANAPOLIS IN
131 AM EDT MON MAY 30 2016


...................................

...THE TERRE HAUTE IN CLIMATE SUMMARY FOR MAY 29 2016...

CLIMATE NORMAL PERIOD 1981 TO 2010
CLIMATE RECORD PERIOD 9999 TO 9999


WEATHER ITEM   OBSERVED TIME   NORMAL DEPARTURE LAST
                VALUE   (LST)  VALUE  FROM      YEAR
                                      NORMAL
......................................................
TEMPERATURE (F)
 YESTERDAY
  MAXIMUM         86    523 PM  78      8       85
  MINIMUM         64    545 AM  56      8       63
  AVERAGE         75            67      8       74

PRECIPITATION (IN)
  YESTERDAY        0.00          0.14  -0.14     0.69
  MONTH TO DATE    1.91          6.36  -4.45     3.16
  SINCE MAR 1     11.33         13.88  -2.55    11.18
  SINCE JAN 1     13.78         18.17  -4.39    14.08

DEGREE DAYS
 HEATING
  YESTERDAY        0             2     -2        0
  MONTH TO DATE  138           131      7       77
  SINCE MAR 1    955          1188   -233     1196
  SINCE JUL 1   4417          5351   -934     5830

 COOLING
  YESTERDAY       10             4      6        9
  MONTH TO DATE   61            64     -3      130
  SINCE MAR 1     70            79     -9      136
  SINCE JAN 1     70            79     -9      136
......................................................


WIND (MPH)
  HIGHEST WIND SPEED    16   HIGHEST WIND DIRECTION     W (280)
  HIGHEST GUST SPEED    26   HIGHEST GUST DIRECTION     W (280)
  AVERAGE WIND SPEED     5.8


SKY COVER
  AVERAGE SKY COVER 0.1


WEATHER CONDITIONS
 THE FOLLOWING WEATHER WAS RECORDED YESTERDAY.
  FOG


RELATIVE HUMIDITY (PERCENT)
 HIGHEST    93           500 AM
 LOWEST     37           400 PM
 AVERAGE    65

..........................................................


THE TERRE HAUTE IN CLIMATE NORMALS FOR TODAY
                         NORMAL
 MAXIMUM TEMPERATURE (F)   79
 MINIMUM TEMPERATURE (F)   57


SUNRISE AND SUNSET
MAY 30 2016...........SUNRISE   625 AM EDT   SUNSET   909 PM EDT
MAY 31 2016...........SUNRISE   624 AM EDT   SUNSET   910 PM EDT


-  INDICATES NEGATIVE NUMBERS.
R  INDICATES RECORD WAS SET OR TIED.
MM INDICATES DATA IS MISSING.
T  INDICATES TRACE AMOUNT.




$$
