000
CDUS43 KIND 240533
CLIHUF


CLIMATE REPORT
NATIONAL WEATHER SERVICE INDIANAPOLIS IN
133 AM EDT TUE OCT 24 2017


...................................

...THE TERRE HAUTE IN CLIMATE SUMMARY FOR OCTOBER 23 2017...

CLIMATE NORMAL PERIOD 1981 TO 2010
CLIMATE RECORD PERIOD 9999 TO 9999


WEATHER ITEM   OBSERVED TIME   NORMAL DEPARTURE LAST
                VALUE   (LST)  VALUE  FROM      YEAR
                                      NORMAL
......................................................
TEMPERATURE (F)
 YESTERDAY
  MAXIMUM         65    600 AM  63      2       73
  MINIMUM         50   1159 PM  41      9       42
  AVERAGE         58            52      6       58

PRECIPITATION (IN)
  YESTERDAY        0.78          0.13   0.65     0.00
  MONTH TO DATE    5.04          2.69   2.35     1.99
  SINCE SEP 1      5.35          6.11  -0.76     5.61
  SINCE JAN 1     41.19         37.39   3.80    32.57

DEGREE DAYS
 HEATING
  YESTERDAY        7            13     -6        7
  MONTH TO DATE   79           232   -153      112
  SINCE SEP 1    127           305   -178      125
  SINCE JUL 1    127           310   -183      129

 COOLING
  YESTERDAY        0             0      0        0
  MONTH TO DATE   56            12     44       43
  SINCE SEP 1    219           111    108      234
  SINCE JAN 1   1129           990    139     1382
......................................................


WIND (MPH)
  HIGHEST WIND SPEED    22   HIGHEST WIND DIRECTION    NW (330)
  HIGHEST GUST SPEED    31   HIGHEST GUST DIRECTION    NW (330)
  AVERAGE WIND SPEED     9.0


SKY COVER
  AVERAGE SKY COVER 0.9


WEATHER CONDITIONS
 THE FOLLOWING WEATHER WAS RECORDED YESTERDAY.
  RAIN
  LIGHT RAIN
  FOG


RELATIVE HUMIDITY (PERCENT)
 HIGHEST   100           100 AM
 LOWEST     83           400 PM
 AVERAGE    92

..........................................................


THE TERRE HAUTE IN CLIMATE NORMALS FOR TODAY
                         NORMAL
 MAXIMUM TEMPERATURE (F)   63
 MINIMUM TEMPERATURE (F)   41


SUNRISE AND SUNSET
OCTOBER 24 2017.......SUNRISE   809 AM EDT   SUNSET   657 PM EDT
OCTOBER 25 2017.......SUNRISE   810 AM EDT   SUNSET   656 PM EDT


-  INDICATES NEGATIVE NUMBERS.
R  INDICATES RECORD WAS SET OR TIED.
MM INDICATES DATA IS MISSING.
T  INDICATES TRACE AMOUNT.




$$
