000
CDUS43 KIND 300534
CLIHUF


CLIMATE REPORT
NATIONAL WEATHER SERVICE INDIANAPOLIS IN
133 AM EDT SAT MAY 30 2015


...................................

...THE TERRE HAUTE IN CLIMATE SUMMARY FOR MAY 29 2015...

CLIMATE NORMAL PERIOD 1981 TO 2010
CLIMATE RECORD PERIOD 9999 TO 9999


WEATHER ITEM   OBSERVED TIME   NORMAL DEPARTURE LAST
                VALUE   (LST)  VALUE  FROM      YEAR
                                      NORMAL
......................................................
TEMPERATURE (F)
 YESTERDAY
  MAXIMUM         85    451 PM  78      7       83
  MINIMUM         63    454 AM  56      7       64
  AVERAGE         74            67      7       74

PRECIPITATION (IN)
  YESTERDAY        0.69          0.14   0.55     0.34
  MONTH TO DATE    3.16          6.36  -3.20     2.95
  SINCE MAR 1     11.18         13.88  -2.70    10.98
  SINCE JAN 1     14.08         18.17  -4.09    15.01

DEGREE DAYS
 HEATING
  YESTERDAY        0             2     -2        0
  MONTH TO DATE   77           131    -54      126
  SINCE MAR 1   1196          1188      8     1302
  SINCE JUL 1   5830          5351    479     6037

 COOLING
  YESTERDAY        9             4      5        9
  MONTH TO DATE  130            64     66      103
  SINCE MAR 1    136            79     57      109
  SINCE JAN 1    136            79     57      109
......................................................


WIND (MPH)
  HIGHEST WIND SPEED    21   HIGHEST WIND DIRECTION    SW (240)
  HIGHEST GUST SPEED    26   HIGHEST GUST DIRECTION    SW (240)
  AVERAGE WIND SPEED     9.0


SKY COVER
  AVERAGE SKY COVER 0.2


WEATHER CONDITIONS
 THE FOLLOWING WEATHER WAS RECORDED YESTERDAY.
  THUNDERSTORM
  HEAVY RAIN
  RAIN
  LIGHT RAIN
  FOG


RELATIVE HUMIDITY (PERCENT)
 HIGHEST    93           600 AM
 LOWEST     51           500 PM
 AVERAGE    72

..........................................................


THE TERRE HAUTE IN CLIMATE NORMALS FOR TODAY
                         NORMAL
 MAXIMUM TEMPERATURE (F)   79
 MINIMUM TEMPERATURE (F)   57


SUNRISE AND SUNSET
MAY 30 2015...........SUNRISE   625 AM EDT   SUNSET   909 PM EDT
MAY 31 2015...........SUNRISE   625 AM EDT   SUNSET   909 PM EDT


-  INDICATES NEGATIVE NUMBERS.
R  INDICATES RECORD WAS SET OR TIED.
MM INDICATES DATA IS MISSING.
T  INDICATES TRACE AMOUNT.




$$
