000
CDUS43 KIND 170537
CLIHUF


CLIMATE REPORT
NATIONAL WEATHER SERVICE INDIANAPOLIS IN
136 AM EDT THU APR 17 2014


...................................

...THE TERRE HAUTE IN CLIMATE SUMMARY FOR APRIL 16 2014...

CLIMATE NORMAL PERIOD 1981 TO 2010
CLIMATE RECORD PERIOD 9999 TO 9999


WEATHER ITEM   OBSERVED TIME   NORMAL DEPARTURE LAST
                VALUE   (LST)  VALUE  FROM      YEAR
                                      NORMAL
......................................................
TEMPERATURE (F)
 YESTERDAY
  MAXIMUM         53    546 PM  65    -12       66
  MINIMUM         29    614 AM  42    -13       49
  AVERAGE         41            53    -12       58

PRECIPITATION (IN)
  YESTERDAY        0.00          0.11  -0.11     1.67
  MONTH TO DATE    4.65          1.69   2.96     2.45
  SINCE MAR 1      6.40          5.06   1.34     3.98
  SINCE JAN 1     10.43          9.35   1.08    11.63

DEGREE DAYS
 HEATING
  YESTERDAY       24            12     12        7
  MONTH TO DATE  224           229     -5      203
  SINCE MAR 1   1086           920    166     1087
  SINCE JUL 1   5821          5083    738     5008

 COOLING
  YESTERDAY        0             0      0        0
  MONTH TO DATE    3             3      0        5
  SINCE MAR 1      3             4     -1        5
  SINCE JAN 1      3             4     -1        5
......................................................


WIND (MPH)
  HIGHEST WIND SPEED    18   HIGHEST WIND DIRECTION    SE (130)
  HIGHEST GUST SPEED    25   HIGHEST GUST DIRECTION     S (160)
  AVERAGE WIND SPEED     9.7


SKY COVER
  AVERAGE SKY COVER 0.0


WEATHER CONDITIONS
 THE FOLLOWING WEATHER WAS RECORDED YESTERDAY.
  NO SIGNIFICANT WEATHER WAS OBSERVED.


RELATIVE HUMIDITY (PERCENT)
 HIGHEST    85          1200 AM
 LOWEST     32           500 PM
 AVERAGE    59

..........................................................


THE TERRE HAUTE IN CLIMATE NORMALS FOR TODAY
                         NORMAL
 MAXIMUM TEMPERATURE (F)   65
 MINIMUM TEMPERATURE (F)   43


SUNRISE AND SUNSET
APRIL 17 2014.........SUNRISE   709 AM EDT   SUNSET   829 PM EDT
APRIL 18 2014.........SUNRISE   708 AM EDT   SUNSET   830 PM EDT


-  INDICATES NEGATIVE NUMBERS.
R  INDICATES RECORD WAS SET OR TIED.
MM INDICATES DATA IS MISSING.
T  INDICATES TRACE AMOUNT.




$$
