000
CDUS43 KIND 200535
CLIIND


CLIMATE REPORT
NATIONAL WEATHER SERVICE INDIANAPOLIS IN
1235 AM EST TUE FEB 20 2018


...................................

...THE INDIANAPOLIS IN CLIMATE SUMMARY FOR FEBRUARY 19 2018...

CLIMATE NORMAL PERIOD 1981 TO 2010
CLIMATE RECORD PERIOD 1871 TO 2018


WEATHER ITEM   OBSERVED TIME   RECORD YEAR NORMAL DEPARTURE LAST
                VALUE   (LST)  VALUE       VALUE  FROM      YEAR
                                                  NORMAL
..................................................................
TEMPERATURE (F)
 YESTERDAY
  MAXIMUM         64   1158 PM  69    1930  41     23       65
  MINIMUM         42    134 AM  -8    1979  25     17       46
  AVERAGE         53                        33     20       56

PRECIPITATION (IN)
  YESTERDAY        0.28          1.21 1882   0.08   0.20     0.00
  MONTH TO DATE    1.52                      1.55  -0.03     0.41
  SINCE DEC 1      4.64                      7.38  -2.74     6.28
  SINCE JAN 1      3.52                      4.21  -0.69     4.76

SNOWFALL (IN)
  YESTERDAY        0.0           3.4  1914   0.2   -0.2      0.0
  MONTH TO DATE    1.4                       4.8   -3.4      2.1
  SINCE DEC 1      9.0                      20.3  -11.3      8.7
  SINCE JUL 1      9.0                      21.4  -12.4      8.7
  SNOW DEPTH       0

DEGREE DAYS
 HEATING
  YESTERDAY       12                        32    -20        9
  MONTH TO DATE  629                       650    -21      476
  SINCE DEC 1   2929                      2829    100     2468
  SINCE JUL 1   3833                      3871    -38     3161

 COOLING
  YESTERDAY        0                         0      0        0
  MONTH TO DATE    0                         0      0        0
  SINCE DEC 1      0                         0      0        0
  SINCE JAN 1      0                         0      0        0
..................................................................


WIND (MPH)
  HIGHEST WIND SPEED    26   HIGHEST WIND DIRECTION    SW (210)
  HIGHEST GUST SPEED    35   HIGHEST GUST DIRECTION    SW (210)
  AVERAGE WIND SPEED    13.0


SKY COVER
  AVERAGE SKY COVER 0.9


WEATHER CONDITIONS
 THE FOLLOWING WEATHER WAS RECORDED YESTERDAY.
  THUNDERSTORM
  RAIN
  LIGHT RAIN
  FOG


RELATIVE HUMIDITY (PERCENT)
 HIGHEST    97           200 PM
 LOWEST     65           200 AM
 AVERAGE    81

..........................................................


THE INDIANAPOLIS IN CLIMATE NORMALS FOR TODAY
                         NORMAL    RECORD    YEAR
 MAXIMUM TEMPERATURE (F)   42        72      2016
 MINIMUM TEMPERATURE (F)   25        -8      1885


SUNRISE AND SUNSET
FEBRUARY 20 2018......SUNRISE   731 AM EST   SUNSET   627 PM EST
FEBRUARY 21 2018......SUNRISE   730 AM EST   SUNSET   628 PM EST


-  INDICATES NEGATIVE NUMBERS.
R  INDICATES RECORD WAS SET OR TIED.
MM INDICATES DATA IS MISSING.
T  INDICATES TRACE AMOUNT.




$$
