000
CDUS43 KIND 280532
CLIIND


CLIMATE REPORT
NATIONAL WEATHER SERVICE INDIANAPOLIS IN
131 AM EDT SAT MAY 28 2016


...................................

...THE INDIANAPOLIS IN CLIMATE SUMMARY FOR MAY 27 2016...

CLIMATE NORMAL PERIOD 1981 TO 2010
CLIMATE RECORD PERIOD 1871 TO 2016


WEATHER ITEM   OBSERVED TIME   RECORD YEAR NORMAL DEPARTURE LAST
                VALUE   (LST)  VALUE       VALUE  FROM      YEAR
                                                  NORMAL
..................................................................
TEMPERATURE (F)
 YESTERDAY
  MAXIMUM         85    445 PM  94    1911  76      9       82
  MINIMUM         65    640 AM  31    1961  56      9       63
  AVERAGE         75                        66      9       73

PRECIPITATION (IN)
  YESTERDAY        0.00          1.62 2000   0.15  -0.15     0.07
  MONTH TO DATE    3.74                      4.42  -0.68     1.09
  SINCE MAR 1     13.80                     11.79   2.01     8.62
  SINCE JAN 1     17.51                     16.77   0.74    11.77

SNOWFALL (IN)
  YESTERDAY        0.0           T    2001   0.0    0.0      0.0
  MONTH TO DATE    T                         0.0    0.0      0.0
  SINCE MAR 1      1.2                       2.8   -1.6      5.9
  SINCE JUL 1     13.3                      25.9  -12.6     25.6
  SNOW DEPTH       0

DEGREE DAYS
 HEATING
  YESTERDAY        0                         3     -3        0
  MONTH TO DATE  159                       133     26       75
  SINCE MAR 1    991                      1212   -221     1178
  SINCE JUL 1   4444                      5355   -911     5904

 COOLING
  YESTERDAY       10                         4      6        8
  MONTH TO DATE   39                        53    -14      115
  SINCE MAR 1     57                        68    -11      121
  SINCE JAN 1     57                        68    -11      121
..................................................................


WIND (MPH)
  HIGHEST WIND SPEED    23   HIGHEST WIND DIRECTION     S (180)
  HIGHEST GUST SPEED    29   HIGHEST GUST DIRECTION     S (180)
  AVERAGE WIND SPEED    10.7


SKY COVER
  AVERAGE SKY COVER 0.7


WEATHER CONDITIONS
 THE FOLLOWING WEATHER WAS RECORDED YESTERDAY.
  NO SIGNIFICANT WEATHER WAS OBSERVED.


RELATIVE HUMIDITY (PERCENT)
 HIGHEST    93           300 AM
 LOWEST     40           500 PM
 AVERAGE    67

..........................................................


THE INDIANAPOLIS IN CLIMATE NORMALS FOR TODAY
                         NORMAL    RECORD    YEAR
 MAXIMUM TEMPERATURE (F)   76        96      1911
 MINIMUM TEMPERATURE (F)   57        39      1907


SUNRISE AND SUNSET
MAY 28 2016...........SUNRISE   621 AM EDT   SUNSET   905 PM EDT
MAY 29 2016...........SUNRISE   620 AM EDT   SUNSET   905 PM EDT


-  INDICATES NEGATIVE NUMBERS.
R  INDICATES RECORD WAS SET OR TIED.
MM INDICATES DATA IS MISSING.
T  INDICATES TRACE AMOUNT.




$$
