000
CDUS43 KIND 260532
CLIIND


CLIMATE REPORT
NATIONAL WEATHER SERVICE INDIANAPOLIS IN
131 AM EDT TUE SEP 26 2017


...................................

...THE INDIANAPOLIS IN CLIMATE SUMMARY FOR SEPTEMBER 25 2017...

CLIMATE NORMAL PERIOD 1981 TO 2010
CLIMATE RECORD PERIOD 1871 TO 2017


WEATHER ITEM   OBSERVED TIME   RECORD YEAR NORMAL DEPARTURE LAST
                VALUE   (LST)  VALUE       VALUE  FROM      YEAR
                                                  NORMAL
..................................................................
TEMPERATURE (F)
 YESTERDAY
  MAXIMUM         91    304 PM  92    1891  74     17       86
  MINIMUM         64    507 AM  35    1950  52     12       64
  AVERAGE         78                        63     15       75

PRECIPITATION (IN)
  YESTERDAY        0.00          2.17 2011   0.11  -0.11     0.01
  MONTH TO DATE    0.66                      2.59  -1.93     3.02
  SINCE SEP 1      0.66                      2.59  -1.93     3.02
  SINCE JAN 1     39.42                     31.92   7.50    38.04

SNOWFALL (IN)
  YESTERDAY        0.0           0.0    MM   0.0    0.0      0.0
  MONTH TO DATE    0.0                       0.0    0.0      0.0
  SINCE SEP 1      0.0                       0.0    0.0      0.0
  SINCE JUL 1      0.0                       0.0    0.0      0.0
  SNOW DEPTH       0

DEGREE DAYS
 HEATING
  YESTERDAY        0                         4     -4        0
  MONTH TO DATE   23                        43    -20        0
  SINCE SEP 1     23                        43    -20        0
  SINCE JUL 1     23                        47    -24        2

 COOLING
  YESTERDAY       13                         2     11       10
  MONTH TO DATE  157                       119     38      213
  SINCE SEP 1    157                       119     38      213
  SINCE JAN 1   1097                      1040     57     1393
..................................................................


WIND (MPH)
  HIGHEST WIND SPEED    12   HIGHEST WIND DIRECTION     S (190)
  HIGHEST GUST SPEED    16   HIGHEST GUST DIRECTION     S (190)
  AVERAGE WIND SPEED     3.0


SKY COVER
  AVERAGE SKY COVER 0.2


WEATHER CONDITIONS
 THE FOLLOWING WEATHER WAS RECORDED YESTERDAY.
  NO SIGNIFICANT WEATHER WAS OBSERVED.


RELATIVE HUMIDITY (PERCENT)
 HIGHEST    73           300 AM
 LOWEST     34           300 PM
 AVERAGE    54

..........................................................


THE INDIANAPOLIS IN CLIMATE NORMALS FOR TODAY
                         NORMAL    RECORD    YEAR
 MAXIMUM TEMPERATURE (F)   73        91      1891
 MINIMUM TEMPERATURE (F)   52        37      2001
                                             1928


SUNRISE AND SUNSET
SEPTEMBER 26 2017.....SUNRISE   737 AM EDT   SUNSET   735 PM EDT
SEPTEMBER 27 2017.....SUNRISE   738 AM EDT   SUNSET   734 PM EDT


-  INDICATES NEGATIVE NUMBERS.
R  INDICATES RECORD WAS SET OR TIED.
MM INDICATES DATA IS MISSING.
T  INDICATES TRACE AMOUNT.




$$
