000
CDUS43 KIND 080531
CLIIND


CLIMATE REPORT
NATIONAL WEATHER SERVICE INDIANAPOLIS IN
1231 AM EST MON FEB 8 2016


...................................

...THE INDIANAPOLIS IN CLIMATE SUMMARY FOR FEBRUARY 7 2016...

CLIMATE NORMAL PERIOD 1981 TO 2010
CLIMATE RECORD PERIOD 1871 TO 2016


WEATHER ITEM   OBSERVED TIME   RECORD YEAR NORMAL DEPARTURE LAST
                VALUE   (LST)  VALUE       VALUE  FROM      YEAR
                                                  NORMAL
..................................................................
TEMPERATURE (F)
 YESTERDAY
  MAXIMUM         55    229 PM  66    1925  38     17       55
  MINIMUM         32    753 AM -11    1982  22     10       28
                                      1977
  AVERAGE         44                        30     14       42

PRECIPITATION (IN)
  YESTERDAY        0.00          1.53 1999   0.08  -0.08     0.00
  MONTH TO DATE    0.30                      0.57  -0.27     0.37
  SINCE DEC 1      7.35                      6.40   0.95     4.73
  SINCE JAN 1      1.76                      3.23  -1.47     2.18

SNOWFALL (IN)
  YESTERDAY        0.0           2.0  1895   0.3   -0.3      0.0
  MONTH TO DATE    T                         1.9   -1.9      2.6
  SINCE DEC 1      6.4                      17.4  -11.0      5.8
  SINCE JUL 1      7.7                      18.5  -10.8      8.5
  SNOW DEPTH       0

DEGREE DAYS
 HEATING
  YESTERDAY       21                        35    -14       23
  MONTH TO DATE  186                       249    -63      268
  SINCE DEC 1   1983                      2428   -445     2466
  SINCE JUL 1   2770                      3470   -700     3745

 COOLING
  YESTERDAY        0                         0      0        0
  MONTH TO DATE    0                         0      0        0
  SINCE DEC 1      0                         0      0        0
  SINCE JAN 1      0                         0      0        0
..................................................................


WIND (MPH)
  HIGHEST WIND SPEED    31   HIGHEST WIND DIRECTION    SW (210)
  HIGHEST GUST SPEED    37   HIGHEST GUST DIRECTION    SW (210)
  AVERAGE WIND SPEED    13.2


SKY COVER
  AVERAGE SKY COVER 0.4


WEATHER CONDITIONS
 THE FOLLOWING WEATHER WAS RECORDED YESTERDAY.
  NO SIGNIFICANT WEATHER WAS OBSERVED.


RELATIVE HUMIDITY (PERCENT)
 HIGHEST    76          1000 PM
 LOWEST     32           200 PM
 AVERAGE    54

..........................................................


THE INDIANAPOLIS IN CLIMATE NORMALS FOR TODAY
                         NORMAL    RECORD    YEAR
 MAXIMUM TEMPERATURE (F)   38        68      1937
                                             1925
 MINIMUM TEMPERATURE (F)   22       -14      1895


SUNRISE AND SUNSET
FEBRUARY  8 2016......SUNRISE   746 AM EST   SUNSET   613 PM EST
FEBRUARY  9 2016......SUNRISE   745 AM EST   SUNSET   614 PM EST


-  INDICATES NEGATIVE NUMBERS.
R  INDICATES RECORD WAS SET OR TIED.
MM INDICATES DATA IS MISSING.
T  INDICATES TRACE AMOUNT.




$$
