923
CDUS43 KIND 210540
CLIIND


CLIMATE REPORT
NATIONAL WEATHER SERVICE INDIANAPOLIS IN
134 AM EDT MON AUG 21 2017


...................................

...THE INDIANAPOLIS IN CLIMATE SUMMARY FOR AUGUST 20 2017...

CLIMATE NORMAL PERIOD 1981 TO 2010
CLIMATE RECORD PERIOD 1871 TO 2017


WEATHER ITEM   OBSERVED TIME   RECORD YEAR NORMAL DEPARTURE LAST
                VALUE   (LST)  VALUE       VALUE  FROM      YEAR
                                                  NORMAL
..................................................................
TEMPERATURE (F)
 YESTERDAY
  MAXIMUM         91    338 PM  99    1983  84      7       84
  MINIMUM         68    532 AM  50    1897  64      4       70
  AVERAGE         80                        74      6       77

PRECIPITATION (IN)
  YESTERDAY        0.00          2.22 2007   0.11  -0.11     0.49
  MONTH TO DATE    0.18                      2.03  -1.85     4.11
  SINCE JUN 1     12.89                     10.83   2.06    14.30
  SINCE JAN 1     37.17                     28.23   8.94    31.81

SNOWFALL (IN)
  YESTERDAY        0.0           0.0    MM   0.0    0.0      0.0
  MONTH TO DATE    0.0                       0.0    0.0      0.0
  SINCE JUN 1      0.0                       0.0    0.0      0.0
  SINCE JUL 1      0.0                       0.0    0.0      0.0
  SNOW DEPTH       0

DEGREE DAYS
 HEATING
  YESTERDAY        0                         0      0        0
  MONTH TO DATE    0                         0      0        0
  SINCE JUN 1      3                        17    -14        3
  SINCE JUL 1      0                         1     -1        2

 COOLING
  YESTERDAY       15                         9      6       12
  MONTH TO DATE  184                       196    -12      279
  SINCE JUN 1    761                       745     16      942
  SINCE JAN 1    867                       829     38     1043
..................................................................


WIND (MPH)
  HIGHEST WIND SPEED    12   HIGHEST WIND DIRECTION     S (170)
  HIGHEST GUST SPEED    16   HIGHEST GUST DIRECTION    SW (230)
  AVERAGE WIND SPEED     5.6


SKY COVER
  AVERAGE SKY COVER 0.5


WEATHER CONDITIONS
 THE FOLLOWING WEATHER WAS RECORDED YESTERDAY.
  NO SIGNIFICANT WEATHER WAS OBSERVED.


RELATIVE HUMIDITY (PERCENT)
 HIGHEST    84           700 AM
 LOWEST     34           300 PM
 AVERAGE    59

..........................................................


THE INDIANAPOLIS IN CLIMATE NORMALS FOR TODAY
                         NORMAL    RECORD    YEAR
 MAXIMUM TEMPERATURE (F)   84       100      1936
 MINIMUM TEMPERATURE (F)   64        47      1950


SUNRISE AND SUNSET
AUGUST 21 2017........SUNRISE   703 AM EDT   SUNSET   833 PM EDT
AUGUST 22 2017........SUNRISE   704 AM EDT   SUNSET   831 PM EDT


-  INDICATES NEGATIVE NUMBERS.
R  INDICATES RECORD WAS SET OR TIED.
MM INDICATES DATA IS MISSING.
T  INDICATES TRACE AMOUNT.




$$
