000
CDUS43 KIND 240533
CLIIND


CLIMATE REPORT
NATIONAL WEATHER SERVICE INDIANAPOLIS IN
133 AM EDT TUE OCT 24 2017


...................................

...THE INDIANAPOLIS IN CLIMATE SUMMARY FOR OCTOBER 23 2017...

CLIMATE NORMAL PERIOD 1981 TO 2010
CLIMATE RECORD PERIOD 1871 TO 2017


WEATHER ITEM   OBSERVED TIME   RECORD YEAR NORMAL DEPARTURE LAST
                VALUE   (LST)  VALUE       VALUE  FROM      YEAR
                                                  NORMAL
..................................................................
TEMPERATURE (F)
 YESTERDAY
  MAXIMUM         67    137 AM  86    1963  63      4       72
  MINIMUM         47    645 PM  24    1969  43      4       43
  AVERAGE         57                        53      4       58

PRECIPITATION (IN)
  YESTERDAY        0.43          1.57 1957   0.09   0.34     0.00
  MONTH TO DATE    2.53                      2.33   0.20     1.89
  SINCE SEP 1      3.19                      5.45  -2.26     6.56
  SINCE JAN 1     41.95                     34.78   7.17    41.58

SNOWFALL (IN)
  YESTERDAY       MM             0.4  1917   0.0   MM        0.0
  MONTH TO DATE    0.0                       0.2   -0.2      0.0
  SINCE SEP 1      0.0                       0.2   -0.2       T
  SINCE JUL 1      0.0                       0.2   -0.2       T
  SNOW DEPTH       0

DEGREE DAYS
 HEATING
  YESTERDAY        8                        12     -4        7
  MONTH TO DATE   63                       215   -152      100
  SINCE SEP 1     92                       286   -194      118
  SINCE JUL 1     92                       290   -198      120

 COOLING
  YESTERDAY        0                         0      0        0
  MONTH TO DATE   47                        13     34       43
  SINCE SEP 1    224                       141     83      256
  SINCE JAN 1   1164                      1062    102     1436
..................................................................


WIND (MPH)
  HIGHEST WIND SPEED    24   HIGHEST WIND DIRECTION    NW (310)
  HIGHEST GUST SPEED    30   HIGHEST GUST DIRECTION    NW (310)
  AVERAGE WIND SPEED    10.7


SKY COVER
  AVERAGE SKY COVER 1.0


WEATHER CONDITIONS
 THE FOLLOWING WEATHER WAS RECORDED YESTERDAY.
  LIGHT RAIN
  FOG


RELATIVE HUMIDITY (PERCENT)
 HIGHEST    93          1000 AM
 LOWEST     68          1200 AM
 AVERAGE    81

..........................................................


THE INDIANAPOLIS IN CLIMATE NORMALS FOR TODAY
                         NORMAL    RECORD    YEAR
 MAXIMUM TEMPERATURE (F)   62        81      1963
 MINIMUM TEMPERATURE (F)   42        20      1981


SUNRISE AND SUNSET
OCTOBER 24 2017.......SUNRISE   805 AM EDT   SUNSET   653 PM EDT
OCTOBER 25 2017.......SUNRISE   806 AM EDT   SUNSET   652 PM EDT


-  INDICATES NEGATIVE NUMBERS.
R  INDICATES RECORD WAS SET OR TIED.
MM INDICATES DATA IS MISSING.
T  INDICATES TRACE AMOUNT.




$$
