000
CDUS43 KIND 200040
CLIIND


CLIMATE REPORT
NATIONAL WEATHER SERVICE INDIANAPOLIS IN
739 PM EST SUN NOV 19 2017


...................................

...THE INDIANAPOLIS IN CLIMATE SUMMARY FOR NOVEMBER 19 2017...
VALID AS OF 0700 PM LOCAL TIME.

CLIMATE NORMAL PERIOD 1981 TO 2010
CLIMATE RECORD PERIOD 1871 TO 2017


WEATHER ITEM   OBSERVED TIME   RECORD YEAR NORMAL DEPARTURE LAST
                VALUE   (LST)  VALUE       VALUE  FROM      YEAR
                                                  NORMAL
..................................................................
TEMPERATURE (F)
 TODAY
  MAXIMUM         39    104 AM  76    1930  51    -12       43
  MINIMUM         30    659 PM  -3    1880  34     -4       30
  AVERAGE         35                        42     -7       37

PRECIPITATION (IN)
  TODAY            0.00          2.74 1985   0.13  -0.13      T
  MONTH TO DATE    3.87                      2.32   1.55     0.99
  SINCE SEP 1      7.48                      8.56  -1.08     7.62
  SINCE JAN 1     46.24                     37.89   8.35    42.64

SNOWFALL (IN)
  TODAY            0.0           1.9  1969   0.0    0.0       T
                                      1955
  MONTH TO DATE    T                         0.3   -0.3       T
  SINCE SEP 1      T                         0.7   -0.7       T
  SINCE JUL 1      T                         0.7   -0.7       T
  SNOW DEPTH       0

..................................................................


WIND (MPH)
  HIGHEST WIND SPEED    23   HIGHEST WIND DIRECTION    NW (320)
  HIGHEST GUST SPEED    32   HIGHEST GUST DIRECTION    NW (310)
  AVERAGE WIND SPEED    15.4


SKY COVER
  AVERAGE SKY COVER 0.8


WEATHER CONDITIONS
 THE FOLLOWING WEATHER WAS RECORDED TODAY.
  NO SIGNIFICANT WEATHER WAS OBSERVED.


RELATIVE HUMIDITY (PERCENT)
 HIGHEST    82           600 AM
 LOWEST     61           400 PM

..........................................................


THE INDIANAPOLIS IN CLIMATE NORMALS FOR TOMORROW
                         NORMAL    RECORD    YEAR
 MAXIMUM TEMPERATURE (F)   50        75      1942
 MINIMUM TEMPERATURE (F)   33         8      1914


SUNRISE AND SUNSET
NOVEMBER 19 2017......SUNRISE   734 AM EST   SUNSET   526 PM EST
NOVEMBER 20 2017......SUNRISE   736 AM EST   SUNSET   526 PM EST


-  INDICATES NEGATIVE NUMBERS.
R  INDICATES RECORD WAS SET OR TIED.
MM INDICATES DATA IS MISSING.
T  INDICATES TRACE AMOUNT.




$$
