000
CDUS43 KIND 250532
CLIIND


CLIMATE REPORT
NATIONAL WEATHER SERVICE INDIANAPOLIS IN
132 AM EDT SAT OCT 25 2014


...................................

...THE INDIANAPOLIS IN CLIMATE SUMMARY FOR OCTOBER 24 2014...

CLIMATE NORMAL PERIOD 1981 TO 2010
CLIMATE RECORD PERIOD 1871 TO 2014


WEATHER ITEM   OBSERVED TIME   RECORD YEAR NORMAL DEPARTURE LAST
                VALUE   (LST)  VALUE       VALUE  FROM      YEAR
                                                  NORMAL
..................................................................
TEMPERATURE (F)
 YESTERDAY
  MAXIMUM         66    334 PM  81    1963  62      4       40
  MINIMUM         40    705 AM  20    1981  42     -2       31
  AVERAGE         53                        52      1       36

PRECIPITATION (IN)
  YESTERDAY        0.00          1.52 2001   0.09  -0.09     0.02
  MONTH TO DATE    2.66                      2.42   0.24     3.19
  SINCE SEP 1      5.19                      5.54  -0.35     6.05
  SINCE JAN 1     35.71                     34.87   0.84    35.98

SNOWFALL (IN)
  YESTERDAY        0.0           0.4  1929   0.1   -0.1       T
  MONTH TO DATE    0.0                       0.3   -0.3       T
  SINCE SEP 1      0.0                       0.3   -0.3       T
  SINCE JUL 1      0.0                       0.3   -0.3       T
  SNOW DEPTH       0

DEGREE DAYS
 HEATING
  YESTERDAY       12                        13     -1       29
  MONTH TO DATE  252                       228     24      223
  SINCE SEP 1    325                       299     26      249
  SINCE JUL 1    331                       303     28      257

 COOLING
  YESTERDAY        0                         0      0        0
  MONTH TO DATE    8                        13     -5       31
  SINCE SEP 1    102                       141    -39      201
  SINCE JAN 1    899                      1062   -163     1160
..................................................................


WIND (MPH)
  HIGHEST WIND SPEED    12   HIGHEST WIND DIRECTION     W (250)
  HIGHEST GUST SPEED    14   HIGHEST GUST DIRECTION     W (250)
  AVERAGE WIND SPEED     4.3


SKY COVER
  AVERAGE SKY COVER 0.6


WEATHER CONDITIONS
 THE FOLLOWING WEATHER WAS RECORDED YESTERDAY.
  NO SIGNIFICANT WEATHER WAS OBSERVED.


RELATIVE HUMIDITY (PERCENT)
 HIGHEST    89           500 AM
 LOWEST     56           300 PM
 AVERAGE    73

..........................................................


THE INDIANAPOLIS IN CLIMATE NORMALS FOR TODAY
                         NORMAL    RECORD    YEAR
 MAXIMUM TEMPERATURE (F)   62        82      1963
 MINIMUM TEMPERATURE (F)   42        25      1887


SUNRISE AND SUNSET
OCTOBER 25 2014.......SUNRISE   806 AM EDT   SUNSET   652 PM EDT
OCTOBER 26 2014.......SUNRISE   807 AM EDT   SUNSET   651 PM EDT


-  INDICATES NEGATIVE NUMBERS.
R  INDICATES RECORD WAS SET OR TIED.
MM INDICATES DATA IS MISSING.
T  INDICATES TRACE AMOUNT.




$$
