000
CDUS43 KIND 260532
CLIIND


CLIMATE REPORT
NATIONAL WEATHER SERVICE INDIANAPOLIS IN
132 AM EDT WED JUL 26 2017


...................................

...THE INDIANAPOLIS IN CLIMATE SUMMARY FOR JULY 25 2017...

CLIMATE NORMAL PERIOD 1981 TO 2010
CLIMATE RECORD PERIOD 1871 TO 2017


WEATHER ITEM   OBSERVED TIME   RECORD YEAR NORMAL DEPARTURE LAST
                VALUE   (LST)  VALUE       VALUE  FROM      YEAR
                                                  NORMAL
..................................................................
TEMPERATURE (F)
 YESTERDAY
  MAXIMUM         81    540 PM 105    1934  85     -4       90
  MINIMUM         63    624 AM  51    1911  66     -3       72
  AVERAGE         72                        75     -3       81

PRECIPITATION (IN)
  YESTERDAY        0.00          2.61 1898   0.13  -0.13     0.00
  MONTH TO DATE    5.95                      3.80   2.15     5.37
  SINCE JUN 1     12.48                      8.05   4.43     9.90
  SINCE JAN 1     36.76                     25.45  11.31    27.41

SNOWFALL (IN)
  YESTERDAY        0.0                       0.0    0.0      0.0
  MONTH TO DATE    0.0                       0.0    0.0      0.0
  SINCE JUN 1      0.0                       0.0    0.0      0.0
  SINCE JUL 1      0.0                       0.0    0.0      0.0
  SNOW DEPTH       0

DEGREE DAYS
 HEATING
  YESTERDAY        0                         0      0        0
  MONTH TO DATE    0                         0      0        2
  SINCE JUN 1      3                        16    -13        3
  SINCE JUL 1      0                         0      0        2

 COOLING
  YESTERDAY        7                        10     -3       16
  MONTH TO DATE  300                       265     35      287
  SINCE JUN 1    520                       491     29      582
  SINCE JAN 1    626                       575     51      683
..................................................................


WIND (MPH)
  HIGHEST WIND SPEED    15   HIGHEST WIND DIRECTION    SE (130)
  HIGHEST GUST SPEED    24   HIGHEST GUST DIRECTION     E (80)
  AVERAGE WIND SPEED     8.9


SKY COVER
  AVERAGE SKY COVER 0.1


WEATHER CONDITIONS
 THE FOLLOWING WEATHER WAS RECORDED YESTERDAY.
  NO SIGNIFICANT WEATHER WAS OBSERVED.


RELATIVE HUMIDITY (PERCENT)
 HIGHEST    84           600 AM
 LOWEST     45           100 PM
 AVERAGE    65

..........................................................


THE INDIANAPOLIS IN CLIMATE NORMALS FOR TODAY
                         NORMAL    RECORD    YEAR
 MAXIMUM TEMPERATURE (F)   85        98      1941
                                             1936
                                             1934
 MINIMUM TEMPERATURE (F)   66        51      1911


SUNRISE AND SUNSET
JULY 26 2017..........SUNRISE   639 AM EDT   SUNSET   904 PM EDT
JULY 27 2017..........SUNRISE   640 AM EDT   SUNSET   903 PM EDT


-  INDICATES NEGATIVE NUMBERS.
R  INDICATES RECORD WAS SET OR TIED.
MM INDICATES DATA IS MISSING.
T  INDICATES TRACE AMOUNT.




$$
