000
CDUS43 KIND 140039
CLIIND


CLIMATE REPORT
NATIONAL WEATHER SERVICE INDIANAPOLIS IN
739 PM EST WED DEC 13 2017


...................................

...THE INDIANAPOLIS IN CLIMATE SUMMARY FOR DECEMBER 13 2017...
VALID AS OF 0700 PM LOCAL TIME.

CLIMATE NORMAL PERIOD 1981 TO 2010
CLIMATE RECORD PERIOD 1871 TO 2017


WEATHER ITEM   OBSERVED TIME   RECORD YEAR NORMAL DEPARTURE LAST
                VALUE   (LST)  VALUE       VALUE  FROM      YEAR
                                                  NORMAL
..................................................................
TEMPERATURE (F)
 TODAY
  MAXIMUM         44    643 PM  65    1975  39      5       32
                                      1927
  MINIMUM         16    248 AM  -4    1962  25     -9       11
                                      1903
  AVERAGE         30                        32     -2       22

PRECIPITATION (IN)
  TODAY            T             1.73 1881   0.10  -0.10     0.20
  MONTH TO DATE    0.20                      1.34  -1.14     0.76
  SINCE DEC 1      0.20                      1.34  -1.14     0.76
  SINCE JAN 1     46.53                     40.61   5.92    45.18

SNOWFALL (IN)
  TODAY            T             5.7  2000   0.3   -0.3      3.9
  MONTH TO DATE    0.4                       2.2   -1.8      3.9
  SINCE DEC 1      0.4                       2.2   -1.8      3.9
  SINCE JUL 1      0.4                       3.3   -2.9      3.9
  SNOW DEPTH       0

..................................................................


WIND (MPH)
  HIGHEST WIND SPEED    39   HIGHEST WIND DIRECTION     W (270)
  HIGHEST GUST SPEED    49   HIGHEST GUST DIRECTION     W (270)
  AVERAGE WIND SPEED    13.4


SKY COVER
  AVERAGE SKY COVER 0.9


WEATHER CONDITIONS
 THE FOLLOWING WEATHER WAS RECORDED TODAY.
  LIGHT RAIN
  LIGHT SNOW


RELATIVE HUMIDITY (PERCENT)
 HIGHEST    67           100 AM
 LOWEST     37           200 PM

..........................................................


THE INDIANAPOLIS IN CLIMATE NORMALS FOR TOMORROW
                         NORMAL    RECORD    YEAR
 MAXIMUM TEMPERATURE (F)   39        68      1984
 MINIMUM TEMPERATURE (F)   25        -4      1901


SUNRISE AND SUNSET
DECEMBER 13 2017......SUNRISE   758 AM EST   SUNSET   521 PM EST
DECEMBER 14 2017......SUNRISE   758 AM EST   SUNSET   521 PM EST


-  INDICATES NEGATIVE NUMBERS.
R  INDICATES RECORD WAS SET OR TIED.
MM INDICATES DATA IS MISSING.
T  INDICATES TRACE AMOUNT.




$$
