000
CDUS43 KIND 262335
CLIIND


CLIMATE REPORT
NATIONAL WEATHER SERVICE INDIANAPOLIS IN
735 PM EDT SUN JUN 26 2016


...................................

...THE INDIANAPOLIS IN CLIMATE SUMMARY FOR JUNE 26 2016...
VALID AS OF 0700 PM LOCAL TIME.

CLIMATE NORMAL PERIOD 1981 TO 2010
CLIMATE RECORD PERIOD 1871 TO 2016


WEATHER ITEM   OBSERVED TIME   RECORD YEAR NORMAL DEPARTURE LAST
                VALUE   (LST)  VALUE       VALUE  FROM      YEAR
                                                  NORMAL
..................................................................
TEMPERATURE (F)
 TODAY
  MAXIMUM         91    340 PM 102    1954  85      6       76
  MINIMUM         72    505 AM  49    1979  65      7       66
  AVERAGE         82                        75      7       71

PRECIPITATION (IN)
  TODAY            0.00          3.09 1994   0.14  -0.14     1.57
  MONTH TO DATE    4.32                      3.68   0.64     8.06
  SINCE JUN 1      4.32                      3.68   0.64     8.06
  SINCE JAN 1     21.83                     21.08   0.75    21.19

SNOWFALL (IN)
  TODAY            0.0           0.0    MM   0.0    0.0      0.0
  MONTH TO DATE    0.0                       0.0    0.0       T
  SINCE JUN 1      0.0                       0.0    0.0       T
  SINCE JUL 1     13.3                      25.9  -12.6     25.6
  SNOW DEPTH       0

..................................................................


WIND (MPH)
  HIGHEST WIND SPEED    18   HIGHEST WIND DIRECTION    SW (210)
  HIGHEST GUST SPEED    23   HIGHEST GUST DIRECTION     S (190)
  AVERAGE WIND SPEED     9.7


SKY COVER
  AVERAGE SKY COVER 0.3


WEATHER CONDITIONS
 THE FOLLOWING WEATHER WAS RECORDED TODAY.
  NO SIGNIFICANT WEATHER WAS OBSERVED.


RELATIVE HUMIDITY (PERCENT)
 HIGHEST    79           100 AM
 LOWEST     52           300 PM

..........................................................


THE INDIANAPOLIS IN CLIMATE NORMALS FOR TOMORROW
                         NORMAL    RECORD    YEAR
 MAXIMUM TEMPERATURE (F)   85       100      1934
 MINIMUM TEMPERATURE (F)   65        48      1926


SUNRISE AND SUNSET
JUNE 26 2016..........SUNRISE   619 AM EDT   SUNSET   917 PM EDT
JUNE 27 2016..........SUNRISE   619 AM EDT   SUNSET   917 PM EDT


-  INDICATES NEGATIVE NUMBERS.
R  INDICATES RECORD WAS SET OR TIED.
MM INDICATES DATA IS MISSING.
T  INDICATES TRACE AMOUNT.




$$
