000
CDUS43 KIND 010535
CLIIND


CLIMATE REPORT
NATIONAL WEATHER SERVICE INDIANAPOLIS IN
133 AM EDT SAT OCT 1 2016


...................................

...THE INDIANAPOLIS IN CLIMATE SUMMARY FOR SEPTEMBER 30 2016...

CLIMATE NORMAL PERIOD 1981 TO 2010
CLIMATE RECORD PERIOD 1871 TO 2016


WEATHER ITEM   OBSERVED TIME   RECORD YEAR NORMAL DEPARTURE LAST
                VALUE   (LST)  VALUE       VALUE  FROM      YEAR
                                                  NORMAL
..................................................................
TEMPERATURE (F)
 YESTERDAY
  MAXIMUM         68    345 PM  89    1971  72     -4       69
  MINIMUM         56   1159 PM  30    1899  50      6       56
  AVERAGE         62                        61      1       63

PRECIPITATION (IN)
  YESTERDAY        0.29          1.88 1902   0.11   0.18      T
  MONTH TO DATE    4.67                      3.12   1.55     1.70
  SINCE SEP 1      4.67                      3.12   1.55     1.70
  SINCE JAN 1     39.69                     32.45   7.24    37.88

SNOWFALL (IN)
  YESTERDAY        0.0           0.0    MM   0.0    0.0      0.0
  MONTH TO DATE    T                         0.0    0.0      0.0
  SINCE SEP 1      T                         0.0    0.0      0.0
  SINCE JUL 1      T                         0.0    0.0      0.0
  SNOW DEPTH       0

DEGREE DAYS
 HEATING
  YESTERDAY        3                         6     -3        2
  MONTH TO DATE   18                        70    -52       19
  SINCE SEP 1     18                        71    -53       19
  SINCE JUL 1     20                        75    -55       21

 COOLING
  YESTERDAY        0                         2     -2        0
  MONTH TO DATE  213                       128     85      191
  SINCE SEP 1    213                       128     85      191
  SINCE JAN 1   1393                      1049    344     1146
..................................................................


WIND (MPH)
  HIGHEST WIND SPEED    20   HIGHEST WIND DIRECTION    NE (30)
  HIGHEST GUST SPEED    23   HIGHEST GUST DIRECTION     N (20)
  AVERAGE WIND SPEED     5.6


SKY COVER
  AVERAGE SKY COVER 0.9


WEATHER CONDITIONS
 THE FOLLOWING WEATHER WAS RECORDED YESTERDAY.
  THUNDERSTORM
  LIGHT RAIN
  FOG


RELATIVE HUMIDITY (PERCENT)
 HIGHEST    97           500 PM
 LOWEST     68           200 PM
 AVERAGE    83

..........................................................


THE INDIANAPOLIS IN CLIMATE NORMALS FOR TODAY
                         NORMAL    RECORD    YEAR
 MAXIMUM TEMPERATURE (F)   71        89      1897
 MINIMUM TEMPERATURE (F)   50        32      1946
                                             1895


SUNRISE AND SUNSET
OCTOBER  1 2016.......SUNRISE   742 AM EDT   SUNSET   727 PM EDT
OCTOBER  2 2016.......SUNRISE   743 AM EDT   SUNSET   725 PM EDT


-  INDICATES NEGATIVE NUMBERS.
R  INDICATES RECORD WAS SET OR TIED.
MM INDICATES DATA IS MISSING.
T  INDICATES TRACE AMOUNT.




$$
