000
CDUS43 KIND 250532
CLIMIE


CLIMATE REPORT
NATIONAL WEATHER SERVICE INDIANAPOLIS IN
131 AM EDT WED MAY 25 2016


...................................

...THE MUNCIE IN CLIMATE SUMMARY FOR MAY 24 2016...

CLIMATE NORMAL PERIOD 1981 TO 2010
CLIMATE RECORD PERIOD 9999 TO 9999


WEATHER ITEM   OBSERVED TIME   NORMAL DEPARTURE LAST
                VALUE   (LST)  VALUE  FROM      YEAR
                                      NORMAL
......................................................
TEMPERATURE (F)
 YESTERDAY
  MAXIMUM         84    442 PM  74     10       85
  MINIMUM         56    313 AM  54      2       61
  AVERAGE         70            64      6       73

PRECIPITATION (IN)
  YESTERDAY        0.00          0.15  -0.15      T
  MONTH TO DATE    2.64          3.31  -0.67     2.73
  SINCE MAR 1     10.90          9.93   0.97     9.89
  SINCE JAN 1     14.01         14.47  -0.46    12.83

DEGREE DAYS
 HEATING
  YESTERDAY        0             4     -4        0
  MONTH TO DATE  166           147     19       85
  SINCE MAR 1   1046          1356   -310     1320
  SINCE JUL 1   4637          5739  -1102     6185

 COOLING
  YESTERDAY        5             3      2        8
  MONTH TO DATE   15            43    -28       88
  SINCE MAR 1     25            58    -33       91
  SINCE JAN 1     25            58    -33       91
......................................................


WIND (MPH)
  HIGHEST WIND SPEED    12   HIGHEST WIND DIRECTION     W (250)
  HIGHEST GUST SPEED    17   HIGHEST GUST DIRECTION    SW (240)
  AVERAGE WIND SPEED     6.2


SKY COVER
  AVERAGE SKY COVER 0.0


WEATHER CONDITIONS
 THE FOLLOWING WEATHER WAS RECORDED YESTERDAY.
  HAZE


RELATIVE HUMIDITY (PERCENT)
 HIGHEST    72           600 AM
 LOWEST     23           400 PM
 AVERAGE    48

..........................................................


THE MUNCIE IN CLIMATE NORMALS FOR TODAY
                         NORMAL
 MAXIMUM TEMPERATURE (F)   75
 MINIMUM TEMPERATURE (F)   55


SUNRISE AND SUNSET
MAY 25 2016...........SUNRISE   618 AM EDT   SUNSET   900 PM EDT
MAY 26 2016...........SUNRISE   617 AM EDT   SUNSET   901 PM EDT


-  INDICATES NEGATIVE NUMBERS.
R  INDICATES RECORD WAS SET OR TIED.
MM INDICATES DATA IS MISSING.
T  INDICATES TRACE AMOUNT.




$$
