000
CDUS43 KIND 260532
CLIMIE


CLIMATE REPORT
NATIONAL WEATHER SERVICE INDIANAPOLIS IN
1232 AM EST WED NOV 26 2014


...................................

...THE MUNCIE IN CLIMATE SUMMARY FOR NOVEMBER 25 2014...

CLIMATE NORMAL PERIOD 1981 TO 2010
CLIMATE RECORD PERIOD 9999 TO 9999


WEATHER ITEM   OBSERVED TIME   NORMAL DEPARTURE LAST
                VALUE   (LST)  VALUE  FROM      YEAR
                                      NORMAL
......................................................
TEMPERATURE (F)
 YESTERDAY
  MAXIMUM         36   1237 AM  46    -10       32
  MINIMUM         28   1159 PM  31     -3       20
  AVERAGE         32            38     -6       26

PRECIPITATION (IN)
  YESTERDAY        0.00          0.11  -0.11     0.00
  MONTH TO DATE    2.33          2.89  -0.56     1.81
  SINCE SEP 1      8.75          8.77  -0.02     9.54
  SINCE JAN 1     37.17         36.68   0.49    34.42

DEGREE DAYS
 HEATING
  YESTERDAY       33            27      6       39
  MONTH TO DATE  711           531    180      602
  SINCE SEP 1   1180           985    195     1048
  SINCE JUL 1   1206           995    211     1074

 COOLING
  YESTERDAY        0             0      0        0
  MONTH TO DATE    0             0      0        0
  SINCE SEP 1     76           121    -45      158
  SINCE JAN 1    831           955   -124      973
......................................................


WIND (MPH)
  HIGHEST WIND SPEED    24   HIGHEST WIND DIRECTION     W (250)
  HIGHEST GUST SPEED    34   HIGHEST GUST DIRECTION     W (250)
  AVERAGE WIND SPEED    10.7


SKY COVER
  AVERAGE SKY COVER 1.0


WEATHER CONDITIONS
 THE FOLLOWING WEATHER WAS RECORDED YESTERDAY.
  NO SIGNIFICANT WEATHER WAS OBSERVED.


RELATIVE HUMIDITY (PERCENT)
 HIGHEST    85           500 PM
 LOWEST     69           400 AM
 AVERAGE    77

..........................................................


THE MUNCIE IN CLIMATE NORMALS FOR TODAY
                         NORMAL
 MAXIMUM TEMPERATURE (F)   46
 MINIMUM TEMPERATURE (F)   30


SUNRISE AND SUNSET
NOVEMBER 26 2014......SUNRISE   740 AM EST   SUNSET   518 PM EST
NOVEMBER 27 2014......SUNRISE   741 AM EST   SUNSET   517 PM EST


-  INDICATES NEGATIVE NUMBERS.
R  INDICATES RECORD WAS SET OR TIED.
MM INDICATES DATA IS MISSING.
T  INDICATES TRACE AMOUNT.




$$
