000
CDUS43 KIND 300531
CLIMIE


CLIMATE REPORT
NATIONAL WEATHER SERVICE INDIANAPOLIS IN
130 AM EDT THU JUN 30 2016


...................................

...THE MUNCIE IN CLIMATE SUMMARY FOR JUNE 29 2016...

CLIMATE NORMAL PERIOD 1981 TO 2010
CLIMATE RECORD PERIOD 9999 TO 9999


WEATHER ITEM   OBSERVED TIME   NORMAL DEPARTURE LAST
                VALUE   (LST)  VALUE  FROM      YEAR
                                      NORMAL
......................................................
TEMPERATURE (F)
 YESTERDAY
  MAXIMUM         79    431 PM  85     -6       74
  MINIMUM         53    521 AM  64    -11       62
  AVERAGE         66            74     -8       68

PRECIPITATION (IN)
  YESTERDAY        0.00          0.16  -0.16     0.53
  MONTH TO DATE    3.62          4.51  -0.89     7.67
  SINCE JUN 1      3.62          4.51  -0.89     7.67
  SINCE JAN 1     17.69         20.08  -2.39    22.47

DEGREE DAYS
 HEATING
  YESTERDAY        0             0      0        0
  MONTH TO DATE    3            21    -18       28
  SINCE JUN 1      3            21    -18       28
  SINCE JUL 1   4640          5780  -1140     6219

 COOLING
  YESTERDAY        1            10     -9        3
  MONTH TO DATE  275           205     70      214
  SINCE JUN 1    275           205     70      214
  SINCE JAN 1    382           288     94      358
......................................................


WIND (MPH)
  HIGHEST WIND SPEED    12   HIGHEST WIND DIRECTION    NW (310)
  HIGHEST GUST SPEED    15   HIGHEST GUST DIRECTION    NW (320)
  AVERAGE WIND SPEED     2.9


SKY COVER
  AVERAGE SKY COVER 0.1


WEATHER CONDITIONS
 THE FOLLOWING WEATHER WAS RECORDED YESTERDAY.
  NO SIGNIFICANT WEATHER WAS OBSERVED.


RELATIVE HUMIDITY (PERCENT)
 HIGHEST    93           500 AM
 LOWEST     35           300 PM
 AVERAGE    64

..........................................................


THE MUNCIE IN CLIMATE NORMALS FOR TODAY
                         NORMAL
 MAXIMUM TEMPERATURE (F)   85
 MINIMUM TEMPERATURE (F)   64


SUNRISE AND SUNSET
JUNE 30 2016..........SUNRISE   615 AM EDT   SUNSET   915 PM EDT
JULY  1 2016..........SUNRISE   616 AM EDT   SUNSET   915 PM EDT


-  INDICATES NEGATIVE NUMBERS.
R  INDICATES RECORD WAS SET OR TIED.
MM INDICATES DATA IS MISSING.
T  INDICATES TRACE AMOUNT.




$$
