000
CDUS43 KIND 010535
CLIMIE


CLIMATE REPORT
NATIONAL WEATHER SERVICE INDIANAPOLIS IN
133 AM EDT SAT OCT 1 2016


...................................

...THE MUNCIE IN CLIMATE SUMMARY FOR SEPTEMBER 30 2016...

CLIMATE NORMAL PERIOD 1981 TO 2010
CLIMATE RECORD PERIOD 9999 TO 9999


WEATHER ITEM   OBSERVED TIME   NORMAL DEPARTURE LAST
                VALUE   (LST)  VALUE  FROM      YEAR
                                      NORMAL
......................................................
TEMPERATURE (F)
 YESTERDAY
  MAXIMUM         68    146 PM  71     -3       68
  MINIMUM         57    317 PM  48      9       50
  AVERAGE         63            59      4       59

PRECIPITATION (IN)
  YESTERDAY        1.24          0.09   1.15      T
  MONTH TO DATE    4.70          2.96   1.74     2.17
  SINCE SEP 1      4.70          2.96   1.74     2.17
  SINCE JAN 1     33.98         30.87   3.11    33.65

DEGREE DAYS
 HEATING
  YESTERDAY        2             7     -5        6
  MONTH TO DATE   10            92    -82       59
  SINCE SEP 1     10            91    -81       59
  SINCE JUL 1     13           101    -88       74

 COOLING
  YESTERDAY        0             2     -2        0
  MONTH TO DATE  188           105     83      118
  SINCE SEP 1    188           105     83      118
  SINCE JAN 1   1288           939    349      879
......................................................


WIND (MPH)
  HIGHEST WIND SPEED    15   HIGHEST WIND DIRECTION    NE (50)
  HIGHEST GUST SPEED    18   HIGHEST GUST DIRECTION    NE (50)
  AVERAGE WIND SPEED     5.8


SKY COVER
  AVERAGE SKY COVER 1.0


WEATHER CONDITIONS
 THE FOLLOWING WEATHER WAS RECORDED YESTERDAY.
  THUNDERSTORM
  HEAVY RAIN
  RAIN
  LIGHT RAIN
  FOG
  HAZE


RELATIVE HUMIDITY (PERCENT)
 HIGHEST    97          1200 AM
 LOWEST     81          1100 AM
 AVERAGE    89

..........................................................


THE MUNCIE IN CLIMATE NORMALS FOR TODAY
                         NORMAL
 MAXIMUM TEMPERATURE (F)   71
 MINIMUM TEMPERATURE (F)   48


SUNRISE AND SUNSET
OCTOBER  1 2016.......SUNRISE   738 AM EDT   SUNSET   723 PM EDT
OCTOBER  2 2016.......SUNRISE   739 AM EDT   SUNSET   721 PM EDT


-  INDICATES NEGATIVE NUMBERS.
R  INDICATES RECORD WAS SET OR TIED.
MM INDICATES DATA IS MISSING.
T  INDICATES TRACE AMOUNT.




$$
