000
CDUS43 KIND 310553
CLIMIE


CLIMATE REPORT
NATIONAL WEATHER SERVICE INDIANAPOLIS IN
153 AM EDT TUE MAR 31 2015


...................................

...THE MUNCIE IN CLIMATE SUMMARY FOR MARCH 30 2015...

CLIMATE NORMAL PERIOD 1981 TO 2010
CLIMATE RECORD PERIOD 9999 TO 9999


WEATHER ITEM   OBSERVED TIME   NORMAL DEPARTURE LAST
                VALUE   (LST)  VALUE  FROM      YEAR
                                      NORMAL
......................................................
TEMPERATURE (F)
 YESTERDAY
  MAXIMUM         58    424 PM  55      3       52
  MINIMUM         35    659 AM  35      0       24
  AVERAGE         47            45      2       38

PRECIPITATION (IN)
  YESTERDAY        0.00          0.11  -0.11     0.00
  MONTH TO DATE    3.02          2.84   0.18     1.53
  SINCE MAR 1      3.02          2.84   0.18     1.53
  SINCE JAN 1      5.96          7.38  -1.42     4.49

DEGREE DAYS
 HEATING
  YESTERDAY       18            20     -2       27
  MONTH TO DATE  848           767     81      936
  SINCE MAR 1    848           767     81      936
  SINCE JUL 1   5713          5150    563     5846

 COOLING
  YESTERDAY        0             0      0        0
  MONTH TO DATE    0             0      0        0
  SINCE MAR 1      0             0      0        0
  SINCE JAN 1      0             0      0        0
......................................................


WIND (MPH)
  HIGHEST WIND SPEED    24   HIGHEST WIND DIRECTION    NW (300)
  HIGHEST GUST SPEED    31   HIGHEST GUST DIRECTION     W (280)
  AVERAGE WIND SPEED    11.0


SKY COVER
  AVERAGE SKY COVER 0.3


WEATHER CONDITIONS
 THE FOLLOWING WEATHER WAS RECORDED YESTERDAY.
  NO SIGNIFICANT WEATHER WAS OBSERVED.


RELATIVE HUMIDITY (PERCENT)
 HIGHEST    82           500 AM
 LOWEST     40           300 PM
 AVERAGE    61

..........................................................


THE MUNCIE IN CLIMATE NORMALS FOR TODAY
                         NORMAL
 MAXIMUM TEMPERATURE (F)   55
 MINIMUM TEMPERATURE (F)   36


SUNRISE AND SUNSET
MARCH 31 2015.........SUNRISE   727 AM EDT   SUNSET   805 PM EDT
APRIL  1 2015.........SUNRISE   726 AM EDT   SUNSET   806 PM EDT


-  INDICATES NEGATIVE NUMBERS.
R  INDICATES RECORD WAS SET OR TIED.
MM INDICATES DATA IS MISSING.
T  INDICATES TRACE AMOUNT.




$$
