267
CDUS43 KIND 260532
CLIMIE


CLIMATE REPORT
NATIONAL WEATHER SERVICE INDIANAPOLIS IN
131 AM EDT TUE SEP 26 2017


...................................

...THE MUNCIE IN CLIMATE SUMMARY FOR SEPTEMBER 25 2017...

CLIMATE NORMAL PERIOD 1981 TO 2010
CLIMATE RECORD PERIOD 9999 TO 9999


WEATHER ITEM   OBSERVED TIME   NORMAL DEPARTURE LAST
                VALUE   (LST)  VALUE  FROM      YEAR
                                      NORMAL
......................................................
TEMPERATURE (F)
 YESTERDAY
  MAXIMUM         91    338 PM  73     18       87
  MINIMUM         57    631 AM  50      7       57
  AVERAGE         74            62     12       72

PRECIPITATION (IN)
  YESTERDAY        0.00          0.09  -0.09      T
  MONTH TO DATE    1.84          2.51  -0.67     2.74
  SINCE SEP 1      1.84          2.51  -0.67     2.74
  SINCE JAN 1     36.73         30.42   6.31    32.02

DEGREE DAYS
 HEATING
  YESTERDAY        0             5     -5        0
  MONTH TO DATE   40            60    -20        0
  SINCE SEP 1     40            60    -20        0
  SINCE JUL 1     43            70    -27        3

 COOLING
  YESTERDAY        9             2      7        7
  MONTH TO DATE  136            97     39      187
  SINCE SEP 1    136            97     39      187
  SINCE JAN 1   1014           931     83     1287
......................................................


WIND (MPH)
  HIGHEST WIND SPEED     9   HIGHEST WIND DIRECTION     S (160)
  HIGHEST GUST SPEED    19   HIGHEST GUST DIRECTION     S (170)
  AVERAGE WIND SPEED     3.1


SKY COVER
  AVERAGE SKY COVER 0.0


WEATHER CONDITIONS
 THE FOLLOWING WEATHER WAS RECORDED YESTERDAY.
  NO SIGNIFICANT WEATHER WAS OBSERVED.


RELATIVE HUMIDITY (PERCENT)
 HIGHEST    93           500 AM
 LOWEST     29           200 PM
 AVERAGE    61

..........................................................


THE MUNCIE IN CLIMATE NORMALS FOR TODAY
                         NORMAL
 MAXIMUM TEMPERATURE (F)   73
 MINIMUM TEMPERATURE (F)   50


SUNRISE AND SUNSET
SEPTEMBER 26 2017.....SUNRISE   733 AM EDT   SUNSET   732 PM EDT
SEPTEMBER 27 2017.....SUNRISE   734 AM EDT   SUNSET   730 PM EDT


-  INDICATES NEGATIVE NUMBERS.
R  INDICATES RECORD WAS SET OR TIED.
MM INDICATES DATA IS MISSING.
T  INDICATES TRACE AMOUNT.




$$
