000
CDUS43 KIND 160541
CLIMIE


CLIMATE REPORT
NATIONAL WEATHER SERVICE INDIANAPOLIS IN
138 AM EDT TUE SEP 16 2014


...................................

...THE MUNCIE IN CLIMATE SUMMARY FOR SEPTEMBER 15 2014...

CLIMATE NORMAL PERIOD 1981 TO 2010
CLIMATE RECORD PERIOD 9999 TO 9999


WEATHER ITEM   OBSERVED TIME   NORMAL DEPARTURE LAST
                VALUE   (LST)  VALUE  FROM      YEAR
                                      NORMAL
......................................................
TEMPERATURE (F)
 YESTERDAY
  MAXIMUM         68   1137 AM  78    -10       76
  MINIMUM         45    510 AM  54     -9       46
  AVERAGE         57            66     -9       61

PRECIPITATION (IN)
  YESTERDAY        0.15          0.11   0.04     0.23
  MONTH TO DATE    3.27          1.58   1.69     1.18
  SINCE SEP 1      3.27          1.58   1.69     1.18
  SINCE JAN 1     31.69         29.49   2.20    26.06

DEGREE DAYS
 HEATING
  YESTERDAY        8             2      6        4
  MONTH TO DATE   41            21     20       26
  SINCE SEP 1     41            21     20       26
  SINCE JUL 1     67            31     36       52

 COOLING
  YESTERDAY        0             3     -3        0
  MONTH TO DATE   59            72    -13      101
  SINCE SEP 1     59            72    -13      101
  SINCE JAN 1    814           906    -92      916
......................................................


WIND (MPH)
  HIGHEST WIND SPEED    15   HIGHEST WIND DIRECTION     S (190)
  HIGHEST GUST SPEED    33   HIGHEST GUST DIRECTION    SW (210)
  AVERAGE WIND SPEED     3.7


SKY COVER
  AVERAGE SKY COVER 0.5


WEATHER CONDITIONS
 THE FOLLOWING WEATHER WAS RECORDED YESTERDAY.
  RAIN
  LIGHT RAIN
  FOG


RELATIVE HUMIDITY (PERCENT)
 HIGHEST    93          1200 AM
 LOWEST     45          1100 AM
 AVERAGE    69

..........................................................


THE MUNCIE IN CLIMATE NORMALS FOR TODAY
                         NORMAL
 MAXIMUM TEMPERATURE (F)   77
 MINIMUM TEMPERATURE (F)   54


SUNRISE AND SUNSET
SEPTEMBER 16 2014.....SUNRISE   723 AM EDT   SUNSET   749 PM EDT
SEPTEMBER 17 2014.....SUNRISE   724 AM EDT   SUNSET   747 PM EDT


-  INDICATES NEGATIVE NUMBERS.
R  INDICATES RECORD WAS SET OR TIED.
MM INDICATES DATA IS MISSING.
T  INDICATES TRACE AMOUNT.




$$
