738
CDUS43 KIND 250534
CLIMIE


CLIMATE REPORT
NATIONAL WEATHER SERVICE INDIANAPOLIS IN
133 AM EDT MON JUL 25 2016


...................................

...THE MUNCIE IN CLIMATE SUMMARY FOR JULY 24 2016...

CLIMATE NORMAL PERIOD 1981 TO 2010
CLIMATE RECORD PERIOD 9999 TO 9999


WEATHER ITEM   OBSERVED TIME   NORMAL DEPARTURE LAST
                VALUE   (LST)  VALUE  FROM      YEAR
                                      NORMAL
......................................................
TEMPERATURE (F)
 YESTERDAY
  MAXIMUM         94    305 PM  84     10       85
  MINIMUM         72    511 AM  64      8       61
  AVERAGE         83            74      9       73

PRECIPITATION (IN)
  YESTERDAY        0.00          0.14  -0.14     0.00
  MONTH TO DATE    2.24          3.50  -1.26     6.72
  SINCE JUN 1      5.86          8.16  -2.30    14.41
  SINCE JAN 1     19.93         23.73  -3.80    29.21

DEGREE DAYS
 HEATING
  YESTERDAY        0             0      0        0
  MONTH TO DATE    3             0      3        0
  SINCE JUN 1      6            24    -18       28
  SINCE JUL 1      3             0      3        0

 COOLING
  YESTERDAY       18             9      9        8
  MONTH TO DATE  255           234     21      171
  SINCE JUN 1    534           450     84      391
  SINCE JAN 1    641           533    108      535
......................................................


WIND (MPH)
  HIGHEST WIND SPEED    22   HIGHEST WIND DIRECTION    NW (330)
  HIGHEST GUST SPEED    27   HIGHEST GUST DIRECTION    NW (320)
  AVERAGE WIND SPEED     7.8


SKY COVER
  AVERAGE SKY COVER 0.2


WEATHER CONDITIONS
 THE FOLLOWING WEATHER WAS RECORDED YESTERDAY.
  NO SIGNIFICANT WEATHER WAS OBSERVED.


RELATIVE HUMIDITY (PERCENT)
 HIGHEST    87           500 AM
 LOWEST     52           300 PM
 AVERAGE    70

..........................................................


THE MUNCIE IN CLIMATE NORMALS FOR TODAY
                         NORMAL
 MAXIMUM TEMPERATURE (F)   84
 MINIMUM TEMPERATURE (F)   64


SUNRISE AND SUNSET
JULY 25 2016..........SUNRISE   633 AM EDT   SUNSET   902 PM EDT
JULY 26 2016..........SUNRISE   634 AM EDT   SUNSET   901 PM EDT


-  INDICATES NEGATIVE NUMBERS.
R  INDICATES RECORD WAS SET OR TIED.
MM INDICATES DATA IS MISSING.
T  INDICATES TRACE AMOUNT.




$$
