000
CDUS43 KIND 250532
CLIMIE


CLIMATE REPORT
NATIONAL WEATHER SERVICE INDIANAPOLIS IN
132 AM EDT SAT OCT 25 2014


...................................

...THE MUNCIE IN CLIMATE SUMMARY FOR OCTOBER 24 2014...

CLIMATE NORMAL PERIOD 1981 TO 2010
CLIMATE RECORD PERIOD 9999 TO 9999


WEATHER ITEM   OBSERVED TIME   NORMAL DEPARTURE LAST
                VALUE   (LST)  VALUE  FROM      YEAR
                                      NORMAL
......................................................
TEMPERATURE (F)
 YESTERDAY
  MAXIMUM         65    345 PM  61      4       43
  MINIMUM         37    305 AM  41     -4       31
  AVERAGE         51            51      0       37

PRECIPITATION (IN)
  YESTERDAY        0.00          0.09  -0.09     0.00
  MONTH TO DATE    2.41          2.28   0.13     2.61
  SINCE SEP 1      5.98          5.24   0.74     6.40
  SINCE JAN 1     34.40         33.15   1.25    31.28

DEGREE DAYS
 HEATING
  YESTERDAY       14            14      0       28
  MONTH TO DATE  273           258     15      241
  SINCE SEP 1    387           349     38      324
  SINCE JUL 1    413           359     54      350

 COOLING
  YESTERDAY        0             0      0        0
  MONTH TO DATE    9            13     -4       34
  SINCE SEP 1     76           118    -42      158
  SINCE JAN 1    831           952   -121      973
......................................................


WIND (MPH)
  HIGHEST WIND SPEED    12   HIGHEST WIND DIRECTION     W (260)
  HIGHEST GUST SPEED    15   HIGHEST GUST DIRECTION     W (260)
  AVERAGE WIND SPEED     4.9


SKY COVER
  AVERAGE SKY COVER 0.2


WEATHER CONDITIONS
 THE FOLLOWING WEATHER WAS RECORDED YESTERDAY.
  NO SIGNIFICANT WEATHER WAS OBSERVED.


RELATIVE HUMIDITY (PERCENT)
 HIGHEST    93           100 AM
 LOWEST     48           300 PM
 AVERAGE    71

..........................................................


THE MUNCIE IN CLIMATE NORMALS FOR TODAY
                         NORMAL
 MAXIMUM TEMPERATURE (F)   61
 MINIMUM TEMPERATURE (F)   41


SUNRISE AND SUNSET
OCTOBER 25 2014.......SUNRISE   803 AM EDT   SUNSET   648 PM EDT
OCTOBER 26 2014.......SUNRISE   804 AM EDT   SUNSET   646 PM EDT


-  INDICATES NEGATIVE NUMBERS.
R  INDICATES RECORD WAS SET OR TIED.
MM INDICATES DATA IS MISSING.
T  INDICATES TRACE AMOUNT.




$$
