000
CDUS43 KIWX 300524
CLISBN


CLIMATE REPORT
NATIONAL WEATHER SERVICE NORTHERN INDIANA
123 AM EDT WED JUL 30 2014


...................................

...THE SOUTH BEND CLIMATE SUMMARY FOR JULY 29 2014...

CLIMATE NORMAL PERIOD 1981 TO 2010
CLIMATE RECORD PERIOD 1893 TO 2014


WEATHER ITEM   OBSERVED TIME   RECORD YEAR NORMAL DEPARTURE LAST
                VALUE   (LST)  VALUE       VALUE  FROM      YEAR
                                                  NORMAL
..................................................................
TEMPERATURE (F)
 YESTERDAY
  MAXIMUM         76    240 PM 102    1916  82     -6       72
  MINIMUM         50    530 AM  46    1928  63    -13       54
  AVERAGE         63                        72     -9       63

PRECIPITATION (IN)
  YESTERDAY        0.00          2.25 1906   0.13  -0.13     0.00
  MONTH TO DATE    1.75                      3.74  -1.99     3.02
  SINCE JUN 1     10.89                      7.53   3.36     6.45
  SINCE JAN 1     25.97                     21.25   4.72    23.75

DEGREE DAYS
 HEATING
  YESTERDAY        2                         0      2        2
  MONTH TO DATE   18                         0     18       14
  SINCE JUN 1     35                        44     -9       51
  SINCE JUL 1     18                         0     18       14

 COOLING
  YESTERDAY        0                         8     -8        0
  MONTH TO DATE  133                       232    -99      228
  SINCE JUN 1    349                       397    -48      393
  SINCE JAN 1    434                       453    -19      489
..................................................................


WIND (MPH)
  HIGHEST WIND SPEED    17   HIGHEST WIND DIRECTION    NW (310)
  HIGHEST GUST SPEED    21   HIGHEST GUST DIRECTION    NW (320)
  AVERAGE WIND SPEED     7.0


SKY COVER
  AVERAGE SKY COVER 0.3


WEATHER CONDITIONS
 THE FOLLOWING WEATHER WAS RECORDED YESTERDAY.
  NO SIGNIFICANT WEATHER WAS OBSERVED.


RELATIVE HUMIDITY (PERCENT)
 HIGHEST    89           600 AM
 LOWEST     46           300 PM
 AVERAGE    68

..........................................................


THE SOUTH BEND CLIMATE NORMALS FOR TODAY
                         NORMAL    RECORD    YEAR
 MAXIMUM TEMPERATURE (F)   82       102      1999
 MINIMUM TEMPERATURE (F)   63        45      1936


SUNRISE AND SUNSET
JULY 30 2014..........SUNRISE   637 AM EDT   SUNSET   905 PM EDT
JULY 31 2014..........SUNRISE   638 AM EDT   SUNSET   904 PM EDT


-  INDICATES NEGATIVE NUMBERS.
R  INDICATES RECORD WAS SET OR TIED.
MM INDICATES DATA IS MISSING.
T  INDICATES TRACE AMOUNT.




$$
