000
CDUS43 KIWX 020023
CLISBN


CLIMATE REPORT
NATIONAL WEATHER SERVICE NORTHERN INDIANA
823 PM EDT WED OCT 1 2014


...................................

...THE SOUTH BEND CLIMATE SUMMARY FOR OCTOBER 1 2014...
VALID AS OF 0800 PM LOCAL TIME.

CLIMATE NORMAL PERIOD 1981 TO 2010
CLIMATE RECORD PERIOD 1893 TO 2014


WEATHER ITEM   OBSERVED TIME   RECORD YEAR NORMAL DEPARTURE LAST
                VALUE   (LST)  VALUE       VALUE  FROM      YEAR
                                                  NORMAL
..................................................................
TEMPERATURE (F)
 TODAY
  MAXIMUM         71   1200 AM  90    1897  68      3       77
  MINIMUM         54   1200 AM  31    1947  47      7       59
                                      1899
  AVERAGE         63                        57      6       68

PRECIPITATION (IN)
  TODAY            0.00          1.62 1979   0.11  -0.11     0.00
  MONTH TO DATE    0.00                      0.11  -0.11     0.00
  SINCE SEP 1      2.71                      3.64  -0.93     4.12
  SINCE JAN 1     30.92                     28.91   2.01    31.04

DEGREE DAYS
 HEATING
  TODAY            2                         8     -6        0
  MONTH TO DATE    2                         8     -6        0
  SINCE SEP 1    122                       124     -2       91
  SINCE JUL 1    150                       142      8      120

 COOLING
  TODAY            0                         1     -1        3
  MONTH TO DATE    0                         1     -1        3
  SINCE SEP 1     74                        83     -9      121
  SINCE JAN 1    767                       765      2      801
..................................................................


WIND (MPH)
  RESULTANT WIND SPEED  10   RESULTANT WIND DIRECTION  SE (140)
  HIGHEST WIND SPEED     0   HIGHEST WIND DIRECTION     N (0)
  HIGHEST GUST SPEED     0   HIGHEST GUST DIRECTION     N (0)
  AVERAGE WIND SPEED     0.0


SKY COVER
  POSSIBLE SUNSHINE  MM
  AVERAGE SKY COVER 0.5


WEATHER CONDITIONS
 THE FOLLOWING WEATHER WAS RECORDED TODAY.
  NO SIGNIFICANT WEATHER WAS OBSERVED.


RELATIVE HUMIDITY (PERCENT)
 HIGHEST     0          1200 AM
 LOWEST      0          1200 AM
 AVERAGE     0

..........................................................


THE SOUTH BEND CLIMATE NORMALS FOR TOMORROW
                         NORMAL    RECORD    YEAR
 MAXIMUM TEMPERATURE (F)   67        87      1922
 MINIMUM TEMPERATURE (F)   47        22      1908


SUNRISE AND SUNSET
OCTOBER  1 2014.......SUNRISE   742 AM EDT   SUNSET   727 PM EDT
OCTOBER  2 2014.......SUNRISE   743 AM EDT   SUNSET   725 PM EDT


-  INDICATES NEGATIVE NUMBERS.
R  INDICATES RECORD WAS SET OR TIED.
MM INDICATES DATA IS MISSING.
T  INDICATES TRACE AMOUNT.




$$
