000
CDUS43 KIWX 230530
CLISBN


CLIMATE REPORT
NATIONAL WEATHER SERVICE NORTHERN INDIANA
129 AM EDT SUN APR 23 2017


...................................

...THE SOUTH BEND CLIMATE SUMMARY FOR APRIL 22 2017...

CLIMATE NORMAL PERIOD 1981 TO 2010
CLIMATE RECORD PERIOD 1893 TO 2017


WEATHER ITEM   OBSERVED TIME   RECORD YEAR NORMAL DEPARTURE LAST
                VALUE   (LST)  VALUE       VALUE  FROM      YEAR
                                                  NORMAL
..................................................................
TEMPERATURE (F)
 YESTERDAY
  MAXIMUM         62    420 PM  89    1980  62      0       56
  MINIMUM         35    151 AM  20    1936  41     -6       42
  AVERAGE         49                        52     -3       49

PRECIPITATION (IN)
  YESTERDAY        0.00          1.75 1999   0.10  -0.10     0.00
  MONTH TO DATE    2.02                      2.33  -0.31     3.45
  SINCE MAR 1      6.25                      4.75   1.50     7.62
  SINCE JAN 1     13.24                      8.99   4.25    11.40

SNOWFALL (IN)
  YESTERDAY        0.0           0.5  1927   0.0    0.0      0.0
  MONTH TO DATE    0.6                       1.3   -0.7      4.1
  SINCE MAR 1      8.5                       8.4    0.1     10.9
  SINCE JUL 1     42.2                      66.5  -24.3     70.2
  SNOW DEPTH       0

DEGREE DAYS
 HEATING
  YESTERDAY       16                        14      2       16
  MONTH TO DATE  312                       389    -77      424
  SINCE MAR 1   1174                      1244    -70     1114
  SINCE JUL 1   5151                      5933   -782     5244

 COOLING
  YESTERDAY        0                         0      0        0
  MONTH TO DATE    4                         0      4        0
  SINCE MAR 1      4                         1      3        0
  SINCE JAN 1      4                         1      3        0
..................................................................


WIND (MPH)
  HIGHEST WIND SPEED    18   HIGHEST WIND DIRECTION     N (350)
  HIGHEST GUST SPEED    22   HIGHEST GUST DIRECTION     N (350)
  AVERAGE WIND SPEED     9.5


SKY COVER
  AVERAGE SKY COVER 0.0


WEATHER CONDITIONS
 THE FOLLOWING WEATHER WAS RECORDED YESTERDAY.
  NO SIGNIFICANT WEATHER WAS OBSERVED.


RELATIVE HUMIDITY (PERCENT)
 HIGHEST    92           100 AM
 LOWEST     29           300 PM
 AVERAGE    61

..........................................................


THE SOUTH BEND CLIMATE NORMALS FOR TODAY
                         NORMAL    RECORD    YEAR
 MAXIMUM TEMPERATURE (F)   63        86      1960
                                             1925
 MINIMUM TEMPERATURE (F)   41        20      1936


SUNRISE AND SUNSET
APRIL 23 2017.........SUNRISE   653 AM EDT   SUNSET   835 PM EDT
APRIL 24 2017.........SUNRISE   651 AM EDT   SUNSET   836 PM EDT


-  INDICATES NEGATIVE NUMBERS.
R  INDICATES RECORD WAS SET OR TIED.
MM INDICATES DATA IS MISSING.
T  INDICATES TRACE AMOUNT.




$$
