000
CDUS43 KIWX 270529
CLISBN


CLIMATE REPORT
NATIONAL WEATHER SERVICE NORTHERN INDIANA
128 AM EDT MON JUN 27 2016


...................................

...THE SOUTH BEND CLIMATE SUMMARY FOR JUNE 26 2016...

CLIMATE NORMAL PERIOD 1981 TO 2010
CLIMATE RECORD PERIOD 1893 TO 2016


WEATHER ITEM   OBSERVED TIME   RECORD YEAR NORMAL DEPARTURE LAST
                VALUE   (LST)  VALUE       VALUE  FROM      YEAR
                                                  NORMAL
..................................................................
TEMPERATURE (F)
 YESTERDAY
  MAXIMUM         84    207 PM  96    1983  82      2       74
                                      1933
  MINIMUM         71    923 PM  46    1902  62      9       63
  AVERAGE         78                        72      6       69

PRECIPITATION (IN)
  YESTERDAY        0.16          1.87 1994   0.12   0.04     0.23
  MONTH TO DATE    3.25                      3.34  -0.09     2.82
  SINCE JUN 1      3.25                      3.34  -0.09     2.82
  SINCE JAN 1     18.36                     17.06   1.30    15.91

SNOWFALL (IN)
  YESTERDAY        0.0           0.0  2002   0.0    0.0      0.0
                                      2001
                                      2000
  MONTH TO DATE    0.0                       0.0    0.0      0.0
  SINCE JUN 1      0.0                       0.0    0.0      0.0
  SINCE JUL 1     70.2                      66.6    3.6     83.9
  SNOW DEPTH       0

DEGREE DAYS
 HEATING
  YESTERDAY        0                         1     -1        0
  MONTH TO DATE   24                        43    -19       19
  SINCE JUN 1     24                        43    -19       19
  SINCE JUL 1   5629                      6297   -668     6623

 COOLING
  YESTERDAY       13                         7      6        4
  MONTH TO DATE  164                       133     31      152
  SINCE JUN 1    164                       133     31      152
  SINCE JAN 1    233                       189     44      238
..................................................................


WIND (MPH)
  HIGHEST WIND SPEED    23   HIGHEST WIND DIRECTION     W (260)
  HIGHEST GUST SPEED    28   HIGHEST GUST DIRECTION     W (260)
  AVERAGE WIND SPEED     7.9


SKY COVER
  AVERAGE SKY COVER 0.2


WEATHER CONDITIONS
 THE FOLLOWING WEATHER WAS RECORDED YESTERDAY.
  THUNDERSTORM
  HEAVY RAIN
  RAIN
  LIGHT RAIN
  FOG


RELATIVE HUMIDITY (PERCENT)
 HIGHEST   100           700 PM
 LOWEST     69          1200 AM
 AVERAGE    85

..........................................................


THE SOUTH BEND CLIMATE NORMALS FOR TODAY
                         NORMAL    RECORD    YEAR
 MAXIMUM TEMPERATURE (F)   82       102      1933
 MINIMUM TEMPERATURE (F)   62        41      1905


SUNRISE AND SUNSET
JUNE 27 2016..........SUNRISE   613 AM EDT   SUNSET   924 PM EDT
JUNE 28 2016..........SUNRISE   613 AM EDT   SUNSET   924 PM EDT


-  INDICATES NEGATIVE NUMBERS.
R  INDICATES RECORD WAS SET OR TIED.
MM INDICATES DATA IS MISSING.
T  INDICATES TRACE AMOUNT.




$$
