000
CXUS53 KIWX 270800
CF6AOH
PRELIMINARY LOCAL CLIMATOLOGICAL DATA (WS FORM: F-6)

                                          STATION:   LIMA
                                          MONTH:     FEBRUARY
                                          YEAR:      2015
                                          LATITUDE:   40 42 N
                                          LONGITUDE:  84  1 W

  TEMPERATURE IN F:       :PCPN:    SNOW:  WIND      :SUNSHINE: SKY     :PK WND
================================================================================
1   2   3   4   5  6A  6B    7    8   9   10  11  12  13   14  15   16   17  18
                                     12Z  AVG MX 2MIN
DY MAX MIN AVG DEP HDD CDD  WTR  SNW DPTH SPD SPD DIR MIN PSBL S-S WX    SPD DR
================================================================================

 1  36  25  31   4  34   0 0.62    M    M  9.0 20  10   M    M  10 16     25  10
 2  25  12  19  -8  46   0    T    M    M 14.0 24 320   M    M   4 189    31 310
 3  33  12  23  -5  42   0    T    M    M 10.5 17 190   M    M   6 8      24 190
 4  37  18  28   0  37   0 0.03    M    M 14.0 23 330   M    M   9 128    29 310
 5  18   2  10 -18  55   0 0.00  0.0    0  6.8 15 340   M    M   0        18 340
 6  30  11  21  -7  44   0 0.00  0.0    0 11.8 20 250   M    M   8        25 250
 7  46  29  38  10  27   0 0.00  0.0    0  9.9 18 210   M    M   0        24 210
 8  50  32  41  13  24   0 0.01    M    0  8.8 18  20   M    M   4 128    25 220
 9  32  22  27  -1  38   0    T    M    0 13.3 20  10   M    M  10 18     24  30
10  26  18  22  -7  43   0 0.00  0.0    0  8.2 15  20   M    M   9 18     19  30
11  35  22  29   0  36   0    T    M    0 11.1 22 260   M    M  10 168    27 260
12  31  11  21  -8  44   0    T    M    0 12.7 25 320   M    M   7 18     32 320
13  28   9  19 -10  46   0 0.00  0.0    0 10.1 22 250   M    M   8        27 220
14  30   7  19 -10  46   0 0.01    M    0 21.2 36 320   M    M   8 1289   44 300
15   7  -1   3 -27  62   0 0.00  0.0    0  9.2 18 330   M    M   0        25 350
16  11   2   7 -23  58   0 0.00  0.0    0  8.0 14 120   M    M   5        17 120
17  23   0  12 -18  53   0    T    M    M  9.1 22 260   M    M   6 18     26 260
18  17   5  11 -19  54   0    T    M    M 16.3 30 270   M    M   7 8      39 280
19   8  -1   4 -27  61   0    T    M    M 15.1 24 270   M    M   4 8      32 270
20  17  -5   6 -25  59   0 0.00  0.0    M 12.5 24 170   M    M   3        28 160
21   M   M   M   M   M   M    M    M    M 10.9 20 170   M    M  10 18      M  M
22   M   M   M   M   M   M    M    M    M   M   M   M   M    M   M         M  M
23  27  -1  13 -19  52   0 0.00  0.0    M  7.0 20 170   M    M   0 18     25 180
24  25  -3  11 -21  54   0 0.00  0.0    M 15.1 28 220   M    M   4        34 220
25  26  13  20 -12  45   0 0.00  0.0    M  7.8 22 230   M    M   2        27 250
26  17   6  12 -21  53   0    T    M    M  9.8 17  10   M    M  10 18     22  60
================================================================================
SM  635  245      1113   0  0.67     0.0 282.2          M      144
================================================================================
AV 26.5 10.2                              11.3 FASTST   M    M   6    MAX(MPH)
                                 MISC ---->  # 36 320               # 44  300
================================================================================
NOTES:
# LAST OF SEVERAL OCCURRENCES

COLUMN 17 PEAK WIND IN M.P.H.

PRELIMINARY LOCAL CLIMATOLOGICAL DATA (WS FORM: F-6) , PAGE 2

                                          STATION:  LIMA
                                          MONTH:    FEBRUARY
                                          YEAR:     2015
                                          LATITUDE:   40 42 N
                                          LONGITUDE:  84  1 W

[TEMPERATURE DATA]      [PRECIPITATION DATA]       SYMBOLS USED IN COLUMN 16

AVERAGE MONTHLY: 18.3   TOTAL FOR MONTH:   0.67    1 = FOG OR MIST
DPTR FM NORMAL: -11.2   DPTR FM NORMAL:   -1.18    2 = FOG REDUCING VISIBILITY
HIGHEST:    50 ON  8    GRTST 24HR  0.62 ON  1- 1      TO 1/4 MILE OR LESS
LOWEST:     -5 ON 20                               3 = THUNDER
                        SNOW, ICE PELLETS, HAIL    4 = ICE PELLETS
                        TOTAL MONTH:   0.0 INCH    5 = HAIL
                        GRTST 24HR     0.0         6 = FREEZING RAIN OR DRIZZLE
                        GRTST DEPTH:   0           7 = DUSTSTORM OR SANDSTORM:
                                                       VSBY 1/2 MILE OR LESS
                                                   8 = SMOKE OR HAZE
[NO. OF DAYS WITH]      [WEATHER - DAYS WITH]      9 = BLOWING SNOW
                                                   X = TORNADO
MAX 32 OR BELOW:  18    0.01 INCH OR MORE:   4
MAX 90 OR ABOVE:   0    0.10 INCH OR MORE:   1
MIN 32 OR BELOW:  24    0.50 INCH OR MORE:   1
MIN  0 OR BELOW:   6    1.00 INCH OR MORE:   0

[HDD (BASE 65) ]
TOTAL THIS MO.  1113    CLEAR  (SCALE 0-3)   5
DPTR FM NORMAL   190    PTCLDY (SCALE 4-7)  13
TOTAL FM JUL 1  4531    CLOUDY (SCALE 8-10)  7
DPTR FM NORMAL   187

[CDD (BASE 65) ]
TOTAL THIS MO.     0
DPTR FM NORMAL     0    [PRESSURE DATA]
TOTAL FM JAN 1     0    HIGHEST SLP M ON M
DPTR FM NORMAL     0    LOWEST  SLP 29.60 ON  8

[REMARKS]
