000
CXUS53 KIWX 280810
CF6BEH
PRELIMINARY LOCAL CLIMATOLOGICAL DATA (WS FORM: F-6)
STATION: BENTON HARBOR
MONTH: MARCH
YEAR: 2024
LATITUDE: 42 7 N
LONGITUDE: 86 26 W
TEMPERATURE IN F: :PCPN: SNOW: WIND :SUNSHINE: SKY :PK WND
================================================================================
1 2 3 4 5 6A 6B 7 8 9 10 11 12 13 14 15 16 17 18
12Z AVG MX 2MIN
DY MAX MIN AVG DEP HDD CDD WTR SNW DPTH SPD SPD DIR MIN PSBL S-S WX SPD DR
================================================================================
1 47 29 38 6 27 0 0.00 M M 8.1 16 160 M M 4 22 170
2 54 40 47 14 18 0 0.00 M M 6.1 12 140 M M 5 16 140
3 69 42 56 23 9 0 0.00 M M 14.6 23 150 M M 1 18 36 140
4 72 53 63 30 2 0 0.00 M M 10.1 21 200 M M 4 32 220
5 67 41 54 20 11 0 1.02 M M 3.8 22 270 M M 10 13 31 270
6 53 39 46 12 19 0 0.00 M M 6.7 17 70 M M 5 1 25 70
7 52 30 41 7 24 0 0.00 M M 8.2 16 100 M M 4 20 100
8 55 41 48 14 17 0 1.39 M M 8.2 14 100 M M 8 1 20 140
9 41 32 37 2 28 0 0.02 M M 9.4 17 290 M M 9 1 31 280
10 39 27 33 -2 32 0 0.01 M M 9.0 20 310 M M 7 1 34 300
11 M M M M M M 0.00 M M 11.4 24 230 M M 0 39 220
12 M M M M M M 0.00 M M 13.7 25 220 M M 0 35 220
13 M M M M M M 0.00 M M 5.6 16 220 M M 3 23 230
14 M M M M M M 0.55 M M 8.3 18 120 M M 9 38 25 110
15 41 33 37 0 28 0 0.00 M M 4.4 13 310 M M 6 20 20
16 57 33 45 8 20 0 0.00 M M 13.1 30 240 M M 5 46 240
17 44 30 37 0 28 0 T M M 11.1 21 270 M M 9 8 31 270
18 36 29 33 -5 32 0 T M M 10.2 20 250 M M 10 8 34 320
19 50 33 42 4 23 0 0.00 M M 14.7 31 240 M M 5 44 230
20 41 24 33 -5 32 0 T M M 6.5 18 310 M M 6 36 350
21 38 22 30 -9 35 0 0.00 M M 4.7 14 260 M M 8 19 260
22 37 30 34 -5 31 0 0.13 M M 7.7 17 120 M M 10 128 25 110
23 38 28 33 -6 32 0 0.00 M M 5.1 13 330 M M 6 8 24 350
24 47 26 37 -3 28 0 0.00 M M 13.2 25 100 M M 5 34 110
25 70 39 55 15 10 0 0.01 M M 14.6 28 160 M M 2 43 160
26 62 37 50 10 15 0 0.21 M M 17.7 36 230 M M 10 1 50 240
27 42 32 37 -3 28 0 0.00 M M 17.0 28 250 M M 6 37 260
================================================================================
SM 1152 770 529 0 3.34 M 263.2 M 157
================================================================================
AV 50.1 33.5 9.7 FASTST M M 6 MAX(MPH)
MISC ----> 36 230 50 240
================================================================================
NOTES:
# LAST OF SEVERAL OCCURRENCES
COLUMN 17 PEAK WIND IN M.P.H.
PRELIMINARY LOCAL CLIMATOLOGICAL DATA (WS FORM: F-6) , PAGE 2
STATION: BENTON HARBOR
MONTH: MARCH
YEAR: 2024
LATITUDE: 42 7 N
LONGITUDE: 86 26 W
[TEMPERATURE DATA] [PRECIPITATION DATA] SYMBOLS USED IN COLUMN 16
AVERAGE MONTHLY: 41.8 TOTAL FOR MONTH: 3.34 1 = FOG OR MIST
DPTR FM NORMAL: 5.4 DPTR FM NORMAL: 1.62 2 = FOG REDUCING VISIBILITY
HIGHEST: 72 ON 4 GRTST 24HR 1.40 ON 8- 9 TO 1/4 MILE OR LESS
LOWEST: 22 ON 21 3 = THUNDER
SNOW, ICE PELLETS, HAIL 4 = ICE PELLETS
TOTAL MONTH: M 5 = HAIL
GRTST 24HR M ON M 6 = FREEZING RAIN OR DRIZZLE
GRTST DEPTH: M ON M 7 = DUSTSTORM OR SANDSTORM:
VSBY 1/2 MILE OR LESS
8 = SMOKE OR HAZE
[NO. OF DAYS WITH] [WEATHER - DAYS WITH] 9 = BLOWING SNOW
X = TORNADO
MAX 32 OR BELOW: 0 0.01 INCH OR MORE: 8
MAX 90 OR ABOVE: 0 0.10 INCH OR MORE: 5
MIN 32 OR BELOW: 12 0.50 INCH OR MORE: 3
MIN 0 OR BELOW: 0 1.00 INCH OR MORE: 2
[HDD (BASE 65) ]
TOTAL THIS MO. 529 CLEAR (SCALE 0-3) 5
DPTR FM NORMAL -245 PTCLDY (SCALE 4-7) 14
TOTAL FM JUL 1 4328 CLOUDY (SCALE 8-10) 8
DPTR FM NORMAL -901
[CDD (BASE 65) ]
TOTAL THIS MO. 0
DPTR FM NORMAL 0 [PRESSURE DATA]
TOTAL FM JAN 1 0 HIGHEST SLP M ON M
DPTR FM NORMAL 0 LOWEST SLP 29.43 ON 26
[REMARKS]