000
CDUS43 KIWX 170523
CLIFWA


CLIMATE REPORT
NATIONAL WEATHER SERVICE NORTHERN INDIANA
1223 AM EST FRI NOV 17 2017


...................................

...THE FORT WAYNE CLIMATE SUMMARY FOR NOVEMBER 16 2017...

CLIMATE NORMAL PERIOD 1981 TO 2010
CLIMATE RECORD PERIOD 1897 TO 2017


WEATHER ITEM   OBSERVED TIME   RECORD YEAR NORMAL DEPARTURE LAST
                VALUE   (LST)  VALUE       VALUE  FROM      YEAR
                                                  NORMAL
..................................................................
TEMPERATURE (F)
 YESTERDAY
  MAXIMUM         44   1204 AM  70    1930  50     -6       60
  MINIMUM         35    733 AM  11    1933  33      2       33
  AVERAGE         40                        41     -1       47

PRECIPITATION (IN)
  YESTERDAY        T             1.14 1961   0.10  -0.10     0.00
  MONTH TO DATE    2.11                      1.58   0.53     0.18
  SINCE SEP 1      6.02                      7.22  -1.20     9.27
  SINCE JAN 1     44.30                     34.06  10.24    33.08

SNOWFALL (IN)
  YESTERDAY        0.0           3.4  2014   0.1   -0.1      0.0
                                      1932
  MONTH TO DATE    T                         0.6   -0.6      0.0
  SINCE SEP 1      T                         0.9   -0.9      0.0
  SINCE JUL 1      T                         0.9   -0.9      0.0

DEGREE DAYS
 HEATING
  YESTERDAY       25                        24      1       18
  MONTH TO DATE  356                       328     28      239
  SINCE SEP 1    713                       825   -112      512
  SINCE JUL 1    728                       837   -109      515

 COOLING
  YESTERDAY        0                         0      0        0
  MONTH TO DATE    0                         0      0        4
  SINCE SEP 1    148                        92     56      178
  SINCE JAN 1    836                       809     27     1104
..................................................................


WIND (MPH)
  HIGHEST WIND SPEED    30   HIGHEST WIND DIRECTION     W (270)
  HIGHEST GUST SPEED    39   HIGHEST GUST DIRECTION     W (270)
  AVERAGE WIND SPEED    10.8


SKY COVER
  AVERAGE SKY COVER 1.0


WEATHER CONDITIONS
 THE FOLLOWING WEATHER WAS RECORDED YESTERDAY.
  LIGHT RAIN


RELATIVE HUMIDITY (PERCENT)
 HIGHEST    85           200 AM
 LOWEST     70           400 PM
 AVERAGE    78

..........................................................


THE FORT WAYNE CLIMATE NORMALS FOR TODAY
                         NORMAL    RECORD    YEAR
 MAXIMUM TEMPERATURE (F)   49        72      2016
                                             1958
 MINIMUM TEMPERATURE (F)   33         6      1959


SUNRISE AND SUNSET
NOVEMBER 17 2017......SUNRISE   731 AM EST   SUNSET   520 PM EST
NOVEMBER 18 2017......SUNRISE   732 AM EST   SUNSET   520 PM EST


-  INDICATES NEGATIVE NUMBERS.
R  INDICATES RECORD WAS SET OR TIED.
MM INDICATES DATA IS MISSING.
T  INDICATES TRACE AMOUNT.




$$
