000
CDUS43 KIWX 280523
CLIFWA


CLIMATE REPORT
NATIONAL WEATHER SERVICE NORTHERN INDIANA
122 AM EDT TUE JUN 28 2016


...................................

...THE FORT WAYNE CLIMATE SUMMARY FOR JUNE 27 2016...

CLIMATE NORMAL PERIOD 1981 TO 2010
CLIMATE RECORD PERIOD 1897 TO 2016


WEATHER ITEM   OBSERVED TIME   RECORD YEAR NORMAL DEPARTURE LAST
                VALUE   (LST)  VALUE       VALUE  FROM      YEAR
                                                  NORMAL
..................................................................
TEMPERATURE (F)
 YESTERDAY
  MAXIMUM         89    430 PM  99    1944  84      5       66
  MINIMUM         70   1159 PM  41    1902  62      8       58
  AVERAGE         80                        73      7       62

PRECIPITATION (IN)
  YESTERDAY        0.00          2.25 1957   0.13  -0.13     2.05
  MONTH TO DATE    5.44                      3.81   1.63    11.72
  SINCE JUN 1      5.44                      3.81   1.63    11.72
  SINCE JAN 1     19.63                     18.61   1.02    25.85

SNOWFALL (IN)
  YESTERDAY        0.0           0.0  2002   0.0    0.0      0.0
                                      2001
                                      2000
  MONTH TO DATE    T                         0.0    0.0      0.0
  SINCE JUN 1      T                         0.0    0.0      0.0
  SINCE JUL 1     20.1                      33.5  -13.4     45.1
  SNOW DEPTH       0

DEGREE DAYS
 HEATING
  YESTERDAY        0                         0      0        3
  MONTH TO DATE   11                        29    -18       27
  SINCE JUN 1     11                        29    -18       27
  SINCE JUL 1   5127                      6101   -974     6678

 COOLING
  YESTERDAY       15                         8      7        0
  MONTH TO DATE  203                       157     46      171
  SINCE JUN 1    203                       157     46      171
  SINCE JAN 1    277                       214     63      267
..................................................................


WIND (MPH)
  HIGHEST WIND SPEED    21   HIGHEST WIND DIRECTION     W (270)
  HIGHEST GUST SPEED    26   HIGHEST GUST DIRECTION     W (260)
  AVERAGE WIND SPEED     8.8


SKY COVER
  AVERAGE SKY COVER 0.5


WEATHER CONDITIONS
 THE FOLLOWING WEATHER WAS RECORDED YESTERDAY.
  FOG
  FOG W/VISIBILITY <= 1/4 MILE


RELATIVE HUMIDITY (PERCENT)
 HIGHEST   100           500 AM
 LOWEST     41           300 PM
 AVERAGE    71

..........................................................


THE FORT WAYNE CLIMATE NORMALS FOR TODAY
                         NORMAL    RECORD    YEAR
 MAXIMUM TEMPERATURE (F)   84       106      2012
 MINIMUM TEMPERATURE (F)   62        46      1992


SUNRISE AND SUNSET
JUNE 28 2016..........SUNRISE   611 AM EDT   SUNSET   917 PM EDT
JUNE 29 2016..........SUNRISE   612 AM EDT   SUNSET   917 PM EDT


-  INDICATES NEGATIVE NUMBERS.
R  INDICATES RECORD WAS SET OR TIED.
MM INDICATES DATA IS MISSING.
T  INDICATES TRACE AMOUNT.




$$
