000
CDUS43 KIWX 170536
CLIFWA


CLIMATE REPORT
NATIONAL WEATHER SERVICE NORTHERN INDIANA
1233 AM EST WED JAN 17 2018


...................................

...THE FORT WAYNE CLIMATE SUMMARY FOR JANUARY 16 2018...

CLIMATE NORMAL PERIOD 1981 TO 2010
CLIMATE RECORD PERIOD 1897 TO 2018


WEATHER ITEM   OBSERVED TIME   RECORD YEAR NORMAL DEPARTURE LAST
                VALUE   (LST)  VALUE       VALUE  FROM      YEAR
                                                  NORMAL
..................................................................
TEMPERATURE (F)
 YESTERDAY
  MAXIMUM         10   1140 PM  56    1990  32    -22       40
                                      1949
  MINIMUM         -4    744 AM -19    2009  17    -21       30
                                      1972
  AVERAGE          3                        25    -22       35

PRECIPITATION (IN)
  YESTERDAY        T             1.08 1952   0.07  -0.07     0.37
  MONTH TO DATE    0.87                      1.24  -0.37     2.81
  SINCE DEC 1      1.88                      4.01  -2.13     5.12
  SINCE JAN 1      0.87                      1.24  -0.37     2.81

SNOWFALL (IN)
  YESTERDAY        T             3.6  1994   0.4   -0.4      0.0
  MONTH TO DATE    6.4                       5.1    1.3      0.7
  SINCE DEC 1     17.8                      13.6    4.2     11.6
  SINCE JUL 1     17.8                      15.7    2.1     12.0
  SNOW DEPTH       3

DEGREE DAYS
 HEATING
  YESTERDAY       62                        40     22       30
  MONTH TO DATE  750                       639    111      591
  SINCE DEC 1   1919                      1750    169     1757
  SINCE JUL 1   2972                      2967      5     2602

 COOLING
  YESTERDAY        0                         0      0        0
  MONTH TO DATE    0                         0      0        0
  SINCE DEC 1      0                         0      0        0
  SINCE JAN 1      0                         0      0        0
..................................................................


WIND (MPH)
  HIGHEST WIND SPEED    21   HIGHEST WIND DIRECTION     W (260)
  HIGHEST GUST SPEED    25   HIGHEST GUST DIRECTION     W (270)
  AVERAGE WIND SPEED    10.5


SKY COVER
  AVERAGE SKY COVER 0.7


WEATHER CONDITIONS
 THE FOLLOWING WEATHER WAS RECORDED YESTERDAY.
  LIGHT SNOW
  FOG


RELATIVE HUMIDITY (PERCENT)
 HIGHEST    87           500 AM
 LOWEST     73           600 PM
 AVERAGE    80

..........................................................


THE FORT WAYNE CLIMATE NORMALS FOR TODAY
                         NORMAL    RECORD    YEAR
 MAXIMUM TEMPERATURE (F)   32        65      1952
 MINIMUM TEMPERATURE (F)   17       -17      1982


SUNRISE AND SUNSET
JANUARY 17 2018.......SUNRISE   803 AM EST   SUNSET   540 PM EST
JANUARY 18 2018.......SUNRISE   802 AM EST   SUNSET   541 PM EST


-  INDICATES NEGATIVE NUMBERS.
R  INDICATES RECORD WAS SET OR TIED.
MM INDICATES DATA IS MISSING.
T  INDICATES TRACE AMOUNT.




$$
