000
CDUS43 KIWX 210530
CLIFWA


CLIMATE REPORT
NATIONAL WEATHER SERVICE NORTHERN INDIANA
130 AM EDT THU SEP 21 2017


...................................

...THE FORT WAYNE CLIMATE SUMMARY FOR SEPTEMBER 20 2017...

CLIMATE NORMAL PERIOD 1981 TO 2010
CLIMATE RECORD PERIOD 1897 TO 2017


WEATHER ITEM   OBSERVED TIME   RECORD YEAR NORMAL DEPARTURE LAST
                VALUE   (LST)  VALUE       VALUE  FROM      YEAR
                                                  NORMAL
..................................................................
TEMPERATURE (F)
 YESTERDAY
  MAXIMUM         86    428 PM  92    1940  75     11       86
  MINIMUM         61    704 AM  35    1991  51     10       58
  AVERAGE         74                        63     11       72

PRECIPITATION (IN)
  YESTERDAY        0.00          1.47 1971   0.09  -0.09     0.00
  MONTH TO DATE    1.67                      1.87  -0.20     4.08
  SINCE SEP 1      1.67                      1.87  -0.20     4.08
  SINCE JAN 1     39.95                     28.71  11.24    27.89

DEGREE DAYS
 HEATING
  YESTERDAY        0                         4     -4        0
  MONTH TO DATE   60                        43     17        0
  SINCE SEP 1     60                        43     17        0
  SINCE JUL 1     75                        55     20        3

 COOLING
  YESTERDAY        9                         2      7        7
  MONTH TO DATE   43                        69    -26      106
  SINCE SEP 1     43                        69    -26      106
  SINCE JAN 1    731                       786    -55     1032
..................................................................


WIND (MPH)
  HIGHEST WIND SPEED    13   HIGHEST WIND DIRECTION     S (200)
  HIGHEST GUST SPEED    16   HIGHEST GUST DIRECTION     S (190)
  AVERAGE WIND SPEED     4.0


SKY COVER
  AVERAGE SKY COVER 0.5


WEATHER CONDITIONS
 THE FOLLOWING WEATHER WAS RECORDED YESTERDAY.
  FOG
  FOG W/VISIBILITY <= 1/4 MILE


RELATIVE HUMIDITY (PERCENT)
 HIGHEST   100           100 AM
 LOWEST     55           200 PM
 AVERAGE    78

..........................................................


THE FORT WAYNE CLIMATE NORMALS FOR TODAY
                         NORMAL    RECORD    YEAR
 MAXIMUM TEMPERATURE (F)   74        93      2010
 MINIMUM TEMPERATURE (F)   50        32      1897


SUNRISE AND SUNSET
SEPTEMBER 21 2017.....SUNRISE   728 AM EDT   SUNSET   739 PM EDT
SEPTEMBER 22 2017.....SUNRISE   729 AM EDT   SUNSET   738 PM EDT


-  INDICATES NEGATIVE NUMBERS.
R  INDICATES RECORD WAS SET OR TIED.
MM INDICATES DATA IS MISSING.
T  INDICATES TRACE AMOUNT.




$$
