000
CDUS43 KIWX 200525
CLIFWA


CLIMATE REPORT
NATIONAL WEATHER SERVICE NORTHERN INDIANA
125 AM EDT SUN APR 20 2014


...................................

...THE FORT WAYNE CLIMATE SUMMARY FOR APRIL 19 2014...

CLIMATE NORMAL PERIOD 1981 TO 2010
CLIMATE RECORD PERIOD 1897 TO 2014


WEATHER ITEM   OBSERVED TIME   RECORD YEAR NORMAL DEPARTURE LAST
                VALUE   (LST)  VALUE       VALUE  FROM      YEAR
                                                  NORMAL
..................................................................
TEMPERATURE (F)
 YESTERDAY
  MAXIMUM         61    432 PM  86    1985  63     -2       59
  MINIMUM         38    652 AM  21    1983  40     -2       35
  AVERAGE         50                        51     -1       47

PRECIPITATION (IN)
  YESTERDAY        0.00          1.54 1970   0.13  -0.13     0.67
  MONTH TO DATE    3.05                      2.29   0.76     5.31
  SINCE MAR 1      4.95                      5.00  -0.05     7.65
  SINCE JAN 1     11.03                      9.30   1.73    12.94

SNOWFALL (IN)
  YESTERDAY        0.0           0.3  1969   0.0    0.0       T
  MONTH TO DATE    1.1                       0.9    0.2       T
  SINCE MAR 1     14.3                       5.0    9.3     18.1
  SINCE JUL 1     74.7                      33.4   41.3     38.5
  SNOW DEPTH       0

DEGREE DAYS
 HEATING
  YESTERDAY       15                        14      1       18
  MONTH TO DATE  321                       327     -6      326
  SINCE MAR 1   1388                      1153    235     1308
  SINCE JUL 1   6641                      5751    890     5699

 COOLING
  YESTERDAY        0                         0      0        0
  MONTH TO DATE    1                         0      1        0
  SINCE MAR 1      1                         0      1        0
  SINCE JAN 1      1                         0      1        0
..................................................................


WIND (MPH)
  HIGHEST WIND SPEED    20   HIGHEST WIND DIRECTION     E (80)
  HIGHEST GUST SPEED    25   HIGHEST GUST DIRECTION    NE (50)
  AVERAGE WIND SPEED    12.0


SKY COVER
  AVERAGE SKY COVER 0.2


WEATHER CONDITIONS
 THE FOLLOWING WEATHER WAS RECORDED YESTERDAY.
  FOG


RELATIVE HUMIDITY (PERCENT)
 HIGHEST    85           500 AM
 LOWEST     29           500 PM
 AVERAGE    57

..........................................................


THE FORT WAYNE CLIMATE NORMALS FOR TODAY
                         NORMAL    RECORD    YEAR
 MAXIMUM TEMPERATURE (F)   63        84      1985
 MINIMUM TEMPERATURE (F)   40        20      1904


SUNRISE AND SUNSET
APRIL 20 2014.........SUNRISE   654 AM EDT   SUNSET   826 PM EDT
APRIL 21 2014.........SUNRISE   653 AM EDT   SUNSET   827 PM EDT


-  INDICATES NEGATIVE NUMBERS.
R  INDICATES RECORD WAS SET OR TIED.
MM INDICATES DATA IS MISSING.
T  INDICATES TRACE AMOUNT.




$$
