000
CDUS43 KIWX 252026
CLIFWA


CLIMATE REPORT
NATIONAL WEATHER SERVICE NORTHERN INDIANA
426 PM EDT SAT OCT 25 2014


...................................

...THE FORT WAYNE CLIMATE SUMMARY FOR OCTOBER 25 2014...
VALID TODAY AS OF 0400 PM LOCAL TIME.

CLIMATE NORMAL PERIOD 1981 TO 2010
CLIMATE RECORD PERIOD 1897 TO 2014


WEATHER ITEM   OBSERVED TIME   RECORD YEAR NORMAL DEPARTURE LAST
                VALUE   (LST)  VALUE       VALUE  FROM      YEAR
                                                  NORMAL
..................................................................
TEMPERATURE (F)
 TODAY
  MAXIMUM         71    150 PM  82    1963  60     11       49
  MINIMUM         48    158 AM  23    1960  40      8       28
  AVERAGE         60                        50     10       39

PRECIPITATION (IN)
  TODAY            T             2.69 1991   0.08  -0.08     0.00
  MONTH TO DATE    2.48                      2.31   0.17     1.83
  SINCE SEP 1      7.38                      5.11   2.27     3.72
  SINCE JAN 1     37.77                     31.95   5.82    36.06

SNOWFALL (IN)
  TODAY           MM             0.6  1962   0.0   MM        0.0
  MONTH TO DATE    T                         0.2   -0.2       T
  SINCE SEP 1      T                         0.2   -0.2       T
  SINCE JUL 1      T                         0.2   -0.2       T

DEGREE DAYS
 HEATING
  TODAY            5                        15    -10       26
  MONTH TO DATE  311                       294     17      281
  SINCE SEP 1    431                       398     33      379
  SINCE JUL 1    455                       410     45      399

 COOLING
  TODAY            0                         0      0        0
  MONTH TO DATE    3                         8     -5       28
  SINCE SEP 1     57                        91    -34      126
  SINCE JAN 1    731                       808    -77      855
..................................................................


WIND (MPH)
  HIGHEST WIND SPEED    20   HIGHEST WIND DIRECTION     W (290)
  HIGHEST GUST SPEED    27   HIGHEST GUST DIRECTION     W (290)
  AVERAGE WIND SPEED    10.4


SKY COVER
  POSSIBLE SUNSHINE  MM
  AVERAGE SKY COVER 0.6


WEATHER CONDITIONS
 THE FOLLOWING WEATHER WAS RECORDED TODAY.
  FOG
  HAZE


RELATIVE HUMIDITY (PERCENT)
 HIGHEST    93          1200 AM
 LOWEST     44           300 PM
 AVERAGE    69

..........................................................


THE FORT WAYNE CLIMATE NORMALS FOR TOMORROW
                         NORMAL    RECORD    YEAR
 MAXIMUM TEMPERATURE (F)   60        84      1963
 MINIMUM TEMPERATURE (F)   39        21      1942


SUNRISE AND SUNSET
OCTOBER 25 2014.......SUNRISE   803 AM EDT   SUNSET   646 PM EDT
OCTOBER 26 2014.......SUNRISE   805 AM EDT   SUNSET   644 PM EDT


-  INDICATES NEGATIVE NUMBERS.
R  INDICATES RECORD WAS SET OR TIED.
MM INDICATES DATA IS MISSING.
T  INDICATES TRACE AMOUNT.




$$
