000
CDUS43 KIWX 240020
CLIFWA


CLIMATE REPORT
NATIONAL WEATHER SERVICE NORTHERN INDIANA
820 PM EDT SUN JUL 23 2017


...................................

...THE FORT WAYNE CLIMATE SUMMARY FOR JULY 23 2017...
VALID AS OF 0800 PM LOCAL TIME.

CLIMATE NORMAL PERIOD 1981 TO 2010
CLIMATE RECORD PERIOD 1897 TO 2017


WEATHER ITEM   OBSERVED TIME   RECORD YEAR NORMAL DEPARTURE LAST
                VALUE   (LST)  VALUE       VALUE  FROM      YEAR
                                                  NORMAL
..................................................................
TEMPERATURE (F)
 TODAY
  MAXIMUM         86    444 PM  98    1934  84      2       92
                                      1933
  MINIMUM         70    344 AM  46    1904  63      7       69
  AVERAGE         78                        73      5       81

PRECIPITATION (IN)
  TODAY            T             1.60 1936   0.14  -0.14     0.00
  MONTH TO DATE    4.22                      3.18   1.04     0.66
  SINCE JUN 1     11.53                      7.34   4.19     6.10
  SINCE JAN 1     34.98                     22.14  12.84    20.29

DEGREE DAYS
 HEATING
  TODAY            0                         0      0        0
  MONTH TO DATE    0                         0      0        3
  SINCE JUN 1      6                        29    -23       14
  SINCE JUL 1      0                         0      0        3

 COOLING
  TODAY           13                         8      5       16
  MONTH TO DATE  227                       205     22      211
  SINCE JUN 1    442                       387     55      417
  SINCE JAN 1    506                       444     62      491
..................................................................


WIND (MPH)
  RESULTANT WIND SPEED   3   RESULTANT WIND DIRECTION   W (260)
  HIGHEST WIND SPEED    21   HIGHEST WIND DIRECTION     N (20)
  HIGHEST GUST SPEED    26   HIGHEST GUST DIRECTION     N (20)
  AVERAGE WIND SPEED     3.7


SKY COVER
  POSSIBLE SUNSHINE  MM
  AVERAGE SKY COVER 0.8


WEATHER CONDITIONS
 THE FOLLOWING WEATHER WAS RECORDED TODAY.
  THUNDERSTORM


RELATIVE HUMIDITY (PERCENT)
 HIGHEST    97           200 AM
 LOWEST     58           600 PM
 AVERAGE    78

..........................................................


THE FORT WAYNE CLIMATE NORMALS FOR TOMORROW
                         NORMAL    RECORD    YEAR
 MAXIMUM TEMPERATURE (F)   84       104      1934
 MINIMUM TEMPERATURE (F)   63        46      1904


SUNRISE AND SUNSET
JULY 23 2017..........SUNRISE   629 AM EDT   SUNSET   905 PM EDT
JULY 24 2017..........SUNRISE   630 AM EDT   SUNSET   905 PM EDT


-  INDICATES NEGATIVE NUMBERS.
R  INDICATES RECORD WAS SET OR TIED.
MM INDICATES DATA IS MISSING.
T  INDICATES TRACE AMOUNT.




$$
