629
CDUS43 KIWX 300529
CLIFWA


CLIMATE REPORT
NATIONAL WEATHER SERVICE NORTHERN INDIANA
127 AM EDT THU MAR 30 2017


...................................

...THE FORT WAYNE CLIMATE SUMMARY FOR MARCH 29 2017...

CLIMATE NORMAL PERIOD 1981 TO 2010
CLIMATE RECORD PERIOD 1897 TO 2017


WEATHER ITEM   OBSERVED TIME   RECORD YEAR NORMAL DEPARTURE LAST
                VALUE   (LST)  VALUE       VALUE  FROM      YEAR
                                                  NORMAL
..................................................................
TEMPERATURE (F)
 YESTERDAY
  MAXIMUM         58    341 PM  80    1910  54      4       56
  MINIMUM         35    655 AM  13    1923  33      2       30
  AVERAGE         47                        43      4       43

PRECIPITATION (IN)
  YESTERDAY        0.05          0.97 1924   0.10  -0.05     0.00
  MONTH TO DATE    2.87                      2.49   0.38     3.07
  SINCE MAR 1      2.87                      2.49   0.38     3.07
  SINCE JAN 1      9.34                      6.79   2.55     6.12

SNOWFALL (IN)
  YESTERDAY        0.0           1.0  2014   0.1   -0.1      0.0
  MONTH TO DATE    3.0                       4.0   -1.0      2.8
  SINCE MAR 1      3.0                       4.0   -1.0      2.8
  SINCE JUL 1     18.1                      32.4  -14.3     19.0
  SNOW DEPTH       0

DEGREE DAYS
 HEATING
  YESTERDAY       18                        22     -4       22
  MONTH TO DATE  743                       785    -42      606
  SINCE MAR 1    743                       785    -42      606
  SINCE JUL 1   4437                      5383   -946     4433

 COOLING
  YESTERDAY        0                         0      0        0
  MONTH TO DATE    0                         0      0        0
  SINCE MAR 1      0                         0      0        0
  SINCE JAN 1      0                         0      0        0
..................................................................


WIND (MPH)
  HIGHEST WIND SPEED    26   HIGHEST WIND DIRECTION     E (80)
  HIGHEST GUST SPEED    35   HIGHEST GUST DIRECTION     E (70)
  AVERAGE WIND SPEED    15.0


SKY COVER
  AVERAGE SKY COVER 0.6


WEATHER CONDITIONS
 THE FOLLOWING WEATHER WAS RECORDED YESTERDAY.
  NO SIGNIFICANT WEATHER WAS OBSERVED.


RELATIVE HUMIDITY (PERCENT)
 HIGHEST    89           600 AM
 LOWEST     43           500 PM
 AVERAGE    66

..........................................................


THE FORT WAYNE CLIMATE NORMALS FOR TODAY
                         NORMAL    RECORD    YEAR
 MAXIMUM TEMPERATURE (F)   54        79      1986
 MINIMUM TEMPERATURE (F)   33        15      1923


SUNRISE AND SUNSET
MARCH 30 2017.........SUNRISE   727 AM EDT   SUNSET   804 PM EDT
MARCH 31 2017.........SUNRISE   725 AM EDT   SUNSET   805 PM EDT


-  INDICATES NEGATIVE NUMBERS.
R  INDICATES RECORD WAS SET OR TIED.
MM INDICATES DATA IS MISSING.
T  INDICATES TRACE AMOUNT.




$$
