000
CDUS43 KIWX 190524
CLIFWA


CLIMATE REPORT
NATIONAL WEATHER SERVICE NORTHERN INDIANA
124 AM EDT THU OCT 19 2017


...................................

...THE FORT WAYNE CLIMATE SUMMARY FOR OCTOBER 18 2017...

CLIMATE NORMAL PERIOD 1981 TO 2010
CLIMATE RECORD PERIOD 1897 TO 2017


WEATHER ITEM   OBSERVED TIME   RECORD YEAR NORMAL DEPARTURE LAST
                VALUE   (LST)  VALUE       VALUE  FROM      YEAR
                                                  NORMAL
..................................................................
TEMPERATURE (F)
 YESTERDAY
  MAXIMUM         70    240 PM  86    1908  63      7       77
  MINIMUM         39    619 AM  24    1976  41     -2       60
  AVERAGE         55                        52      3       69

PRECIPITATION (IN)
  YESTERDAY        0.00          2.96 1947   0.09  -0.09      T
  MONTH TO DATE    1.31                      1.70  -0.39     1.51
  SINCE SEP 1      2.98                      4.50  -1.52     6.95
  SINCE JAN 1     41.26                     31.34   9.92    30.76

DEGREE DAYS
 HEATING
  YESTERDAY       10                        13     -3        0
  MONTH TO DATE   69                       193   -124       85
  SINCE SEP 1    149                       297   -148      109
  SINCE JUL 1    164                       309   -145      112

 COOLING
  YESTERDAY        0                         0      0        4
  MONTH TO DATE   29                         8     21       29
  SINCE SEP 1    146                        91     55      172
  SINCE JAN 1    834                       808     26     1098
..................................................................


WIND (MPH)
  HIGHEST WIND SPEED    20   HIGHEST WIND DIRECTION     S (200)
  HIGHEST GUST SPEED    25   HIGHEST GUST DIRECTION    SW (210)
  AVERAGE WIND SPEED     9.1


SKY COVER
  AVERAGE SKY COVER 0.1


WEATHER CONDITIONS
 THE FOLLOWING WEATHER WAS RECORDED YESTERDAY.
  NO SIGNIFICANT WEATHER WAS OBSERVED.


RELATIVE HUMIDITY (PERCENT)
 HIGHEST    85           600 AM
 LOWEST     31           400 PM
 AVERAGE    58

..........................................................


THE FORT WAYNE CLIMATE NORMALS FOR TODAY
                         NORMAL    RECORD    YEAR
 MAXIMUM TEMPERATURE (F)   62        85      1953
 MINIMUM TEMPERATURE (F)   41        25      1972
                                             1909


SUNRISE AND SUNSET
OCTOBER 19 2017.......SUNRISE   757 AM EDT   SUNSET   654 PM EDT
OCTOBER 20 2017.......SUNRISE   758 AM EDT   SUNSET   652 PM EDT


-  INDICATES NEGATIVE NUMBERS.
R  INDICATES RECORD WAS SET OR TIED.
MM INDICATES DATA IS MISSING.
T  INDICATES TRACE AMOUNT.




$$
