000
CDUS43 KIWX 290523
CLIFWA


CLIMATE REPORT
NATIONAL WEATHER SERVICE NORTHERN INDIANA
1222 AM EST SAT NOV 29 2014


...................................

...THE FORT WAYNE CLIMATE SUMMARY FOR NOVEMBER 28 2014...

CLIMATE NORMAL PERIOD 1981 TO 2010
CLIMATE RECORD PERIOD 1897 TO 2014


WEATHER ITEM   OBSERVED TIME   RECORD YEAR NORMAL DEPARTURE LAST
                VALUE   (LST)  VALUE       VALUE  FROM      YEAR
                                                  NORMAL
..................................................................
TEMPERATURE (F)
 YESTERDAY
  MAXIMUM         32   1159 PM  71    1905  43    -11       33
  MINIMUM         17    439 AM   1    1930  28    -11       22
  AVERAGE         25                        36    -11       28

PRECIPITATION (IN)
  YESTERDAY        T             1.35 1905   0.11  -0.11      T
  MONTH TO DATE    3.05                      2.88   0.17     1.46
  SINCE SEP 1     10.73                      8.52   2.21     7.01
  SINCE JAN 1     41.12                     35.36   5.76    39.35

SNOWFALL (IN)
  YESTERDAY        T             3.5  1958   0.1   -0.1       T
  MONTH TO DATE    4.2                       1.6    2.6      1.0
  SINCE SEP 1      4.2                       1.9    2.3      1.0
  SINCE JUL 1      4.2                       1.9    2.3      1.0
  SNOW DEPTH       0

DEGREE DAYS
 HEATING
  YESTERDAY       40                        29     11       37
  MONTH TO DATE  860                       648    212      732
  SINCE SEP 1   1383                      1145    238     1216
  SINCE JUL 1   1407                      1157    250     1236

 COOLING
  YESTERDAY        0                         0      0        0
  MONTH TO DATE    0                         0      0        0
  SINCE SEP 1     57                        92    -35      126
  SINCE JAN 1    731                       809    -78      855
..................................................................


WIND (MPH)
  HIGHEST WIND SPEED    16   HIGHEST WIND DIRECTION     S (170)
  HIGHEST GUST SPEED    19   HIGHEST GUST DIRECTION    SE (150)
  AVERAGE WIND SPEED     8.9


SKY COVER
  AVERAGE SKY COVER 0.9


WEATHER CONDITIONS
 THE FOLLOWING WEATHER WAS RECORDED YESTERDAY.
  LIGHT SNOW


RELATIVE HUMIDITY (PERCENT)
 HIGHEST    84           100 AM
 LOWEST     63           200 PM
 AVERAGE    74

..........................................................


THE FORT WAYNE CLIMATE NORMALS FOR TODAY
                         NORMAL    RECORD    YEAR
 MAXIMUM TEMPERATURE (F)   43        67      1927
 MINIMUM TEMPERATURE (F)   28         2      1929


SUNRISE AND SUNSET
NOVEMBER 29 2014......SUNRISE   744 AM EST   SUNSET   514 PM EST
NOVEMBER 30 2014......SUNRISE   745 AM EST   SUNSET   514 PM EST


-  INDICATES NEGATIVE NUMBERS.
R  INDICATES RECORD WAS SET OR TIED.
MM INDICATES DATA IS MISSING.
T  INDICATES TRACE AMOUNT.




$$
