000
CDUS43 KIWX 240533
CLIFWA


CLIMATE REPORT
NATIONAL WEATHER SERVICE NORTHERN INDIANA
132 AM EDT MON APR 24 2017


...................................

...THE FORT WAYNE CLIMATE SUMMARY FOR APRIL 23 2017...

CLIMATE NORMAL PERIOD 1981 TO 2010
CLIMATE RECORD PERIOD 1897 TO 2017


WEATHER ITEM   OBSERVED TIME   RECORD YEAR NORMAL DEPARTURE LAST
                VALUE   (LST)  VALUE       VALUE  FROM      YEAR
                                                  NORMAL
..................................................................
TEMPERATURE (F)
 YESTERDAY
  MAXIMUM         68    423 PM  86    1925  64      4       61
  MINIMUM         36    625 AM  24    1986  42     -6       46
  AVERAGE         52                        53     -1       54

PRECIPITATION (IN)
  YESTERDAY        0.00          1.56 1952   0.12  -0.12     0.00
  MONTH TO DATE    2.47                      2.76  -0.29     1.80
  SINCE MAR 1      6.28                      5.47   0.81     5.76
  SINCE JAN 1     12.75                      9.77   2.98     8.81

SNOWFALL (IN)
  YESTERDAY        0.0           0.6  1967   0.1   -0.1      0.0
  MONTH TO DATE    0.4                       1.0   -0.6      1.1
  SINCE MAR 1      3.4                       5.1   -1.7      3.9
  SINCE JUL 1     18.5                      33.5  -15.0     20.1
  SNOW DEPTH       0

DEGREE DAYS
 HEATING
  YESTERDAY       13                        13      0       11
  MONTH TO DATE  254                       380   -126      387
  SINCE MAR 1   1038                      1206   -168     1017
  SINCE JUL 1   4732                      5804  -1072     4844

 COOLING
  YESTERDAY        0                         0      0        0
  MONTH TO DATE   13                         0     13        0
  SINCE MAR 1     13                         0     13        0
  SINCE JAN 1     13                         0     13        0
..................................................................


WIND (MPH)
  HIGHEST WIND SPEED    16   HIGHEST WIND DIRECTION    NE (40)
  HIGHEST GUST SPEED    20   HIGHEST GUST DIRECTION    NE (40)
  AVERAGE WIND SPEED     7.5


SKY COVER
  AVERAGE SKY COVER 0.1


WEATHER CONDITIONS
 THE FOLLOWING WEATHER WAS RECORDED YESTERDAY.
  NO SIGNIFICANT WEATHER WAS OBSERVED.


RELATIVE HUMIDITY (PERCENT)
 HIGHEST    79           700 AM
 LOWEST     24           300 PM
 AVERAGE    52

..........................................................


THE FORT WAYNE CLIMATE NORMALS FOR TODAY
                         NORMAL    RECORD    YEAR
 MAXIMUM TEMPERATURE (F)   65        88      1925
 MINIMUM TEMPERATURE (F)   42        27      1930


SUNRISE AND SUNSET
APRIL 24 2017.........SUNRISE   648 AM EDT   SUNSET   830 PM EDT
APRIL 25 2017.........SUNRISE   647 AM EDT   SUNSET   831 PM EDT


-  INDICATES NEGATIVE NUMBERS.
R  INDICATES RECORD WAS SET OR TIED.
MM INDICATES DATA IS MISSING.
T  INDICATES TRACE AMOUNT.




$$
