000
CDUS43 KIWX 230523
CLIFWA


CLIMATE REPORT
NATIONAL WEATHER SERVICE NORTHERN INDIANA
123 AM EDT FRI JUN 23 2017


...................................

...THE FORT WAYNE CLIMATE SUMMARY FOR JUNE 22 2017...

CLIMATE NORMAL PERIOD 1981 TO 2010
CLIMATE RECORD PERIOD 1897 TO 2017


WEATHER ITEM   OBSERVED TIME   RECORD YEAR NORMAL DEPARTURE LAST
                VALUE   (LST)  VALUE       VALUE  FROM      YEAR
                                                  NORMAL
..................................................................
TEMPERATURE (F)
 YESTERDAY
  MAXIMUM         88    241 PM  99    1988  83      5       77
  MINIMUM         69    258 AM  40    1902  61      8       60
  AVERAGE         79                        72      7       69

PRECIPITATION (IN)
  YESTERDAY        T             4.43 1900   0.13  -0.13     0.44
  MONTH TO DATE    2.29                      3.16  -0.87     4.95
  SINCE JUN 1      2.29                      3.16  -0.87     4.95
  SINCE JAN 1     25.74                     17.96   7.78    19.14

DEGREE DAYS
 HEATING
  YESTERDAY        0                         0      0        0
  MONTH TO DATE    2                        29    -27       11
  SINCE JUN 1      2                        29    -27       11
  SINCE JUL 1   4981                      6101  -1120     5127

 COOLING
  YESTERDAY       14                         8      6        4
  MONTH TO DATE  186                       117     69      149
  SINCE JUN 1    186                       117     69      149
  SINCE JAN 1    250                       174     76      223
..................................................................


WIND (MPH)
  HIGHEST WIND SPEED    28   HIGHEST WIND DIRECTION     S (200)
  HIGHEST GUST SPEED    34   HIGHEST GUST DIRECTION     S (200)
  AVERAGE WIND SPEED    13.2


SKY COVER
  AVERAGE SKY COVER 0.7


WEATHER CONDITIONS
 THE FOLLOWING WEATHER WAS RECORDED YESTERDAY.
  LIGHT RAIN


RELATIVE HUMIDITY (PERCENT)
 HIGHEST    84           500 AM
 LOWEST     55           200 PM
 AVERAGE    70

..........................................................


THE FORT WAYNE CLIMATE NORMALS FOR TODAY
                         NORMAL    RECORD    YEAR
 MAXIMUM TEMPERATURE (F)   83        98      1910
 MINIMUM TEMPERATURE (F)   62        39      1902


SUNRISE AND SUNSET
JUNE 23 2017..........SUNRISE   609 AM EDT   SUNSET   917 PM EDT
JUNE 24 2017..........SUNRISE   610 AM EDT   SUNSET   917 PM EDT


-  INDICATES NEGATIVE NUMBERS.
R  INDICATES RECORD WAS SET OR TIED.
MM INDICATES DATA IS MISSING.
T  INDICATES TRACE AMOUNT.




$$
