000
CDUS43 KIWX 250526
CLIFWA


CLIMATE REPORT
NATIONAL WEATHER SERVICE NORTHERN INDIANA
124 AM EDT MON MAY 25 2015


...................................

...THE FORT WAYNE CLIMATE SUMMARY FOR MAY 24 2015...

CLIMATE NORMAL PERIOD 1981 TO 2010
CLIMATE RECORD PERIOD 1897 TO 2015


WEATHER ITEM   OBSERVED TIME   RECORD YEAR NORMAL DEPARTURE LAST
                VALUE   (LST)  VALUE       VALUE  FROM      YEAR
                                                  NORMAL
..................................................................
TEMPERATURE (F)
 YESTERDAY
  MAXIMUM         83    432 PM  91    2007  74      9       77
  MINIMUM         53    509 AM  36    1963  52      1       46
                                      1931
                                      1925
  AVERAGE         68                        63      5       62

PRECIPITATION (IN)
  YESTERDAY        0.00          1.46 1971   0.15  -0.15     0.00
  MONTH TO DATE    2.62                      3.12  -0.50     4.28
  SINCE MAR 1      7.97                      9.35  -1.38    10.17
  SINCE JAN 1     11.74                     13.65  -1.91    16.41

SNOWFALL (IN)
  YESTERDAY        0.0           T    1925   0.0    0.0      0.0
  MONTH TO DATE    0.0                       0.0    0.0      0.0
  SINCE MAR 1      8.6                       5.1    3.5     14.3
  SINCE JUL 1     45.1                      33.5   11.6     76.1
  SNOW DEPTH       0

DEGREE DAYS
 HEATING
  YESTERDAY        0                         4     -4        3
  MONTH TO DATE  103                       167    -64      182
  SINCE MAR 1   1492                      1451     41     1698
  SINCE JUL 1   6641                      6049    592     6951

 COOLING
  YESTERDAY        3                         2      1        0
  MONTH TO DATE   58                        29     29       37
  SINCE MAR 1     58                        37     21       38
  SINCE JAN 1     58                        37     21       38
..................................................................


WIND (MPH)
  HIGHEST WIND SPEED    23   HIGHEST WIND DIRECTION     S (160)
  HIGHEST GUST SPEED    27   HIGHEST GUST DIRECTION     S (160)
  AVERAGE WIND SPEED     9.2


SKY COVER
  AVERAGE SKY COVER 0.7


WEATHER CONDITIONS
 THE FOLLOWING WEATHER WAS RECORDED YESTERDAY.
  NO SIGNIFICANT WEATHER WAS OBSERVED.


RELATIVE HUMIDITY (PERCENT)
 HIGHEST    77           300 AM
 LOWEST     36           600 PM
 AVERAGE    57

..........................................................


THE FORT WAYNE CLIMATE NORMALS FOR TODAY
                         NORMAL    RECORD    YEAR
 MAXIMUM TEMPERATURE (F)   74        95      1911
 MINIMUM TEMPERATURE (F)   52        33      1925


SUNRISE AND SUNSET
MAY 25 2015...........SUNRISE   615 AM EDT   SUNSET   901 PM EDT
MAY 26 2015...........SUNRISE   614 AM EDT   SUNSET   902 PM EDT


-  INDICATES NEGATIVE NUMBERS.
R  INDICATES RECORD WAS SET OR TIED.
MM INDICATES DATA IS MISSING.
T  INDICATES TRACE AMOUNT.




$$
