000
CDUS43 KIWX 040536
CLIFWA


CLIMATE REPORT
NATIONAL WEATHER SERVICE NORTHERN INDIANA
1232 AM EST WED MAR 4 2015


...................................

...THE FORT WAYNE CLIMATE SUMMARY FOR MARCH 3 2015...

CLIMATE NORMAL PERIOD 1981 TO 2010
CLIMATE RECORD PERIOD 1897 TO 2015


WEATHER ITEM   OBSERVED TIME   RECORD YEAR NORMAL DEPARTURE LAST
                VALUE   (LST)  VALUE       VALUE  FROM      YEAR
                                                  NORMAL
..................................................................
TEMPERATURE (F)
 YESTERDAY
  MAXIMUM         38    513 PM  73    1983  42     -4       14
  MINIMUM         22    126 AM  -6    1943  25     -3       -3
  AVERAGE         30                        33     -3        6

PRECIPITATION (IN)
  YESTERDAY        0.11          2.13 1953   0.08   0.03      T
  MONTH TO DATE    0.44                      0.23   0.21     0.33
  SINCE MAR 1      0.44                      0.23   0.21     0.33
  SINCE JAN 1      4.21                      4.53  -0.32     6.57

SNOWFALL (IN)
  YESTERDAY        T             3.3  1988   0.2   -0.2       T
  MONTH TO DATE    3.6                       0.6    3.0      4.2
  SINCE MAR 1      3.6                       0.6    3.0      4.2
  SINCE JUL 1     40.1                      29.0   11.1     66.0
  SNOW DEPTH       6

DEGREE DAYS
 HEATING
  YESTERDAY       35                        32      3       59
  MONTH TO DATE  127                        96     31      144
  SINCE MAR 1    127                        96     31      144
  SINCE JUL 1   5276                      4694    582     5397

 COOLING
  YESTERDAY        0                         0      0        0
  MONTH TO DATE    0                         0      0        0
  SINCE MAR 1      0                         0      0        0
  SINCE JAN 1      0                         0      0        0
..................................................................


WIND (MPH)
  HIGHEST WIND SPEED    28   HIGHEST WIND DIRECTION     W (260)
  HIGHEST GUST SPEED    33   HIGHEST GUST DIRECTION     W (260)
  AVERAGE WIND SPEED    14.5


SKY COVER
  AVERAGE SKY COVER 1.0


WEATHER CONDITIONS
 THE FOLLOWING WEATHER WAS RECORDED YESTERDAY.
  LIGHT RAIN
  LT FREEZING RAIN
  SNOW
  LIGHT SNOW
  SLEET
  FOG
  HAZE


RELATIVE HUMIDITY (PERCENT)
 HIGHEST    92           100 PM
 LOWEST     71          1200 AM
 AVERAGE    82

..........................................................


THE FORT WAYNE CLIMATE NORMALS FOR TODAY
                         NORMAL    RECORD    YEAR
 MAXIMUM TEMPERATURE (F)   43        78      1983
 MINIMUM TEMPERATURE (F)   25        -1      2014


SUNRISE AND SUNSET
MARCH  4 2015.........SUNRISE   711 AM EST   SUNSET   635 PM EST
MARCH  5 2015.........SUNRISE   709 AM EST   SUNSET   636 PM EST


-  INDICATES NEGATIVE NUMBERS.
R  INDICATES RECORD WAS SET OR TIED.
MM INDICATES DATA IS MISSING.
T  INDICATES TRACE AMOUNT.




$$
