000
CDUS43 KIWX 270021
CLIFWA


CLIMATE REPORT
NATIONAL WEATHER SERVICE NORTHERN INDIANA
821 PM EDT SUN MAR 26 2017


...................................

...THE FORT WAYNE CLIMATE SUMMARY FOR MARCH 26 2017...
VALID AS OF 0800 PM LOCAL TIME.

CLIMATE NORMAL PERIOD 1981 TO 2010
CLIMATE RECORD PERIOD 1897 TO 2017


WEATHER ITEM   OBSERVED TIME   RECORD YEAR NORMAL DEPARTURE LAST
                VALUE   (LST)  VALUE       VALUE  FROM      YEAR
                                                  NORMAL
..................................................................
TEMPERATURE (F)
 TODAY
  MAXIMUM         64    312 PM  83    1907  53     11       55
  MINIMUM         42    326 AM   5    2001  32     10       28
  AVERAGE         53                        42     11       42

PRECIPITATION (IN)
  TODAY            0.64          1.20 1934   0.09   0.55     0.00
  MONTH TO DATE    2.59                      2.18   0.41     2.45
  SINCE MAR 1      2.59                      2.18   0.41     2.45
  SINCE JAN 1      9.06                      6.48   2.58     5.50

SNOWFALL (IN)
  TODAY            0.0           3.3  2002   0.0    0.0      0.0
  MONTH TO DATE    3.0                       3.7   -0.7      2.8
  SINCE MAR 1      3.0                       3.7   -0.7      2.8
  SINCE JUL 1     18.1                      32.1  -14.0     19.0
  SNOW DEPTH       0

DEGREE DAYS
 HEATING
  TODAY           12                        23    -11       23
  MONTH TO DATE  701                       719    -18      549
  SINCE MAR 1    701                       719    -18      549
  SINCE JUL 1   4395                      5317   -922     4376

 COOLING
  TODAY            0                         0      0        0
  MONTH TO DATE    0                         0      0        0
  SINCE MAR 1      0                         0      0        0
  SINCE JAN 1      0                         0      0        0
..................................................................


WIND (MPH)
  RESULTANT WIND SPEED   7   RESULTANT WIND DIRECTION  SE (140)
  HIGHEST WIND SPEED    18   HIGHEST WIND DIRECTION    SW (210)
  HIGHEST GUST SPEED    23   HIGHEST GUST DIRECTION    SW (210)
  AVERAGE WIND SPEED    10.9


SKY COVER
  POSSIBLE SUNSHINE  MM
  AVERAGE SKY COVER 0.7


WEATHER CONDITIONS
 THE FOLLOWING WEATHER WAS RECORDED TODAY.
  THUNDERSTORM
  HEAVY RAIN
  RAIN
  LIGHT RAIN
  FOG


RELATIVE HUMIDITY (PERCENT)
 HIGHEST    96           500 AM
 LOWEST     78           300 PM
 AVERAGE    87

..........................................................


THE FORT WAYNE CLIMATE NORMALS FOR TOMORROW
                         NORMAL    RECORD    YEAR
 MAXIMUM TEMPERATURE (F)   53        84      1910
 MINIMUM TEMPERATURE (F)   32         1      1965


SUNRISE AND SUNSET
MARCH 26 2017.........SUNRISE   734 AM EDT   SUNSET   800 PM EDT
MARCH 27 2017.........SUNRISE   732 AM EDT   SUNSET   801 PM EDT


-  INDICATES NEGATIVE NUMBERS.
R  INDICATES RECORD WAS SET OR TIED.
MM INDICATES DATA IS MISSING.
T  INDICATES TRACE AMOUNT.




$$
