000
CDUS43 KIWX 010542
CLIFWA


CLIMATE REPORT
NATIONAL WEATHER SERVICE NORTHERN INDIANA
140 AM EDT MON MAY 1 2017


...................................

...THE FORT WAYNE CLIMATE SUMMARY FOR APRIL 30 2017...

CLIMATE NORMAL PERIOD 1981 TO 2010
CLIMATE RECORD PERIOD 1897 TO 2017


WEATHER ITEM   OBSERVED TIME   RECORD YEAR NORMAL DEPARTURE LAST
                VALUE   (LST)  VALUE       VALUE  FROM      YEAR
                                                  NORMAL
..................................................................
TEMPERATURE (F)
 YESTERDAY
  MAXIMUM         71    231 PM  89    1899  67      4       51
  MINIMUM         45    341 AM  29    2008  44      1       42
  AVERAGE         58                        55      3       47

PRECIPITATION (IN)
  YESTERDAY        0.41          1.66 1909   0.11   0.30     0.44
  MONTH TO DATE    3.95                      3.52   0.43     3.05
  SINCE MAR 1      7.76                      6.23   1.53     7.01
  SINCE JAN 1     14.23                     10.53   3.70    10.06

SNOWFALL (IN)
  YESTERDAY        0.0           T    1996   0.0    0.0      0.0
                                      1963
  MONTH TO DATE    0.4                       1.0   -0.6      1.1
  SINCE MAR 1      3.4                       5.1   -1.7      3.9
  SINCE JUL 1     18.5                      33.5  -15.0     20.1
  SNOW DEPTH       0

DEGREE DAYS
 HEATING
  YESTERDAY        7                        10     -3       18
  MONTH TO DATE  305                       459   -154      461
  SINCE MAR 1   1089                      1284   -195     1091
  SINCE JUL 1   4783                      5882  -1099     4918

 COOLING
  YESTERDAY        0                         0      0        0
  MONTH TO DATE   20                         8     12        0
  SINCE MAR 1     20                         8     12        0
  SINCE JAN 1     20                         8     12        0
..................................................................


WIND (MPH)
  HIGHEST WIND SPEED    25   HIGHEST WIND DIRECTION     E (90)
  HIGHEST GUST SPEED    29   HIGHEST GUST DIRECTION    SW (210)
  AVERAGE WIND SPEED    11.5


SKY COVER
  AVERAGE SKY COVER 0.9


WEATHER CONDITIONS
 THE FOLLOWING WEATHER WAS RECORDED YESTERDAY.
  THUNDERSTORM
  RAIN
  LIGHT RAIN
  FOG


RELATIVE HUMIDITY (PERCENT)
 HIGHEST    96          1000 AM
 LOWEST     78           200 PM
 AVERAGE    87

..........................................................


THE FORT WAYNE CLIMATE NORMALS FOR TODAY
                         NORMAL    RECORD    YEAR
 MAXIMUM TEMPERATURE (F)   67        88      1942
 MINIMUM TEMPERATURE (F)   44        27      1963


SUNRISE AND SUNSET
MAY  1 2017...........SUNRISE   639 AM EDT   SUNSET   838 PM EDT
MAY  2 2017...........SUNRISE   637 AM EDT   SUNSET   839 PM EDT


-  INDICATES NEGATIVE NUMBERS.
R  INDICATES RECORD WAS SET OR TIED.
MM INDICATES DATA IS MISSING.
T  INDICATES TRACE AMOUNT.




$$
