000
CDUS43 KIWX 260523
CLIFWA


CLIMATE REPORT
NATIONAL WEATHER SERVICE NORTHERN INDIANA
123 AM EDT MON JUN 26 2017


...................................

...THE FORT WAYNE CLIMATE SUMMARY FOR JUNE 25 2017...

CLIMATE NORMAL PERIOD 1981 TO 2010
CLIMATE RECORD PERIOD 1897 TO 2017


WEATHER ITEM   OBSERVED TIME   RECORD YEAR NORMAL DEPARTURE LAST
                VALUE   (LST)  VALUE       VALUE  FROM      YEAR
                                                  NORMAL
..................................................................
TEMPERATURE (F)
 YESTERDAY
  MAXIMUM         73    403 PM 106    1988  84    -11       85
  MINIMUM         54    349 AM  43    1902  62     -8       59
  AVERAGE         64                        73     -9       72

PRECIPITATION (IN)
  YESTERDAY        0.00          3.21 1959   0.13  -0.13     0.00
  MONTH TO DATE    4.08                      3.56   0.52     5.10
  SINCE JUN 1      4.08                      3.56   0.52     5.10
  SINCE JAN 1     27.53                     18.36   9.17    19.29

DEGREE DAYS
 HEATING
  YESTERDAY        1                         0      1        0
  MONTH TO DATE    3                        29    -26       11
  SINCE JUN 1      3                        29    -26       11
  SINCE JUL 1   4982                      6101  -1119     5127

 COOLING
  YESTERDAY        0                         8     -8        7
  MONTH TO DATE  192                       141     51      174
  SINCE JUN 1    192                       141     51      174
  SINCE JAN 1    256                       198     58      248
..................................................................


WIND (MPH)
  HIGHEST WIND SPEED    23   HIGHEST WIND DIRECTION     W (260)
  HIGHEST GUST SPEED    28   HIGHEST GUST DIRECTION     W (280)
  AVERAGE WIND SPEED    12.5


SKY COVER
  AVERAGE SKY COVER 0.4


WEATHER CONDITIONS
 THE FOLLOWING WEATHER WAS RECORDED YESTERDAY.
  NO SIGNIFICANT WEATHER WAS OBSERVED.


RELATIVE HUMIDITY (PERCENT)
 HIGHEST    77           100 AM
 LOWEST     35           400 PM
 AVERAGE    56

..........................................................


THE FORT WAYNE CLIMATE NORMALS FOR TODAY
                         NORMAL    RECORD    YEAR
 MAXIMUM TEMPERATURE (F)   84        96      1952
                                             1910
 MINIMUM TEMPERATURE (F)   62        42      1902


SUNRISE AND SUNSET
JUNE 26 2017..........SUNRISE   610 AM EDT   SUNSET   917 PM EDT
JUNE 27 2017..........SUNRISE   611 AM EDT   SUNSET   917 PM EDT


-  INDICATES NEGATIVE NUMBERS.
R  INDICATES RECORD WAS SET OR TIED.
MM INDICATES DATA IS MISSING.
T  INDICATES TRACE AMOUNT.




$$
