000
CDUS43 KIWX 200523
CLIFWA


CLIMATE REPORT
NATIONAL WEATHER SERVICE NORTHERN INDIANA
1222 AM EST MON FEB 20 2017


...................................

...THE FORT WAYNE CLIMATE SUMMARY FOR FEBRUARY 19 2017...

CLIMATE NORMAL PERIOD 1981 TO 2010
CLIMATE RECORD PERIOD 1897 TO 2017


WEATHER ITEM   OBSERVED TIME   RECORD YEAR NORMAL DEPARTURE LAST
                VALUE   (LST)  VALUE       VALUE  FROM      YEAR
                                                  NORMAL
..................................................................
TEMPERATURE (F)
 YESTERDAY
  MAXIMUM         64    423 PM  67    1930  37     27       61
  MINIMUM         37    506 AM  -7    1978  21     16       36
  AVERAGE         51                        29     22       49

PRECIPITATION (IN)
  YESTERDAY        0.00          1.85 1939   0.07  -0.07     0.00
  MONTH TO DATE    1.24                      1.35  -0.11     0.38
  SINCE DEC 1      8.26                      6.38   1.88     6.15
  SINCE JAN 1      5.95                      3.61   2.34     2.00

SNOWFALL (IN)
  YESTERDAY        0.0           3.0  1929   0.3   -0.3      0.0
  MONTH TO DATE    2.4                       5.6   -3.2      3.6
  SINCE DEC 1     14.6                      24.2   -9.6     10.7
  SINCE JUL 1     15.0                      26.3  -11.3     14.9
  SNOW DEPTH       0

DEGREE DAYS
 HEATING
  YESTERDAY       14                        36    -22       16
  MONTH TO DATE  546                       720   -174      692
  SINCE DEC 1   2696                      3074   -378     2599
  SINCE JUL 1   3541                      4291   -750     3568

 COOLING
  YESTERDAY        0                         0      0        0
  MONTH TO DATE    0                         0      0        0
  SINCE DEC 1      0                         0      0        0
  SINCE JAN 1      0                         0      0        0
..................................................................


WIND (MPH)
  HIGHEST WIND SPEED    15   HIGHEST WIND DIRECTION     W (270)
  HIGHEST GUST SPEED    17   HIGHEST GUST DIRECTION     W (270)
  AVERAGE WIND SPEED     6.9


SKY COVER
  AVERAGE SKY COVER 0.4


WEATHER CONDITIONS
 THE FOLLOWING WEATHER WAS RECORDED YESTERDAY.
  FOG
  FOG W/VISIBILITY <= 1/4 MILE
  HAZE


RELATIVE HUMIDITY (PERCENT)
 HIGHEST   100           700 AM
 LOWEST     31           400 PM
 AVERAGE    66

..........................................................


THE FORT WAYNE CLIMATE NORMALS FOR TODAY
                         NORMAL    RECORD    YEAR
 MAXIMUM TEMPERATURE (F)   38        67      1930
 MINIMUM TEMPERATURE (F)   21        -5      2015


SUNRISE AND SUNSET
FEBRUARY 20 2017......SUNRISE   728 AM EST   SUNSET   622 PM EST
FEBRUARY 21 2017......SUNRISE   726 AM EST   SUNSET   623 PM EST


-  INDICATES NEGATIVE NUMBERS.
R  INDICATES RECORD WAS SET OR TIED.
MM INDICATES DATA IS MISSING.
T  INDICATES TRACE AMOUNT.




$$
