000
CDUS43 KIWX 230521
CLISBN


CLIMATE REPORT
NATIONAL WEATHER SERVICE NORTHERN INDIANA
121 AM EDT SAT SEP 23 2017


...................................

...THE SOUTH BEND CLIMATE SUMMARY FOR SEPTEMBER 22 2017...

CLIMATE NORMAL PERIOD 1981 TO 2010
CLIMATE RECORD PERIOD 1893 TO 2017


WEATHER ITEM   OBSERVED TIME   RECORD YEAR NORMAL DEPARTURE LAST
                VALUE   (LST)  VALUE       VALUE  FROM      YEAR
                                                  NORMAL
..................................................................
TEMPERATURE (F)
 YESTERDAY
  MAXIMUM         90    524 PM  95    1908  72     18       82
  MINIMUM         66    654 AM  34    1947  51     15       62
                                      1904
  AVERAGE         78                        61     17       72

PRECIPITATION (IN)
  YESTERDAY        0.00          1.35 1965   0.12  -0.12     0.00
  MONTH TO DATE    1.99                      2.60  -0.61     3.05
  SINCE SEP 1      1.99                      2.60  -0.61     3.05
  SINCE JAN 1     29.58                     27.87   1.71    37.46

DEGREE DAYS
 HEATING
  YESTERDAY        0                         5     -5        0
  MONTH TO DATE   67                        60      7        4
  SINCE SEP 1     67                        60      7        4
  SINCE JUL 1     88                        78     10       12

 COOLING
  YESTERDAY       13                         2     11        7
  MONTH TO DATE   71                        72     -1      109
  SINCE SEP 1     71                        72     -1      109
  SINCE JAN 1    623                       754   -131      918
..................................................................


WIND (MPH)
  HIGHEST WIND SPEED     9   HIGHEST WIND DIRECTION     S (200)
  HIGHEST GUST SPEED    13   HIGHEST GUST DIRECTION     S (170)
  AVERAGE WIND SPEED     2.1


SKY COVER
  AVERAGE SKY COVER 0.0


WEATHER CONDITIONS
 THE FOLLOWING WEATHER WAS RECORDED YESTERDAY.
  FOG


RELATIVE HUMIDITY (PERCENT)
 HIGHEST   100           300 AM
 LOWEST     47           200 PM
 AVERAGE    74

..........................................................


THE SOUTH BEND CLIMATE NORMALS FOR TODAY
                         NORMAL    RECORD    YEAR
 MAXIMUM TEMPERATURE (F)   71        95      1922
 MINIMUM TEMPERATURE (F)   51        30      1896


SUNRISE AND SUNSET
SEPTEMBER 23 2017.....SUNRISE   734 AM EDT   SUNSET   740 PM EDT
SEPTEMBER 24 2017.....SUNRISE   735 AM EDT   SUNSET   739 PM EDT


-  INDICATES NEGATIVE NUMBERS.
R  INDICATES RECORD WAS SET OR TIED.
MM INDICATES DATA IS MISSING.
T  INDICATES TRACE AMOUNT.




$$
