000
CXUS53 KIWX 011832 CCA
CLMSBN

CLIMATE REPORT...CORRECTED FOR RANKINGS
NATIONAL WEATHER SERVICE NORTHERN INDIANA
1027 AM EDT MON JUN 1 2015

...................................

...THE SOUTH BEND CLIMATE SUMMARY FOR THE MONTH OF MAY 2015...

CLIMATE NORMAL PERIOD 1981 TO 2010
CLIMATE RECORD PERIOD 1893 TO 2015

WEATHER         OBSERVED          NORMAL  DEPART  LAST YEAR`S
                 VALUE   DATE(S)  VALUE   FROM    VALUE  DATE(S)
                                          NORMAL
................................................................
TEMPERATURE (F)
RECORD
 HIGH              97   05/27/2012
 LOW               24   05/06/1968
HIGHEST            86   05/07        MM      MM       91  05/08
LOWEST             37   05/20        MM      MM       32  05/16
                        05/19
                        05/01
AVG. MAXIMUM     73.6              70.0     3.6     72.0
AVG. MINIMUM     52.7              48.6     4.1     49.4
MEAN             63.2              59.3     3.9
DAYS MAX >= 90      0               0.3    -0.3        1
DAYS MAX <= 32      0               0.0     0.0        0
DAYS MIN <= 32      0               0.4    -0.4        1
DAYS MIN <= 0       0               0.0     0.0        0

PRECIPITATION (INCHES)
RECORD
 MAXIMUM         8.09   1996
 MINIMUM         0.80   1994
TOTALS           6.01              3.83    2.18     5.10
DAILY AVG.       0.19              0.12    0.07     0.16
DAYS >= .01        15              12.3     2.7       17
DAYS >= .10        10               7.3     2.7        9
DAYS >= .50         4               2.8     1.2        5
DAYS >= 1.00        2               0.8     1.2        0
GREATEST
 24 HR. TOTAL    2.41   05/30 TO 05/31

SNOWFALL (INCHES)
RECORDS
 TOTAL           10.0   1929
TOTALS            0.0               0.0     0.0      0.0
SINCE 7/1        83.9              66.6    17.3     17.0
SNOWDEPTH AVG.      0                MM      MM        0
DAYS >= 1.0         0               0.0     0.0        0
GREATEST
 SNOW DEPTH         0   MM
 24 HR TOTAL      0.0   05/31 TO 05/31

DEGREE_DAYS
HEATING TOTAL     132               223     -91      208
 SINCE 7/1       6604              6254     350     6936
COOLING TOTAL      84                46      38       83
 SINCE 1/1         86                56      30       85
.................................................................

WIND (MPH)
AVERAGE WIND SPEED              9.1
HIGHEST WIND SPEED/DIRECTION    37/220    DATE  05/25
HIGHEST GUST SPEED/DIRECTION    49/230    DATE  05/25

SKY COVER
POSSIBLE SUNSHINE (PERCENT)   MM
AVERAGE SKY COVER           0.50
NUMBER OF DAYS FAIR           13
NUMBER OF DAYS PC             12
NUMBER OF DAYS CLOUDY          6

AVERAGE RH (PERCENT)     67

WEATHER CONDITIONS. NUMBER OF DAYS WITH
THUNDERSTORM              0     MIXED PRECIP               0
HEAVY RAIN                6     RAIN                       6
LIGHT RAIN               16     FREEZING RAIN              0
LT FREEZING RAIN          0     HAIL                       0
HEAVY SNOW                0     SNOW                       0
LIGHT SNOW                0     SLEET                      0
FOG                      14     FOG W/VIS <= 1/4 MILE      0
HAZE                      7

-  INDICATES NEGATIVE NUMBERS.
R  INDICATES RECORD WAS SET OR TIED.
MM INDICATES DATA IS MISSING.
T  INDICATES TRACE AMOUNT.

&&

...LATE MONTH RAIN PUSHES MAY ABOVE NORMAL FOR PRECIPITATION...

NEARLY TWO AND A HALF INCHES OF RAIN ON THE LAST TWO DAYS OF MAY
HELPED PUSH MONTHLY PRECIPITATION TOTALS OVER 6 INCHES AT SOUTH
BEND. THIS ALSO MOVED THE MONTHLY PRECIPITATION TOTALS FROM THE NEAR
NORMAL CATEGORY TO THE WELL ABOVE NORMAL CATEGORY. IT WAS ALSO A
RELATIVELY WARM MONTH WITH TEMPERATURES AVERAGING NEARLY 4 DEGREES
WARMER THAN NORMAL. THE LAST DAY OF THE MONTH HOWEVER WAS VERY COOL
WITH DAYTIME TEMPERATURES STAYING IN THE 50S.

THE AVERAGE MONTHLY TEMPERATURE WAS 63.2 DEGREES...3.9 DEGREES ABOVE
NORMAL. THIS RANKED TIED FOR THE 19TH WARMEST MAY ON RECORD. THERE
WERE JUST 9 DAYS WITH AN AVERAGE TEMPERATURE BELOW NORMAL. THE
HIGHEST TEMPERATURE WAS 86 ON THE 7TH AND THE COOLEST WAS 37 ON THE
19TH AND 20TH. THERE WERE 12 DAYS WITH A HIGH TEMPERATURE OF 80
DEGREES OR WARMER BUT ALSO 4 DAYS WITH A HIGH TEMPERATURE BELOW 60.

MAY WAS CLOSE TO NORMAL FOR PRECIPITATION HEADING INTO THE 30TH BUT
2.00 INCHES OF RAIN FELL AT THE AIRPORT ON THIS DAY AND ANOTHER 0.46
INCHES FELL DURING THE MORNING OF THE 31ST. THIS PUSHED THE MONTHLY
TOTAL PRECIPITATION TO 6.01 INCHES...2.18 INCHES ABOVE NORMAL. THIS
RANKED AS THE 14TH WETTEST MAY ON RECORD. WITHOUT THIS LATE MONTH
HEAVY RAIN...MAY WOULD HAVE RANKED AROUND 56TH WETTEST. THE 2.00
INCHES OF RAINFALL ON THE 30TH WAS ALSO A RECORD FOR THAT
DATE...BREAKING THE PREVIOUS RECORD OF 1.53 INCHES SET IN 2004.

THERE WAS NO SNOWFALL RECORDED DURING THE MONTH.

$$
