000
CDUS43 KLSX 290742
CLISTL


CLIMATE REPORT
NATIONAL WEATHER SERVICE ST LOUIS MO
241 AM CDT WED MAR 29 2017


...................................

...THE ST. LOUIS CLIMATE SUMMARY FOR MARCH 28 2017...

CLIMATE NORMAL PERIOD 1981 TO 2010
CLIMATE RECORD PERIOD 1874 TO 2017


WEATHER ITEM   OBSERVED TIME   RECORD YEAR NORMAL DEPARTURE LAST
                VALUE   (LST)  VALUE       VALUE  FROM      YEAR
                                                  NORMAL
..................................................................
TEMPERATURE (F)
 YESTERDAY
  MAXIMUM         59    506 PM  89    1985  61     -2       63
  MINIMUM         53    726 AM  21    1934  41     12       36
  AVERAGE         56                        51      5       50

PRECIPITATION (IN)
  YESTERDAY        T             2.38 1977   0.12  -0.12     0.00
  MONTH TO DATE    2.96                      2.93   0.03     1.33
  SINCE MAR 1      2.96                      2.93   0.03     1.33
  SINCE JAN 1      5.25                      7.57  -2.32     2.93

SNOWFALL (IN)
  YESTERDAY        0.0           1.2  1899   0.0    0.0      0.0
  MONTH TO DATE    1.8                       2.2   -0.4      0.3
  SINCE MAR 1      1.8                       2.2   -0.4      0.3
  SINCE JUL 1      3.2                      17.2  -14.0     10.9
  SNOW DEPTH       0

DEGREE DAYS
 HEATING
  YESTERDAY        9                        15     -6       15
  MONTH TO DATE  439                       545   -106      354
  SINCE MAR 1    439                       545   -106      354
  SINCE JUL 1   3172                      4143   -971     3184

 COOLING
  YESTERDAY        0                         0      0        0
  MONTH TO DATE    6                         0      6        8
  SINCE MAR 1      6                         0      6        8
  SINCE JAN 1      8                         0      8        8
..................................................................


WIND (MPH)
  HIGHEST WIND SPEED    15   HIGHEST WIND DIRECTION    NE (60)
  HIGHEST GUST SPEED    19   HIGHEST GUST DIRECTION    NE (60)
  AVERAGE WIND SPEED     7.4


SKY COVER
  AVERAGE SKY COVER 1.0


WEATHER CONDITIONS
 THE FOLLOWING WEATHER WAS RECORDED YESTERDAY.
  LIGHT RAIN
  FOG


RELATIVE HUMIDITY (PERCENT)
 HIGHEST    89           200 AM
 LOWEST     67           300 PM
 AVERAGE    78

..........................................................


THE ST. LOUIS CLIMATE NORMALS FOR TODAY
                         NORMAL    RECORD    YEAR
 MAXIMUM TEMPERATURE (F)   61        88      1963
 MINIMUM TEMPERATURE (F)   41        21      1970


SUNRISE AND SUNSET
MARCH 29 2017.........SUNRISE   650 AM CDT   SUNSET   722 PM CDT
MARCH 30 2017.........SUNRISE   649 AM CDT   SUNSET   723 PM CDT


-  INDICATES NEGATIVE NUMBERS.
R  INDICATES RECORD WAS SET OR TIED.
MM INDICATES DATA IS MISSING.
T  INDICATES TRACE AMOUNT.




$$
