000
CDUS43 KLSX 190739
CLIUIN


CLIMATE REPORT
NATIONAL WEATHER SERVICE ST LOUIS MO
135 AM CST SUN NOV 19 2017


...................................

...THE QUINCY IL CLIMATE SUMMARY FOR NOVEMBER 18 2017...

CLIMATE NORMAL PERIOD 1981 TO 2010
CLIMATE RECORD PERIOD 1901 TO 2017


WEATHER ITEM   OBSERVED TIME   RECORD YEAR NORMAL DEPARTURE LAST
                VALUE   (LST)  VALUE       VALUE  FROM      YEAR
                                                  NORMAL
..................................................................
TEMPERATURE (F)
 YESTERDAY
  MAXIMUM         57    220 AM  74    1999  50      7       68
                                      1953
  MINIMUM         32   1159 PM   7    1903  33     -1       39
  AVERAGE         45                        41      4

PRECIPITATION (IN)
  YESTERDAY        0.90          3.47 1985   0.10   0.80      T
  MONTH TO DATE    1.30                      1.84  -0.54     0.81
  SINCE SEP 1      6.45                      8.15  -1.70     5.81
  SINCE JAN 1     32.60                     33.90  -1.30    29.50

DEGREE DAYS
 HEATING
  YESTERDAY       20                        24     -4
  MONTH TO DATE  406                       353     53
  SINCE SEP 1    687                       772    -85
  SINCE JUL 1    687                       777    -90

 COOLING
  YESTERDAY        0                         0      0
  MONTH TO DATE    0                         0      0
  SINCE SEP 1    234                       140     94
  SINCE JAN 1   1229                      1093    136
..................................................................


WIND (MPH)
  HIGHEST WIND SPEED    32   HIGHEST WIND DIRECTION     N (340)
  HIGHEST GUST SPEED    38   HIGHEST GUST DIRECTION    NW (330)
  AVERAGE WIND SPEED    17.5


SKY COVER
  AVERAGE SKY COVER 0.5



RELATIVE HUMIDITY (PERCENT)
 HIGHEST   100           200 AM
 LOWEST     61          1100 PM
 AVERAGE    81

..........................................................


THE QUINCY IL CLIMATE NORMALS FOR TODAY
                         NORMAL    RECORD    YEAR
 MAXIMUM TEMPERATURE (F)   49        78      1942
 MINIMUM TEMPERATURE (F)   32         9      1903


SUNRISE AND SUNSET
NOVEMBER 19 2017......SUNRISE   655 AM CST   SUNSET   445 PM CST
NOVEMBER 20 2017......SUNRISE   656 AM CST   SUNSET   445 PM CST


-  INDICATES NEGATIVE NUMBERS.
R  INDICATES RECORD WAS SET OR TIED.
MM INDICATES DATA IS MISSING.
T  INDICATES TRACE AMOUNT.




$$
