000
CDUS43 KPAH 180630
CLIEVV


CLIMATE REPORT
NATIONAL WEATHER SERVICE PADUCAH KY
128 AM CDT FRI APR 18 2014

...................................

...THE EVANSVILLE IN CLIMATE SUMMARY FOR APRIL 17 2014...

CLIMATE NORMAL PERIOD 1981 TO 2010
CLIMATE RECORD PERIOD 1896 TO 2014

WEATHER ITEM   OBSERVED TIME   RECORD YEAR NORMAL DEPARTURE LAST
                VALUE   (LST)  VALUE       VALUE  FROM      YEAR
                                                  NORMAL
..................................................................
TEMPERATURE (F)
 YESTERDAY
  MAXIMUM         68    406 PM  88    1977  68      0       85
  MINIMUM         38    409 AM  28    1951  45     -7       58
  AVERAGE         53                        57     -4       72

PRECIPITATION (IN)
  YESTERDAY        0.00          1.67 1940   0.15  -0.15     0.00
  MONTH TO DATE    8.03                      2.32   5.71     1.58
  SINCE MAR 1     10.88                      6.56   4.32     5.66
  SINCE JAN 1     14.83                     12.83   2.00    15.19

SNOWFALL (IN)
  YESTERDAY        0.0           0.4  1983   0.0    0.0      0.0
  MONTH TO DATE    0.0                       0.1   -0.1      0.0
  SINCE MAR 1      2.6                       1.1    1.5       T
  SINCE JUL 1     12.6                      11.8    0.8     12.3
  SNOW DEPTH       0

DEGREE DAYS
 HEATING
  YESTERDAY       12                         9      3        0
  MONTH TO DATE  173                       196    -23      163
  SINCE MAR 1    886                       788     98      944
  SINCE JUL 1   4848                      4362    486     4307

 COOLING
  YESTERDAY        0                         1     -1        7
  MONTH TO DATE    5                         9     -4       33
  SINCE MAR 1      5                        12     -7       33
  SINCE JAN 1      5                        12     -7       33
..................................................................

WIND (MPH)
  HIGHEST WIND SPEED    20   HIGHEST WIND DIRECTION    SW (220)
  HIGHEST GUST SPEED    24   HIGHEST GUST DIRECTION    SW (230)
  AVERAGE WIND SPEED     5.5

SKY COVER
  AVERAGE SKY COVER 0.0

WEATHER CONDITIONS
 THE FOLLOWING WEATHER WAS RECORDED YESTERDAY.
  HAZE

RELATIVE HUMIDITY (PERCENT)
 HIGHEST    82
 LOWEST     34
 AVERAGE    58
..........................................................

THE EVANSVILLE IN CLIMATE NORMALS FOR TODAY
                         NORMAL    RECORD    YEAR
 MAXIMUM TEMPERATURE (F)   69        87      1971
 MINIMUM TEMPERATURE (F)   45        26      2001

SUNRISE AND SUNSET
APRIL 18 2014.........SUNRISE   611 AM CDT   SUNSET   729 PM CDT
APRIL 19 2014.........SUNRISE   609 AM CDT   SUNSET   730 PM CDT

-  INDICATES NEGATIVE NUMBERS.
R  INDICATES RECORD WAS SET OR TIED.
MM INDICATES DATA IS MISSING.
T  INDICATES TRACE AMOUNT.

$$
