000
CDUS43 KPAH 282239
CLIEVV


CLIMATE REPORT
NATIONAL WEATHER SERVICE PADUCAH KY
437 PM CST FRI NOV 28 2014


...................................

...THE EVANSVILLE IN CLIMATE SUMMARY FOR NOVEMBER 28 2014...
VALID TODAY AS OF 0400 PM LOCAL TIME.

CLIMATE NORMAL PERIOD 1981 TO 2010
CLIMATE RECORD PERIOD 1896 TO 2014


WEATHER ITEM   OBSERVED TIME   RECORD YEAR NORMAL DEPARTURE LAST
                VALUE   (LST)  VALUE       VALUE  FROM      YEAR
                                                  NORMAL
..................................................................
TEMPERATURE (F)
 TODAY
  MAXIMUM         44    354 PM  70    1997  50     -6       42
                                      1909
                                      1905
  MINIMUM         22   1219 AM  12    1955  32    -10       17
  AVERAGE                                   41              30

PRECIPITATION (IN)
  TODAY            0.00          1.56 2001   0.15  -0.15     0.00
  MONTH TO DATE    2.79                      4.03  -1.24     2.04
  SINCE SEP 1      9.54                     10.33  -0.79    10.92
  SINCE JAN 1     43.72                     41.25   2.47    46.25

SNOWFALL (IN)
  TODAY            0.0                                       0.0
  MONTH TO DATE    2.4                                        T
  SINCE JUL 1      2.4                                        T
  SNOW DEPTH       0

..................................................................


WIND (MPH)
  HIGHEST WIND SPEED    17   HIGHEST WIND DIRECTION     S (170)
  HIGHEST GUST SPEED    24   HIGHEST GUST DIRECTION     S (170)




..........................................................


THE EVANSVILLE IN CLIMATE NORMALS FOR TOMORROW
                         NORMAL    RECORD    YEAR
 MAXIMUM TEMPERATURE (F)   50        73      1927
 MINIMUM TEMPERATURE (F)   32         6      1929


SUNRISE AND SUNSET
NOVEMBER 28 2014......SUNRISE   644 AM CST   SUNSET   432 PM CST
NOVEMBER 29 2014......SUNRISE   645 AM CST   SUNSET   431 PM CST


-  INDICATES NEGATIVE NUMBERS.
R  INDICATES RECORD WAS SET OR TIED.
MM INDICATES DATA IS MISSING.
T  INDICATES TRACE AMOUNT.




$$
