000
CDUS43 KPAH 190629
CLIEVV


CLIMATE REPORT
NATIONAL WEATHER SERVICE PADUCAH KY
1227 AM CST FRI DEC 19 2014

...................................

...THE EVANSVILLE IN CLIMATE SUMMARY FOR DECEMBER 18 2014...

CLIMATE NORMAL PERIOD 1981 TO 2010
CLIMATE RECORD PERIOD 1896 TO 2014

WEATHER ITEM   OBSERVED TIME   RECORD YEAR NORMAL DEPARTURE LAST
                VALUE   (LST)  VALUE       VALUE  FROM      YEAR
                                                  NORMAL
..................................................................
TEMPERATURE (F)
 YESTERDAY
  MAXIMUM         35    250 PM  68    1924  43     -8       47
  MINIMUM         30    631 AM  -2    1963  26      4       23
  AVERAGE         33                        35     -2       35

PRECIPITATION (IN)
  YESTERDAY        0.00          1.17 1957   0.11  -0.11     0.00
  MONTH TO DATE    2.45                      2.27   0.18     2.69
  SINCE DEC 1      2.45                      2.27   0.18     2.69
  SINCE JAN 1     46.23                     43.82   2.41    48.94

SNOWFALL (IN)
  YESTERDAY        0.0           0.7  1954   0.1   -0.1      0.0
  MONTH TO DATE    0.0                       1.5   -1.5      7.2
  SINCE DEC 1      0.0                       1.5   -1.5      7.2
  SINCE JUL 1      2.4                       1.8    0.6      7.2
  SNOW DEPTH       0

DEGREE DAYS
 HEATING
  YESTERDAY       32                        30      2       30
  MONTH TO DATE  441                       504    -63      559
  SINCE DEC 1    441                       504    -63      559
  SINCE JUL 1   1444                      1365     79     1473

 COOLING
  YESTERDAY        0                         0      0        0
  MONTH TO DATE    0                         0      0        0
  SINCE DEC 1      0                         0      0        0
  SINCE JAN 1   1477                      1397     80     1464
..................................................................

WIND (MPH)
  HIGHEST WIND SPEED     9   HIGHEST WIND DIRECTION     N (10)
  HIGHEST GUST SPEED    11   HIGHEST GUST DIRECTION    NE (30)
  AVERAGE WIND SPEED     3.7

SKY COVER
  AVERAGE SKY COVER 0.8

WEATHER CONDITIONS
 THE FOLLOWING WEATHER WAS RECORDED YESTERDAY.
  HAZE

RELATIVE HUMIDITY (PERCENT)
 HIGHEST    78
 LOWEST     69
 AVERAGE    74
..........................................................

THE EVANSVILLE IN CLIMATE NORMALS FOR TODAY
                         NORMAL    RECORD    YEAR
 MAXIMUM TEMPERATURE (F)   43        67      1976
 MINIMUM TEMPERATURE (F)   26        -9      1963

SUNRISE AND SUNSET
DECEMBER 19 2014......SUNRISE   702 AM CST   SUNSET   433 PM CST
DECEMBER 20 2014......SUNRISE   702 AM CST   SUNSET   433 PM CST

-  INDICATES NEGATIVE NUMBERS.
R  INDICATES RECORD WAS SET OR TIED.
MM INDICATES DATA IS MISSING.
T  INDICATES TRACE AMOUNT.

$$
