000
CDUS43 KPAH 010628
CLIEVV


CLIMATE REPORT
NATIONAL WEATHER SERVICE PADUCAH KY
127 AM CDT FRI JUL 1 2016

...................................

...THE EVANSVILLE IN CLIMATE SUMMARY FOR JUNE 30 2016...

CLIMATE NORMAL PERIOD 1981 TO 2010
CLIMATE RECORD PERIOD 1896 TO 2016

WEATHER ITEM   OBSERVED TIME   RECORD YEAR NORMAL DEPARTURE LAST
                VALUE   (LST)  VALUE       VALUE  FROM      YEAR
                                                  NORMAL
..................................................................
TEMPERATURE (F)
 YESTERDAY
  MAXIMUM         83    322 PM 106    2012  88     -5       84
  MINIMUM         59    445 AM  50    1950  67     -8       68
  AVERAGE         71                        78     -7       76

PRECIPITATION (IN)
  YESTERDAY        0.00          1.74 1900   0.11  -0.11      T
  MONTH TO DATE    4.37                      3.78   0.59     7.39
  SINCE JUN 1      4.37                      3.78   0.59     7.39
  SINCE JAN 1     26.12                     24.02   2.10    29.83

SNOWFALL (IN)
  YESTERDAY        0.0           T    1952   0.0    0.0      0.0
  MONTH TO DATE    0.0                       0.0    0.0      0.0
  SINCE JUN 1      0.0                       0.0    0.0      0.0
  SINCE JUL 1     14.2                      11.8    2.4     18.5
  SNOW DEPTH       0

DEGREE DAYS
 HEATING
  YESTERDAY        0                         0      0        0
  MONTH TO DATE    0                         4     -4        7
  SINCE JUN 1      0                         6     -6        7
  SINCE JUL 1   3578                      4547   -969     4713

 COOLING
  YESTERDAY        6                        13     -7       11
  MONTH TO DATE  386                       298     88      352
  SINCE JUN 1    386                       298     88      352
  SINCE JAN 1    491                       433     58      543
..................................................................

WIND (MPH)
  HIGHEST WIND SPEED    10   HIGHEST WIND DIRECTION     S (180)
  HIGHEST GUST SPEED    12   HIGHEST GUST DIRECTION     S (200)
  AVERAGE WIND SPEED     1.9

SKY COVER
  AVERAGE SKY COVER 0.0

WEATHER CONDITIONS
 THE FOLLOWING WEATHER WAS RECORDED YESTERDAY.
  NO SIGNIFICANT WEATHER WAS OBSERVED.

RELATIVE HUMIDITY (PERCENT)
 HIGHEST    90
 LOWEST     39
 AVERAGE    65
..........................................................

THE EVANSVILLE IN CLIMATE NORMALS FOR TODAY
                         NORMAL    RECORD    YEAR
 MAXIMUM TEMPERATURE (F)   88       105      2012
 MINIMUM TEMPERATURE (F)   67        53      1948

SUNRISE AND SUNSET
JULY  1 2016..........SUNRISE   531 AM CDT   SUNSET   817 PM CDT
JULY  2 2016..........SUNRISE   532 AM CDT   SUNSET   817 PM CDT

-  INDICATES NEGATIVE NUMBERS.
R  INDICATES RECORD WAS SET OR TIED.
MM INDICATES DATA IS MISSING.
T  INDICATES TRACE AMOUNT.

$$
