000
CDUS43 KPAH 310627
CLIEVV


CLIMATE REPORT
NATIONAL WEATHER SERVICE PADUCAH KY
126 AM CDT FRI OCT 31 2014


...................................

...THE EVANSVILLE IN CLIMATE SUMMARY FOR OCTOBER 30 2014...

CLIMATE NORMAL PERIOD 1981 TO 2010
CLIMATE RECORD PERIOD 1896 TO 2014


WEATHER ITEM   OBSERVED TIME   RECORD YEAR NORMAL DEPARTURE LAST
                VALUE   (LST)  VALUE       VALUE  FROM      YEAR
                                                  NORMAL
..................................................................
TEMPERATURE (F)
 YESTERDAY
  MAXIMUM         58    402 PM  85    1950  65     -7       75
  MINIMUM         36    627 AM  26    1965  42     -6       58
  AVERAGE         47                        53     -6       67

PRECIPITATION (IN)
  YESTERDAY        T             1.25 2009   0.12  -0.12     0.07
  MONTH TO DATE    4.19                      3.14   1.05     5.11
  SINCE SEP 1      6.74                      6.19   0.55     7.92
  SINCE JAN 1     40.92                     37.11   3.81    43.25

SNOWFALL (IN)
  YESTERDAY        0.0           3.7  1993   0.0    0.0      0.0
  MONTH TO DATE    0.0                       0.2   -0.2      0.0
  SINCE SEP 1      0.0                       0.2   -0.2      0.0
  SINCE JUL 1      0.0                       0.2   -0.2      0.0
  SNOW DEPTH       0

DEGREE DAYS
 HEATING
  YESTERDAY       18                        12      6        0
  MONTH TO DATE  198                       245    -47      246
  SINCE SEP 1    234                       291    -57      256
  SINCE JUL 1    234                       292    -58      256

 COOLING
  YESTERDAY        0                         0      0        2
  MONTH TO DATE   34                        28      6       57
  SINCE SEP 1    197                       195      2      272
  SINCE JAN 1   1477                      1394     83     1464
..................................................................


WIND (MPH)
  HIGHEST WIND SPEED     7   HIGHEST WIND DIRECTION    SW (220)
  HIGHEST GUST SPEED     9   HIGHEST GUST DIRECTION    SW (230)
  AVERAGE WIND SPEED     1.3


SKY COVER
  AVERAGE SKY COVER 0.3


WEATHER CONDITIONS
 THE FOLLOWING WEATHER WAS RECORDED YESTERDAY.
  LIGHT RAIN


RELATIVE HUMIDITY (PERCENT)
 HIGHEST    92
 LOWEST     47
 AVERAGE    70

..........................................................


THE EVANSVILLE IN CLIMATE NORMALS FOR TODAY
                         NORMAL    RECORD    YEAR
 MAXIMUM TEMPERATURE (F)   64        85      1950
 MINIMUM TEMPERATURE (F)   42        25      1988


SUNRISE AND SUNSET
OCTOBER 31 2014.......SUNRISE   715 AM CDT   SUNSET   552 PM CDT
NOVEMBER  1 2014......SUNRISE   716 AM CDT   SUNSET   551 PM CDT


-  INDICATES NEGATIVE NUMBERS.
R  INDICATES RECORD WAS SET OR TIED.
MM INDICATES DATA IS MISSING.
T  INDICATES TRACE AMOUNT.




$$
