000
CXUS53 KLSX 011531
CLMUIN

CLIMATE REPORT
NATIONAL WEATHER SERVICE ST LOUIS MO
1031 AM CDT SAT AUG 01 2020

...................................

...THE QUINCY IL CLIMATE SUMMARY FOR THE MONTH OF JULY 2020...

CLIMATE NORMAL PERIOD 1981 TO 2010
CLIMATE RECORD PERIOD 1901 TO 2020

WEATHER         OBSERVED          NORMAL  DEPART   LAST YEAR`S
                VALUE   DATE(S)   VALUE   FROM     VALUE
                                          NORMAL
..............................................................
TEMPERATURE (F)
RECORD
 HIGH            114   07/15/1936
 LOW              47   07/14/1950
HIGHEST           93   07/18                          95
                       07/11
                       07/07
LOWEST            63   07/16                          58
AVG. MAXIMUM    86.9               85.8     1.1     88.3
AVG. MINIMUM    69.1               66.3     2.8     68.9
MEAN            78.0               76.1     1.9     78.6
DAYS MAX >= 90    11                7.8     3.2       13
DAYS MAX <= 32     0                0.0     0.0        0
DAYS MIN <= 32     0                0.0     0.0        0
DAYS MIN <= 0      0                0.0     0.0        0

PRECIPITATION (INCHES)
RECORD
 MAXIMUM       13.21   1981
 MINIMUM        0.10   1988
TOTALS          4.71               4.04    0.67     1.56
DAILY AVG.      0.15               0.13    0.02     0.05
DAYS >= .01        8                9.2    -1.2       11
DAYS >= .10        8                6.2     1.8        4
DAYS >= .50        4                2.5     1.5        1
DAYS >= 1.00       2                1.2     0.8        0
GREATEST
 24 HR. TOTAL   1.80   07/29 TO 07/30


DEGREE DAYS
HEATING TOTAL      0                  0       0        0
 SINCE 7/1         0                  0       0        0
COOLING TOTAL    409                343      66      433
 SINCE 1/1       779                656     123      780
..............................................................

WIND (MPH)
HIGHEST WIND SPEED/DIRECTION    28/280    DATE  07/21
HIGHEST GUST SPEED/DIRECTION    37/280    DATE  07/21

SKY COVER
NUMBER OF DAYS FAIR           22
NUMBER OF DAYS PC              8
NUMBER OF DAYS CLOUDY          1


WEATHER CONDITIONS. NUMBER OF DAYS WITH
THUNDERSTORM              6     MIXED PRECIP               0
HEAVY RAIN                7     RAIN                       7
LIGHT RAIN                9     FREEZING RAIN              0
LT FREEZING RAIN          0     HAIL                       0
HEAVY SNOW                0     SNOW                       0
LIGHT SNOW                0     SLEET                      0
FOG                      12     FOG W/VIS <= 1/4 MILE      5
HAZE                      3

-  INDICATES NEGATIVE NUMBERS.
R  INDICATES RECORD WAS SET OR TIED.
MM INDICATES DATA IS MISSING.
T  INDICATES TRACE AMOUNT.


...MONTHLY...

TIED 2ND MOST OCCURRENCES WITH A HIGH TEMPERATURE GREATER THAN OR EQUAL
TO 80 DEGREES (28 DAYS).


...DAILY...

NO RECORDS OF NOTE.


GOSSELIN

$$
