000
CXUS54 KEWX 011110
CF63T5
PRELIMINARY LOCAL CLIMATOLOGICAL DATA (WS FORM: F-6)
STATION: LA GRANGE
MONTH: NOVEMBER
YEAR: 2023
LATITUDE: 29 54 N
LONGITUDE: 96 57 W
TEMPERATURE IN F: :PCPN: SNOW: WIND :SUNSHINE: SKY :PK WND
================================================================================
1 2 3 4 5 6A 6B 7 8 9 10 11 12 13 14 15 16 17 18
12Z AVG MX 2MIN
DY MAX MIN AVG DEP HDD CDD WTR SNW DPTH SPD SPD DIR MIN PSBL S-S WX SPD DR
================================================================================
1 60 38 49 M 16 0 0.00 M M 3.7 10 330 M M 0 M M
2 66 36 51 M 14 0 0.00 M M 2.0 7 110 M M 3 18 M M
3 76 55 66 M 0 1 0.00 M M 5.5 13 150 M M 5 8 M M
4 80 54 67 M 0 2 0.00 M M 4.1 8 200 M M 3 1 M M
5 80 60 70 M 0 5 T M M 3.5 10 170 M M 3 128 M M
6 82 63 73 M 0 8 0.00 M M 7.6 15 180 M M 2 21 200
7 85 64 75 M 0 10 0.00 M M 8.3 16 200 M M 1 22 200
8 84 68 76 M 0 11 0.00 M M 8.4 15 200 M M 6 23 200
9 78 58 68 M 0 3 T M M 5.1 14 350 M M 9 23 360
10 59 55 57 M 8 0 T M M 9.4 15 350 M M 10 1 21 350
11 59 54 57 M 8 0 T M M 5.9 9 20 M M 10 1 M M
12 64 56 60 M 5 0 T M M 6.6 10 10 M M 10 1 M M
13 57 55 56 M 9 0 T M M 6.7 9 360 M M 10 1 M M
14 M M M M M M 0.00 M M M M M M M M M M
15 M M M M M M 0.00 M M M M M M M M M M
16 62 55 59 M 6 0 0.00 M M 2.5 8 20 M M 7 1 M M
17 76 56 66 M 0 1 0.00 M M 5.0 10 230 M M 6 1 M M
18 71 56 64 M 1 0 0.00 M M 5.2 13 350 M M 8 1 18 350
19 70 54 62 M 3 0 T M M 4.9 13 160 M M 9 1 18 140
20 79 63 71 M 0 6 T M M 5.2 14 330 M M 6 1 M M
21 63 47 55 M 10 0 0.00 M M 12.6 20 330 M M 5 32 M
22 62 39 51 M 14 0 0.00 M M 5.3 14 330 M M 0 M M
23 56 39 48 M 17 0 T M M 2.5 7 230 M M 6 M M
24 65 40 53 M 12 0 0.00 M M 2.0 8 90 M M 2 M M
25 63 44 54 M 11 0 0.00 M M 3.2 8 100 M M 8 M M
26 57 43 50 M 15 0 T M M 10.0 20 350 M M 6 30 350
27 57 38 48 M 17 0 0.00 M M 5.0 10 10 M M 8 M M
28 61 42 52 M 13 0 0.00 M M 3.1 7 110 M M 5 M M
29 65 39 52 M 13 0 0.00 M M 4.0 12 120 M M 8 M M
30 74 60 67 M 0 2 0.03 M M 6.8 12 200 M M 7 1 18 150
================================================================================
SM 1911 1431 192 49 0.03 M 154.1 M 163
================================================================================
AV 68.3 51.1 5.5 FASTST M M 6 MAX(MPH)
MISC ----> 20 350 32 9999
================================================================================
NOTES:
# LAST OF SEVERAL OCCURRENCES
COLUMN 17 PEAK WIND IN M.P.H.
PRELIMINARY LOCAL CLIMATOLOGICAL DATA (WS FORM: F-6) , PAGE 2
STATION: LA GRANGE
MONTH: NOVEMBER
YEAR: 2023
LATITUDE: 29 54 N
LONGITUDE: 96 57 W
[TEMPERATURE DATA] [PRECIPITATION DATA] SYMBOLS USED IN COLUMN 16
AVERAGE MONTHLY: 59.7 TOTAL FOR MONTH: 0.03 1 = FOG OR MIST
DPTR FM NORMAL: 0.0 DPTR FM NORMAL: M 2 = FOG REDUCING VISIBILITY
HIGHEST: 85 ON 7 GRTST 24HR 0.03 ON 30-30 TO 1/4 MILE OR LESS
LOWEST: 36 ON 2 3 = THUNDER
SNOW, ICE PELLETS, HAIL 4 = ICE PELLETS
TOTAL MONTH: M 5 = HAIL
GRTST 24HR M ON M 6 = FREEZING RAIN OR DRIZZLE
GRTST DEPTH: M ON M 7 = DUSTSTORM OR SANDSTORM:
VSBY 1/2 MILE OR LESS
8 = SMOKE OR HAZE
[NO. OF DAYS WITH] [WEATHER - DAYS WITH] 9 = BLOWING SNOW
X = TORNADO
MAX 32 OR BELOW: 0 0.01 INCH OR MORE: 1
MAX 90 OR ABOVE: 0 0.10 INCH OR MORE: 0
MIN 32 OR BELOW: 0 0.50 INCH OR MORE: 0
MIN 0 OR BELOW: 0 1.00 INCH OR MORE: 0
[HDD (BASE 65) ]
TOTAL THIS MO. 192 CLEAR (SCALE 0-3) 6
DPTR FM NORMAL M PTCLDY (SCALE 4-7) 16
TOTAL FM JUL 1 240 CLOUDY (SCALE 8-10) 8
DPTR FM NORMAL M
[CDD (BASE 65) ]
TOTAL THIS MO. 49
DPTR FM NORMAL M [PRESSURE DATA]
TOTAL FM JAN 1 3680 HIGHEST SLP M ON M
DPTR FM NORMAL M LOWEST SLP M ON M
[REMARKS]
#FINAL-11-23#