000
CXUS56 KMFR 011000
CF6AAT
PRELIMINARY LOCAL CLIMATOLOGICAL DATA (WS FORM: F-6)
STATION: ALTURAS CA
MONTH: MAY
YEAR: 2020
LATITUDE: 41 29 N
LONGITUDE: 120 34 W
TEMPERATURE IN F: :PCPN: SNOW: WIND :SUNSHINE: SKY :PK WND
================================================================================
1 2 3 4 5 6A 6B 7 8 9 10 11 12 13 14 15 16 17 18
12Z AVG MX 2MIN
DY MAX MIN AVG DEP HDD CDD WTR SNW DPTH SPD SPD DIR MIN PSBL S-S WX SPD DR
================================================================================
1 68 30 49 1 16 0 0.00 M M 5.1 17 280 M M 1 8 21 270
2 67 31 49 1 16 0 0.22 M M 11.2 31 250 M M 3 1 39 250
3 59 32 46 -2 19 0 0.00 M M 4.3 17 270 M M 4 23 280
4 69 24 47 -1 18 0 0.00 M M 4.4 16 260 M M 0 23 260
5 71 30 51 2 14 0 0.00 M M 7.5 25 260 M M 0 31 280
6 64 38 51 2 14 0 0.00 M M 6.8 21 330 M M 3 26 330
7 75 28 52 3 13 0 0.00 M M 2.6 10 40 M M 0 14 50
8 80 28 54 4 11 0 0.00 M M 2.9 10 360 M M 0 19 350
9 85 34 60 10 5 0 0.00 M M 4.8 18 260 M M 0 22 260
10 80 39 60 10 5 0 0.00 M M 5.3 22 270 M M 0 27 280
11 70 41 56 6 9 0 0.01 M M 10.9 29 260 M M 5 38 270
12 58 33 46 -5 19 0 0.05 M M 10.9 29 260 M M 7 1 35 260
13 50 38 44 -7 21 0 0.17 M M 4.4 15 270 M M 9 1 17 270
14 56 40 48 -3 17 0 0.04 M M 7.2 22 240 M M 8 1 30 260
15 65 39 52 0 13 0 T M M 3.3 12 240 M M 4 17 240
16 71 41 56 4 9 0 0.22 M M 8.2 23 210 M M 6 1 32 200
17 61 44 53 1 12 0 0.37 M M 14.0 35 220 M M 8 1 47 190
18 53 35 44 -8 21 0 0.12 M M 8.9 25 250 M M 6 1 33 250
19 57 34 46 -7 19 0 0.01 M M 10.3 26 310 M M 9 1 32 310
20 62 36 49 -4 16 0 T M M 10.4 22 320 M M 6 29 290
21 61 29 45 -8 20 0 0.03 M M 7.4 23 310 M M 5 18 28 290
22 57 34 46 -7 19 0 0.00 M M 6.0 15 330 M M 6 18 20
23 68 25 47 -7 18 0 0.00 M M 2.8 12 340 M M 0 15 10
24 76 32 54 0 11 0 0.00 M M 3.7 12 340 M M 0 15 350
25 83 38 61 7 4 0 0.00 M M 4.3 15 350 M M 1 19 350
26 82 47 65 11 0 0 0.00 M M 4.6 17 260 M M 2 22 240
27 87 46 67 13 0 2 0.00 M M 3.4 10 280 M M 1 15 240
28 91 48 70 15 0 5 0.00 M M 4.7 22 270 M M 0 28 280
29 93 46 70 15 0 5 0.00 M M 4.4 16 260 M M 0 25 190
30 68 48 58 3 7 0 T M M 10.7 28 260 M M 5 34 270
31 73 43 58 3 7 0 0.02 M M 6.6 17 190 M M 5 22 190
================================================================================
SM 2160 1131 373 12 1.26 M 202.0 M 104
================================================================================
AV 69.7 36.5 6.5 FASTST M M 3 MAX(MPH)
MISC ----> # 35 220 # 47 190
================================================================================
NOTES:
# LAST OF SEVERAL OCCURRENCES
COLUMN 17 PEAK WIND IN M.P.H.
PRELIMINARY LOCAL CLIMATOLOGICAL DATA (WS FORM: F-6) , PAGE 2
STATION: ALTURAS CA
MONTH: MAY
YEAR: 2020
LATITUDE: 41 29 N
LONGITUDE: 120 34 W
[TEMPERATURE DATA] [PRECIPITATION DATA] SYMBOLS USED IN COLUMN 16
AVERAGE MONTHLY: 53.1 TOTAL FOR MONTH: 1.26 1 = FOG OR MIST
DPTR FM NORMAL: 1.4 DPTR FM NORMAL: -0.10 2 = FOG REDUCING VISIBILITY
HIGHEST: 93 ON 29 GRTST 24HR 0.37 ON 17-17 TO 1/4 MILE OR LESS
LOWEST: 24 ON 4 3 = THUNDER
SNOW, ICE PELLETS, HAIL 4 = ICE PELLETS
TOTAL MONTH: M 5 = HAIL
GRTST 24HR M ON M 6 = FREEZING RAIN OR DRIZZLE
GRTST DEPTH: M ON M 7 = DUSTSTORM OR SANDSTORM:
VSBY 1/2 MILE OR LESS
8 = SMOKE OR HAZE
[NO. OF DAYS WITH] [WEATHER - DAYS WITH] 9 = BLOWING SNOW
X = TORNADO
MAX 32 OR BELOW: 0 0.01 INCH OR MORE: 11
MAX 90 OR ABOVE: 2 0.10 INCH OR MORE: 5
MIN 32 OR BELOW: 10 0.50 INCH OR MORE: 0
MIN 0 OR BELOW: 0 1.00 INCH OR MORE: 0
[HDD (BASE 65) ]
TOTAL THIS MO. 373 CLEAR (SCALE 0-3) 15
DPTR FM NORMAL -40 PTCLDY (SCALE 4-7) 14
TOTAL FM JUL 1 6390 CLOUDY (SCALE 8-10) 2
DPTR FM NORMAL -367
[CDD (BASE 65) ]
TOTAL THIS MO. 12
DPTR FM NORMAL 12 [PRESSURE DATA]
TOTAL FM JAN 1 12 HIGHEST SLP M ON M
DPTR FM NORMAL 12 LOWEST SLP 29.65 ON 17
[REMARKS]
#FINAL-05-20#