000
CXUS54 KSJT 011000
CF6ABI
PRELIMINARY LOCAL CLIMATOLOGICAL DATA (WS FORM: F-6)
STATION: ABILENE
MONTH: JULY
YEAR: 2023
LATITUDE: 32 25 N
LONGITUDE: 99 41 W
TEMPERATURE IN F: :PCPN: SNOW: WIND :SUNSHINE: SKY :PK WND
================================================================================
1 2 3 4 5 6A 6B 7 8 9 10 11 12 13 14 15 16 17 18
12Z AVG MX 2MIN
DY MAX MIN AVG DEP HDD CDD WTR SNW DPTH SPD SPD DIR MIN PSBL S-S WX SPD DR
================================================================================
1 78 68 73 -10 0 8 1.61 0.0 0 11.1 32 90 M M 5 13 49 100
2 91 66 79 -4 0 14 0.00 0.0 0 5.3 14 270 M M 0 18 270
3 95 70 83 0 0 18 0.00 0.0 0 7.2 15 210 M M 1 20 170
4 95 72 84 0 0 19 0.00 0.0 0 8.7 28 130 M M 0 33 110
5 95 75 85 1 0 20 0.00 0.0 0 9.8 15 210 M M 0 22 180
6 92 76 84 0 0 19 0.10 0.0 0 6.7 26 80 M M 1 138 38 80
7 92 72 82 -2 0 17 0.00 0.0 0 10.9 23 160 M M 0 34 140
8 97 76 87 3 0 22 0.00 0.0 0 8.6 16 200 M M 0 22 150
9 99 77 88 4 0 23 0.00 0.0 M 8.9 17 50 M M 1 29 50
10 102 72 87 3 0 22 0.07 0.0 0 8.8 30 330 M M 1 38 47 310
11 100 75 88 4 0 23 0.02 0.0 0 10.7 28 310 M M 1 38 44 300
12 107 82 95 11 0 30 0.00 0.0 0 14.0 24 200 M M 0 34 180
13 107 83 95 11 0 30 T 0.0 0 12.0 21 210 M M 0 27 170
14 104 79 92 7 0 27 T 0.0 0 8.8 18 320 M M 0 8 28 190
15 101 81 91 6 0 26 0.00 0.0 0 8.7 17 90 M M 1 8 23 30
16 103 73 88 3 0 23 0.00 0.0 0 7.5 29 320 M M 0 38 38 320
17 105 77 91 6 0 26 0.00 0.0 0 10.1 20 220 M M 0 27 230
18 108 77 93 8 0 28 0.00 0.0 0 14.7 24 210 M M 0 32 180
19 107 81 94 9 0 29 0.00 0.0 0 13.6 24 200 M M 0 34 200
20 104 77 91 6 0 26 0.00 0.0 0 9.6 24 200 M M 0 32 210
21 101 75 88 3 0 23 0.00 0.0 0 7.7 16 40 M M 1 25 360
22 97 74 86 0 0 21 0.00 0.0 0 6.9 15 340 M M 1 19 340
23 101 71 86 0 0 21 0.00 0.0 0 6.9 22 100 M M 0 39 110
24 104 75 90 4 0 25 0.00 0.0 0 9.0 18 130 M M 0 24 140
25 103 79 91 5 0 26 0.00 0.0 0 11.0 25 140 M M 0 33 130
26 102 75 89 3 0 24 0.00 0.0 0 10.1 18 140 M M 0 28 150
27 103 76 90 4 0 25 0.00 0.0 0 9.8 15 160 M M 0 30 130
28 101 78 90 4 0 25 0.00 0.0 0 10.8 18 200 M M 0 28 170
29 102 76 89 3 0 24 0.00 0.0 0 8.4 17 120 M M 1 25 130
30 103 75 89 3 0 24 0.00 0.0 0 7.6 17 130 M M 1 26 150
31 104 76 90 4 0 25 0.00 0.0 0 9.2 20 180 M M 1 28 180
================================================================================
SM 3103 2339 0 713 1.80 0.0 293.1 M 16
================================================================================
AV100.1 75.5 9.5 FASTST M M 1 MAX(MPH)
MISC ----> 32 90 49 100
================================================================================
NOTES:
# LAST OF SEVERAL OCCURRENCES
COLUMN 17 PEAK WIND IN M.P.H.
PRELIMINARY LOCAL CLIMATOLOGICAL DATA (WS FORM: F-6) , PAGE 2
STATION: ABILENE
MONTH: JULY
YEAR: 2023
LATITUDE: 32 25 N
LONGITUDE: 99 41 W
[TEMPERATURE DATA] [PRECIPITATION DATA] SYMBOLS USED IN COLUMN 16
AVERAGE MONTHLY: 87.8 TOTAL FOR MONTH: 1.80 1 = FOG OR MIST
DPTR FM NORMAL: 3.1 DPTR FM NORMAL: -0.12 2 = FOG REDUCING VISIBILITY
HIGHEST: 108 ON 18 GRTST 24HR 1.63 ON 30- 1 TO 1/4 MILE OR LESS
LOWEST: 66 ON 2 3 = THUNDER
SNOW, ICE PELLETS, HAIL 4 = ICE PELLETS
TOTAL MONTH: 0.0 INCH 5 = HAIL
GRTST 24HR 0.0 6 = FREEZING RAIN OR DRIZZLE
GRTST DEPTH: 0 7 = DUSTSTORM OR SANDSTORM:
VSBY 1/2 MILE OR LESS
8 = SMOKE OR HAZE
[NO. OF DAYS WITH] [WEATHER - DAYS WITH] 9 = BLOWING SNOW
X = TORNADO
MAX 32 OR BELOW: 0 0.01 INCH OR MORE: 4
MAX 90 OR ABOVE: 30 0.10 INCH OR MORE: 2
MIN 32 OR BELOW: 0 0.50 INCH OR MORE: 1
MIN 0 OR BELOW: 0 1.00 INCH OR MORE: 1
[HDD (BASE 65) ]
TOTAL THIS MO. 0 CLEAR (SCALE 0-3) 30
DPTR FM NORMAL 0 PTCLDY (SCALE 4-7) 1
TOTAL FM JUL 1 0 CLOUDY (SCALE 8-10) 0
DPTR FM NORMAL 0
[CDD (BASE 65) ]
TOTAL THIS MO. 713
DPTR FM NORMAL 101 [PRESSURE DATA]
TOTAL FM JAN 1 1694 HIGHEST SLP 30.08 ON 30
DPTR FM NORMAL 126 LOWEST SLP 29.67 ON 12
[REMARKS]
#FINAL-07-23#