000
CXUS54 KSJT 011100
CF6ABI
PRELIMINARY LOCAL CLIMATOLOGICAL DATA (WS FORM: F-6)
STATION: ABILENE
MONTH: FEBRUARY
YEAR: 2024
LATITUDE: 32 25 N
LONGITUDE: 99 41 W
TEMPERATURE IN F: :PCPN: SNOW: WIND :SUNSHINE: SKY :PK WND
================================================================================
1 2 3 4 5 6A 6B 7 8 9 10 11 12 13 14 15 16 17 18
12Z AVG MX 2MIN
DY MAX MIN AVG DEP HDD CDD WTR SNW DPTH SPD SPD DIR MIN PSBL S-S WX SPD DR
================================================================================
1 76 49 63 15 2 0 0.00 0.0 0 10.8 22 200 M M 1 33 230
2 72 50 61 13 4 0 0.22 0.0 0 13.5 26 260 M M 4 123 51 260
3 65 44 55 7 10 0 0.00 0.0 0 11.0 21 220 M M 2 35 250
4 66 48 57 9 8 0 T 0.0 0 19.8 33 340 M M 5 46 330
5 60 42 51 3 14 0 0.00 0.0 0 12.5 24 350 M M 6 36 330
6 67 38 53 5 12 0 0.00 0.0 0 7.9 20 140 M M 0 34 150
7 62 50 56 7 9 0 0.00 0.0 0 13.5 29 170 M M 1 40 170
8 64 44 54 5 11 0 0.00 0.0 0 8.6 17 300 M M 0 28 290
9 68 50 59 10 6 0 0.00 0.0 0 6.7 16 210 M M 0 8 24 210
10 70 46 58 9 7 0 0.03 0.0 0 9.4 28 340 M M 6 1 43 330
11 47 35 41 -8 24 0 0.50 0.0 0 16.3 26 330 M M 10 13 38 320
12 55 33 44 -5 21 0 0.00 0.0 0 10.0 23 320 M M 3 36 320
13 67 31 49 -1 16 0 0.00 0.0 0 M 21 M M M 0 25 M
14 70 45 58 8 7 0 0.00 0.0 0 15.5 26 190 M M 1 35 230
15 74 52 63 13 2 0 0.00 0.0 0 8.4 18 200 M M 0 1 32 210
16 62 36 49 -1 16 0 0.00 0.0 0 15.7 30 340 M M 2 40 320
17 43 28 36 -14 29 0 0.00 0.0 M 13.6 23 10 M M 3 36 30
18 53 22 38 -13 27 0 0.00 0.0 0 5.9 13 200 M M 0 18 220
19 75 41 58 7 7 0 0.00 0.0 0 9.4 20 220 M M 0 27 200
20 85 47 66 15 0 1 0.00 0.0 0 10.2 17 250 M M 0 23 190
21 88 58 73 22 0 8 0.00 0.0 0 14.5 26 180 M M 0 44 210
22 75 53 64 12 1 0 0.00 0.0 0 11.0 25 310 M M 0 41 300
23 70 41 56 4 9 0 0.00 0.0 0 6.6 14 340 M M 0 21 330
24 77 45 61 9 4 0 0.00 0.0 M 11.3 21 210 M M 0 33 230
25 88 56 72 20 0 7 0.00 0.0 0 12.7 26 290 M M 0 38 300
26 94 55 75 22 0 10 0.00 0.0 0 10.1 25 270 M M 0 48 270
27 86 62 74 21 0 9 0.00 0.0 M 12.9 24 290 M M 0 49 310
28 78 36 57 4 8 0 0.00 0.0 0 12.7 41 330 M M 1 8 56 310
29 45 33 39 -14 26 0 0.37 0.0 0 6.4 13 170 M M 7 1 16 70
================================================================================
SM 2002 1270 280 35 1.12 0.0 316.9 M 52
================================================================================
AV 69.0 43.8 11.3 FASTST M M 2 MAX(MPH)
MISC ----> 41 330 56 310
================================================================================
NOTES:
# LAST OF SEVERAL OCCURRENCES
COLUMN 17 PEAK WIND IN M.P.H.
PRELIMINARY LOCAL CLIMATOLOGICAL DATA (WS FORM: F-6) , PAGE 2
STATION: ABILENE
MONTH: FEBRUARY
YEAR: 2024
LATITUDE: 32 25 N
LONGITUDE: 99 41 W
[TEMPERATURE DATA] [PRECIPITATION DATA] SYMBOLS USED IN COLUMN 16
AVERAGE MONTHLY: 56.4 TOTAL FOR MONTH: 1.12 1 = FOG OR MIST
DPTR FM NORMAL: 6.3 DPTR FM NORMAL: -0.17 2 = FOG REDUCING VISIBILITY
HIGHEST: 94 ON 26 GRTST 24HR 0.52 ON 10-11 TO 1/4 MILE OR LESS
LOWEST: 22 ON 18 3 = THUNDER
SNOW, ICE PELLETS, HAIL 4 = ICE PELLETS
TOTAL MONTH: 0.0 INCH 5 = HAIL
GRTST 24HR 0.0 6 = FREEZING RAIN OR DRIZZLE
GRTST DEPTH: 0 7 = DUSTSTORM OR SANDSTORM:
VSBY 1/2 MILE OR LESS
8 = SMOKE OR HAZE
[NO. OF DAYS WITH] [WEATHER - DAYS WITH] 9 = BLOWING SNOW
X = TORNADO
MAX 32 OR BELOW: 0 0.01 INCH OR MORE: 4
MAX 90 OR ABOVE: 1 0.10 INCH OR MORE: 3
MIN 32 OR BELOW: 3 0.50 INCH OR MORE: 1
MIN 0 OR BELOW: 0 1.00 INCH OR MORE: 0
[HDD (BASE 65) ]
TOTAL THIS MO. 280 CLEAR (SCALE 0-3) 22
DPTR FM NORMAL -145 PTCLDY (SCALE 4-7) 6
TOTAL FM JUL 1 1734 CLOUDY (SCALE 8-10) 1
DPTR FM NORMAL -246
[CDD (BASE 65) ]
TOTAL THIS MO. 35
DPTR FM NORMAL 27 [PRESSURE DATA]
TOTAL FM JAN 1 35 HIGHEST SLP 30.44 ON 29
DPTR FM NORMAL 25 LOWEST SLP 29.47 ON 4
[REMARKS]
#FINAL-02-24#