000
CXUS54 KSJT 011553
CLMABI
CLIMATE REPORT
NATIONAL WEATHER SERVICE SAN ANGELO TX
953 AM CST FRI MAR 01 2024
...................................
...THE ABILENE CLIMATE SUMMARY FOR THE MONTH OF FEBRUARY 2024...
CLIMATE NORMAL PERIOD: 1991 TO 2020
CLIMATE RECORD PERIOD: 1886 TO 2024
WEATHER OBSERVED NORMAL DEPART LAST YEAR`S
VALUE DATE(S) VALUE FROM VALUE DATE(S)
NORMAL
................................................................
TEMPERATURE (F)
RECORD
HIGH 94 02/25/1904
LOW -7 02/02/1985
HIGHEST 94R 02/26 MM MM 88 02/21
LOWEST 22 02/18 MM MM 20 02/11
AVG. MAXIMUM 69.0 62.8 6.2 63.0
AVG. MINIMUM 43.8 37.4 6.4 38.5
MEAN 56.4 50.1 6.3 50.8
DAYS MAX >= 90 1 0.2 0.8 0
DAYS MAX <= 32 0 0.7 -0.7 1
DAYS MIN <= 32 3 9.3 -6.3 8
DAYS MIN <= 0 0 0.0 0.0 0
PRECIPITATION (INCHES)
RECORD
MAXIMUM 4.07 1903
MINIMUM 0.00 1999
TOTALS 1.12 1.29 -0.17 1.36
DAILY AVG. 0.04 NAN NAN 0.05
DAYS >= .01 4 5.1 -1.1 7
DAYS >= .10 3 2.7 0.3 6
DAYS >= .50 1 0.9 0.1 0
DAYS >= 1.00 0 0.2 -0.2 0
GREATEST
24 HR. TOTAL 0.52 02/10 TO 02/11
SNOWFALL (INCHES)
RECORDS
TOTAL MM 2023
TOTALS 0.0 1.0 -1.0 T
SINCE 7/1 T 3.3 -3.3 MM
SNOWDEPTH AVG. 0 0
DAYS >= 1.0 0 0.4 -0.4 0
GREATEST
SNOW DEPTH 0 0 MM
24 HR TOTAL MM
DEGREE DAYS
HEATING TOTAL 280 425 -145 406
SINCE 7/1 1734 1980 -246 MM
COOLING TOTAL 35 8 27 16
SINCE 1/1 35 10 25 MM
................................................................
WIND (MPH)
AVERAGE WIND SPEED 11.3
HIGHEST WIND SPEED/DIRECTION 41/330 DATE 02/28
HIGHEST GUST SPEED/DIRECTION 56/310 DATE 02/28
SKY COVER
AVERAGE SKY COVER 0.18
AVERAGE RH (PERCENT) 55
WEATHER CONDITIONS. NUMBER OF DAYS WITH
THUNDERSTORM 2 MIXED PRECIP 0
HEAVY RAIN 2 RAIN 2
LIGHT RAIN 4 FREEZING RAIN 0
LT FREEZING RAIN 0 HAIL 0
HEAVY SNOW 0 SNOW 0
LIGHT SNOW 0 SLEET 0
FOG 5 FOG W/VIS <= 1/4 MILE 1
HAZE 2
- INDICATES NEGATIVE NUMBERS.
R INDICATES RECORD WAS SET OR TIED.
MM INDICATES DATA IS MISSING.
T INDICATES TRACE AMOUNT.
$$