000
CXUS53 KABR 011100
CF6ABR
PRELIMINARY LOCAL CLIMATOLOGICAL DATA (WS FORM: F-6)
STATION: ABERDEEN SD
MONTH: OCTOBER
YEAR: 2022
LATITUDE: 45 27 N
LONGITUDE: 98 26 W
TEMPERATURE IN F: :PCPN: SNOW: WIND :SUNSHINE: SKY :PK WND
================================================================================
1 2 3 4 5 6A 6B 7 8 9 10 11 12 13 14 15 16 17 18
12Z AVG MX 2MIN
DY MAX MIN AVG DEP HDD CDD WTR SNW DPTH SPD SPD DIR MIN PSBL S-S WX SPD DR
================================================================================
1 79 55 67 13 0 2 0.00 0.0 0 11.4 22 110 M M 0 33 90
2 77 58 68 14 0 3 T 0.0 0 14.5 23 180 M M 3 3 30 190
3 72 58 65 12 0 0 T 0.0 0 10.3 20 160 M M 7 27 180
4 64 48 56 3 9 0 0.01 0.0 0 4.3 12 270 M M 6 1 15 270
5 80 50 65 13 0 0 0.08 0.0 0 8.4 29 20 M M 3 1 37 20
6 54 29 42 -10 23 0 0.00 0.0 0 14.6 26 10 M M 3 8 36 360
7 53 22 38 -13 27 0 0.00 0.0 0 5.7 12 280 M M 0 8 16 280
8 73 23 48 -2 17 0 0.00 0.0 0 6.6 18 280 M M 0 25 280
9 68 37 53 3 12 0 0.00 0.0 0 6.5 16 20 M M 0 22 30
10 78 28 53 3 12 0 0.00 0.0 0 8.6 20 160 M M 1 12 28 170
11 82 40 61 12 4 0 T 0.0 0 13.3 31 320 M M 1 43 320
12 57 32 45 -3 20 0 T 0.0 0 16.3 36 320 M M 5 8 49 310
13 52 24 38 -10 27 0 0.00 0.0 0 16.1 36 330 M M 0 49 340
14 50 21 36 -11 29 0 0.00 0.0 0 14.7 28 340 M M 5 8 38 330
15 63 21 42 -5 23 0 0.00 0.0 0 12.4 26 340 M M 3 34 310
16 50 28 39 -7 26 0 0.00 0.0 0 12.6 25 340 M M 4 32 330
17 42 19 31 -15 34 0 0.00 0.0 0 9.7 21 20 M M 2 8 28 30
18 46 13 30 -15 35 0 0.00 0.0 0 3.4 8 320 M M 0 8 13 360
19 69 17 43 -2 22 0 0.00 0.0 0 6.1 14 220 M M 0 20 180
20 73 31 52 8 13 0 0.00 0.0 0 7.7 14 180 M M 0 18 20 220
21 67 38 53 9 12 0 0.00 0.0 0 8.1 17 310 M M 0 8 24 310
22 68 38 53 10 12 0 0.00 0.0 0 5.2 13 110 M M 0 8 21 180
23 77 37 57 14 8 0 0.00 0.0 0 13.0 24 130 M M 0 37 140
24 53 36 45 3 20 0 0.01 T 0 18.4 29 260 M M 9 41 250
25 59 21 40 -2 25 0 T T 0 8.9 26 310 M M 1 1 37 290
26 59 17 38 -3 27 0 0.00 0.0 0 4.9 12 180 M M 1 1 17 180
27 58 39 49 9 16 0 T 0.0 0 13.7 23 190 M M 3 32 190
28 68 34 51 11 14 0 0.00 0.0 0 11.6 17 190 M M 1 12 26 170
29 65 30 48 8 17 0 0.00 0.0 0 6.0 14 170 M M 0 18 19 170
30 65 27 46 7 19 0 0.00 0.0 0 3.8 9 230 M M 0 13 160
31 69 23 46 8 19 0 0.00 0.0 0 6.1 14 170 M M 0 8 17 180
================================================================================
SM 1990 994 522 5 0.10 T 302.9 M 58
================================================================================
AV 64.2 32.1 9.8 FASTST M M 2 MAX(MPH)
MISC ----> # 36 320 # 49 310
================================================================================
NOTES:
# LAST OF SEVERAL OCCURRENCES
COLUMN 17 PEAK WIND IN M.P.H.
PRELIMINARY LOCAL CLIMATOLOGICAL DATA (WS FORM: F-6) , PAGE 2
STATION: ABERDEEN SD
MONTH: OCTOBER
YEAR: 2022
LATITUDE: 45 27 N
LONGITUDE: 98 26 W
[TEMPERATURE DATA] [PRECIPITATION DATA] SYMBOLS USED IN COLUMN 16
AVERAGE MONTHLY: 48.1 TOTAL FOR MONTH: 0.10 1 = FOG OR MIST
DPTR FM NORMAL: 1.8 DPTR FM NORMAL: -2.04 2 = FOG REDUCING VISIBILITY
HIGHEST: 82 ON 11 GRTST 24HR 0.09 ON 4- 5 TO 1/4 MILE OR LESS
LOWEST: 13 ON 18 3 = THUNDER
SNOW, ICE PELLETS, HAIL 4 = ICE PELLETS
TOTAL MONTH: T 5 = HAIL
GRTST 24HR T ON 24-24 6 = FREEZING RAIN OR DRIZZLE
GRTST DEPTH: 0 7 = DUSTSTORM OR SANDSTORM:
VSBY 1/2 MILE OR LESS
8 = SMOKE OR HAZE
[NO. OF DAYS WITH] [WEATHER - DAYS WITH] 9 = BLOWING SNOW
X = TORNADO
MAX 32 OR BELOW: 0 0.01 INCH OR MORE: 3
MAX 90 OR ABOVE: 0 0.10 INCH OR MORE: 0
MIN 32 OR BELOW: 18 0.50 INCH OR MORE: 0
MIN 0 OR BELOW: 0 1.00 INCH OR MORE: 0
[HDD (BASE 65) ]
TOTAL THIS MO. 522 CLEAR (SCALE 0-3) 25
DPTR FM NORMAL -61 PTCLDY (SCALE 4-7) 5
TOTAL FM JUL 1 638 CLOUDY (SCALE 8-10) 1
DPTR FM NORMAL -160
[CDD (BASE 65) ]
TOTAL THIS MO. 5
DPTR FM NORMAL 1 [PRESSURE DATA]
TOTAL FM JAN 1 837 HIGHEST SLP 30.67 ON 7
DPTR FM NORMAL 207 LOWEST SLP 29.12 ON 23
[REMARKS]
#FINAL-10-22#