000
CXUS51 KPHI 011408
CF6ACY
PRELIMINARY LOCAL CLIMATOLOGICAL DATA (WS FORM: F-6)
STATION: ATLANTIC CITY NJ
MONTH: MAY
YEAR: 2021
LATITUDE: 39 27 N
LONGITUDE: 74 34 W
TEMPERATURE IN F: :PCPN: SNOW: WIND :SUNSHINE: SKY :PK WND
================================================================================
1 2 3 4 5 6A 6B 7 8 9 10 11 12 13 14 15 16 17 18
12Z AVG MX 2MIN
DY MAX MIN AVG DEP HDD CDD WTR SNW DPTH SPD SPD DIR MIN PSBL S-S WX SPD DR
================================================================================
1 68 45 57 -1 8 0 0.00 0.0 0 15.9 31 320 M M 1 45 320
2 84 55 70 12 0 5 0.00 0.0 0 11.3 20 230 M M 2 30 260
3 76 55 66 8 0 1 0.25 0.0 0 6.7 16 110 M M 6 1 21 120
4 82 57 70 11 0 5 T 0.0 0 8.3 17 310 M M 6 1 23 310
5 73 53 63 4 2 0 0.17 0.0 0 5.6 22 320 M M 7 12 30 310
6 67 48 58 -1 7 0 0.00 0.0 0 8.8 22 330 M M 1 30 320
7 65 43 54 -5 11 0 0.00 0.0 0 5.6 15 130 M M 1 22 120
8 59 45 52 -8 13 0 0.01 0.0 0 9.7 21 280 M M 6 29 290
9 59 41 50 -10 15 0 T 0.0 0 7.6 16 170 M M 5 25 160
10 67 45 56 -4 9 0 T 0.0 0 8.8 23 310 M M 7 1 31 340
11 69 44 57 -3 8 0 0.00 0.0 0 9.0 21 290 M M 4 31 260
12 69 44 57 -4 8 0 0.00 0.0 0 7.5 20 300 M M 2 27 330
13 70 42 56 -5 9 0 0.00 0.0 0 6.4 16 130 M M 1 21 130
14 74 39 57 -4 8 0 0.00 0.0 0 4.9 16 170 M M 0 22 140
15 74 42 58 -4 7 0 0.00 0.0 0 4.9 15 170 M M 0 20 170
16 73 38 56 -6 9 0 0.00 0.0 0 5.1 14 180 M M 0 19 220
17 74 43 59 -3 6 0 0.00 0.0 0 4.7 15 160 M M 0 26 160
18 81 47 64 2 1 0 0.00 0.0 0 6.8 18 180 M M 1 29 220
19 89 57 73 10 0 8 0.00 0.0 0 8.0 16 110 M M 1 22 350
20 75 49 62 -1 3 0 0.00 0.0 0 8.4 16 100 M M 0 23 140
21 75 46 61 -2 4 0 0.00 0.0 0 4.7 14 150 M M 0 21 110
22 94 59 77 13 0 12 0.00 0.0 0 7.8 20 330 M M 0 26 330
23 94 68 81 17 0 16 0.00 0.0 0 11.3 25 300 M M 3 41 340
24 77 58 68 4 0 3 0.00 0.0 0 11.5 26 70 M M 10 37 80
25 71 58 65 1 0 0 0.00 0.0 0 6.5 14 200 M M 7 22 160
26 84 63 74 9 0 9 0.56 0.0 0 9.7 25 300 M M 5 18 42 200
27 85 64 75 10 0 10 0.01 0.0 0 8.0 16 290 M M 2 1 25 300
28 67 54 61 -4 4 0 0.35 0.0 0 12.8 25 90 M M 7 1 34 30
29 54 50 52 -14 13 0 0.55 0.0 0 17.1 24 60 M M 10 1 37 70
30 54 49 52 -14 13 0 0.69 0.0 0 12.5 21 50 M M 10 1 32 60
31 72 49 61 -5 4 0 0.00 0.0 0 8.5 17 300 M M 6 26 310
================================================================================
SM 2275 1550 162 69 2.59 0.0 264.4 M 111
================================================================================
AV 73.4 50.0 8.5 FASTST M M 4 MAX(MPH)
MISC ----> 31 320 45 320
================================================================================
NOTES:
# LAST OF SEVERAL OCCURRENCES
COLUMN 17 PEAK WIND IN M.P.H.
PRELIMINARY LOCAL CLIMATOLOGICAL DATA (WS FORM: F-6) , PAGE 2
STATION: ATLANTIC CITY NJ
MONTH: MAY
YEAR: 2021
LATITUDE: 39 27 N
LONGITUDE: 74 34 W
[TEMPERATURE DATA] [PRECIPITATION DATA] SYMBOLS USED IN COLUMN 16
AVERAGE MONTHLY: 61.7 TOTAL FOR MONTH: 2.59 1 = FOG OR MIST
DPTR FM NORMAL: -0.2 DPTR FM NORMAL: -0.75 2 = FOG REDUCING VISIBILITY
HIGHEST: 94 ON 23,22 GRTST 24HR 0.96 ON 29-30 TO 1/4 MILE OR LESS
LOWEST: 38 ON 16 3 = THUNDER
SNOW, ICE PELLETS, HAIL 4 = ICE PELLETS
TOTAL MONTH: 0.0 INCH 5 = HAIL
GRTST 24HR 0.0 6 = FREEZING RAIN OR DRIZZLE
GRTST DEPTH: 0 7 = DUSTSTORM OR SANDSTORM:
VSBY 1/2 MILE OR LESS
8 = SMOKE OR HAZE
[NO. OF DAYS WITH] [WEATHER - DAYS WITH] 9 = BLOWING SNOW
X = TORNADO
MAX 32 OR BELOW: 0 0.01 INCH OR MORE: 8
MAX 90 OR ABOVE: 2 0.10 INCH OR MORE: 6
MIN 32 OR BELOW: 0 0.50 INCH OR MORE: 3
MIN 0 OR BELOW: 0 1.00 INCH OR MORE: 0
[HDD (BASE 65) ]
TOTAL THIS MO. 162 CLEAR (SCALE 0-3) 16
DPTR FM NORMAL 7 PTCLDY (SCALE 4-7) 12
TOTAL FM JUL 1 4319 CLOUDY (SCALE 8-10) 3
DPTR FM NORMAL -359
[CDD (BASE 65) ]
TOTAL THIS MO. 69
DPTR FM NORMAL 8 [PRESSURE DATA]
TOTAL FM JAN 1 91 HIGHEST SLP 30.55 ON 21
DPTR FM NORMAL 17 LOWEST SLP 29.64 ON 5
[REMARKS]
#FINAL-05-21#
RERUN TO POPULATE MISSING SNOWFALL AND SNOW DEPTH VALUES.