000
CXUS54 KLCH 070643
CF6AEX
PRELIMINARY LOCAL CLIMATOLOGICAL DATA (WS FORM: F-6)
STATION: ALEXANDRIA
MONTH: NOVEMBER
YEAR: 2022
LATITUDE: 31 19 N
LONGITUDE: 92 33 W
TEMPERATURE IN F: :PCPN: SNOW: WIND :SUNSHINE: SKY :PK WND
================================================================================
1 2 3 4 5 6A 6B 7 8 9 10 11 12 13 14 15 16 17 18
12Z AVG MX 2MIN
DY MAX MIN AVG DEP HDD CDD WTR SNW DPTH SPD SPD DIR MIN PSBL S-S WX SPD DR
================================================================================
1 73 52 63 1 2 0 0.03 0.0 M 3.4 17 140 M M 3 18 21 120
2 82 53 68 6 0 3 0.00 0.0 M 2.5 10 80 M M 2 128 15 50
3 86 57 72 11 0 7 0.00 0.0 M 5.4 15 160 M M 5 18 19 160
4 88 62 75 14 0 10 0.08 0.0 M 13.3 24 170 M M 8 128 35 160
5 78 54 66 6 0 1 2.02 0.0 M 5.5 32 330 M M 4 13 45 320
6 86 55 71 11 0 6 0.01 0.0 M 4.1 13 170 M M 6 12 16 160
7 88 71 80 20 0 15 0.00 0.0 M 3.8 10 50 M M 4 18 14 170
8 88 68 78 18 0 13 0.00 0.0 M 4.4 10 70 M M 2 18 16 60
9 87 63 75 16 0 10 0.00 0.0 M 5.5 10 110 M M 3 1 15 110
10 79 50 65 6 0 0 0.00 0.0 M 2.9 9 60 M M 0 13 60
11 80 49 65 7 0 0 1.13 M M 4.0 21 330 M M 5 13 32 330
12 62 36 49 -9 16 0 0.01 M M 9.9 24 320 M M 7 1 33 310
13 55 34 45 -13 20 0 0.00 0.0 M 6.3 14 20 M M 0 1 20 360
14 53 38 46 -12 19 0 0.53 M M 7.5 25 320 M M 7 13 34 320
15 49 41 45 -12 20 0 0.01 M M 9.2 17 360 M M 7 1 25 360
16 57 38 48 -9 17 0 0.00 0.0 M 5.7 15 10 M M 0 21 10
17 56 33 45 -12 20 0 0.00 0.0 M 4.3 15 20 M M 0 22 350
18 61 29 45 -11 20 0 0.00 0.0 M 4.2 12 60 M M 2 1 20 50
19 48 41 45 -11 20 0 0.00 0.0 M 5.5 12 30 M M 5 19 50
20 58 35 47 -9 18 0 0.00 0.0 M 6.3 13 50 M M 0 18 70
21 55 38 47 -9 18 0 0.01 M M 3.3 8 10 M M 6 11 20
22 65 42 54 -1 11 0 T M M 2.4 8 90 M M 3 12 80
23 74 41 58 3 7 0 0.00 0.0 M 3.3 10 130 M M 1 15 140
24 74 57 66 11 0 1 1.04 0.0 M 8.1 24 350 M M 6 1 35 360
25 63 60 62 7 3 0 0.01 0.0 M 7.4 14 40 M M 10 1 20 20
26 69 54 62 8 3 0 1.12 0.0 M 12.2 24 270 M M 8 1 34 260
27 70 46 58 4 7 0 0.00 0.0 M 6.5 17 290 M M 0 23 290
28 72 42 57 3 8 0 0.00 0.0 M 2.4 8 180 M M 1 12 9 190
29 80 52 66 12 0 1 0.08 0.0 M 10.6 21 180 M M 9 1 27 180
30 76 41 59 5 6 0 0.00 0.0 M 11.8 28 320 M M 2 18 37 320
================================================================================
SM 2112 1432 235 67 6.08 0.0 181.7 M 116
================================================================================
AV 70.4 47.7 6.1 FASTST M M 4 MAX(MPH)
MISC ----> 32 330 45 320
================================================================================
NOTES:
# LAST OF SEVERAL OCCURRENCES
COLUMN 17 PEAK WIND IN M.P.H.
PRELIMINARY LOCAL CLIMATOLOGICAL DATA (WS FORM: F-6) , PAGE 2
STATION: ALEXANDRIA
MONTH: NOVEMBER
YEAR: 2022
LATITUDE: 31 19 N
LONGITUDE: 92 33 W
[TEMPERATURE DATA] [PRECIPITATION DATA] SYMBOLS USED IN COLUMN 16
AVERAGE MONTHLY: 59.1 TOTAL FOR MONTH: 6.08 1 = FOG OR MIST
DPTR FM NORMAL: 1.8 DPTR FM NORMAL: 1.48 2 = FOG REDUCING VISIBILITY
HIGHEST: 88 ON 8, 7 GRTST 24HR 2.10 ON 4- 5 TO 1/4 MILE OR LESS
LOWEST: 29 ON 18 3 = THUNDER
SNOW, ICE PELLETS, HAIL 4 = ICE PELLETS
TOTAL MONTH: 0.0 INCH 5 = HAIL
GRTST 24HR 0.0 6 = FREEZING RAIN OR DRIZZLE
GRTST DEPTH: M ON M 7 = DUSTSTORM OR SANDSTORM:
VSBY 1/2 MILE OR LESS
8 = SMOKE OR HAZE
[NO. OF DAYS WITH] [WEATHER - DAYS WITH] 9 = BLOWING SNOW
X = TORNADO
MAX 32 OR BELOW: 0 0.01 INCH OR MORE: 13
MAX 90 OR ABOVE: 0 0.10 INCH OR MORE: 5
MIN 32 OR BELOW: 1 0.50 INCH OR MORE: 5
MIN 0 OR BELOW: 0 1.00 INCH OR MORE: 4
[HDD (BASE 65) ]
TOTAL THIS MO. 235 CLEAR (SCALE 0-3) 14
DPTR FM NORMAL -22 PTCLDY (SCALE 4-7) 14
TOTAL FM JUL 1 291 CLOUDY (SCALE 8-10) 2
DPTR FM NORMAL -34
[CDD (BASE 65) ]
TOTAL THIS MO. 67
DPTR FM NORMAL 40 [PRESSURE DATA]
TOTAL FM JAN 1 3186 HIGHEST SLP 30.48 ON 20
DPTR FM NORMAL 579 LOWEST SLP 29.67 ON 26
[REMARKS]
#FINAL-11-22#