000
CXUS54 KLCH 010830
CF6AEX
PRELIMINARY LOCAL CLIMATOLOGICAL DATA (WS FORM: F-6)
STATION: ALEXANDRIA
MONTH: AUGUST
YEAR: 2021
LATITUDE: 31 19 N
LONGITUDE: 92 33 W
TEMPERATURE IN F: :PCPN: SNOW: WIND :SUNSHINE: SKY :PK WND
================================================================================
1 2 3 4 5 6A 6B 7 8 9 10 11 12 13 14 15 16 17 18
12Z AVG MX 2MIN
DY MAX MIN AVG DEP HDD CDD WTR SNW DPTH SPD SPD DIR MIN PSBL S-S WX SPD DR
================================================================================
1 95 78 87 4 0 22 0.00 0.0 M 3.7 15 250 M M 0 13 23 350
2 80 75 78 -5 0 13 0.21 0.0 M 2.1 12 20 M M 5 138 14 30
3 87 75 81 -2 0 16 0.29 0.0 M 2.8 13 10 M M 8 1 19 10
4 90 70 80 -3 0 15 0.00 0.0 M 5.3 13 70 M M 1 18 18 10
5 91 64 78 -5 0 13 0.00 0.0 M 1.6 9 330 M M 1 128 13 330
6 92 72 82 -1 0 17 0.00 0.0 M 1.8 9 160 M M 0 18 12 150
7 92 71 82 -1 0 17 0.00 0.0 M 3.8 12 150 M M 2 18 17 120
8 94 74 84 1 0 19 0.00 0.0 M 5.4 17 200 M M 1 1 23 210
9 95 77 86 3 0 21 0.04 0.0 M 5.6 20 220 M M 1 13 30 210
10 95 76 86 3 0 21 0.00 0.0 M 4.6 14 110 M M 1 13 18 160
11 97 74 86 3 0 21 0.00 0.0 M 3.8 20 170 M M 1 28 160
12 96 72 84 1 0 19 0.00 0.0 M 4.4 15 170 M M 1 3 22 170
13 95 74 85 2 0 20 0.00 0.0 M 3.8 9 150 M M 1 16 180
14 95 74 85 2 0 20 0.00 0.0 M 3.3 17 20 M M 1 13 25 20
15 95 72 84 1 0 19 0.07 0.0 M 3.2 28 180 M M 4 138 40 170
16 94 74 84 1 0 19 0.04 0.0 M 3.2 17 10 M M 2 138 24 30
17 94 73 84 1 0 19 0.00 0.0 M 2.9 12 200 M M 1 138 16 180
18 95 76 86 3 0 21 0.08 0.0 M 4.8 15 130 M M 2 3 19 160
19 91 77 84 1 0 19 0.46 0.0 M 4.7 20 240 M M 4 138 28 240
20 95 76 86 3 0 21 0.00 0.0 0 4.8 15 200 M M 2 1 22 200
21 97 73 85 2 0 20 0.00 0.0 0 4.8 10 240 M M 1 18 14 260
22 98 76 87 5 0 22 0.00 0.0 M 2.1 8 300 M M 1 18 12 10
23 100 77 89 7 0 24 0.00 0.0 M 2.8 12 100 M M 1 1 17 90
24 99 76 88 6 0 23 0.00 0.0 M 4.2 13 30 M M 1 13 19 360
25 100 74 87 5 0 22 0.00 0.0 M 3.7 12 360 M M 1 20 10
26 97 77 87 5 0 22 0.05 0.0 M 5.2 23 130 M M 1 13 30 130
27 95 74 85 3 0 20 0.05 0.0 M 7.1 22 90 M M 2 31 80
28 95 74 85 3 0 20 0.02 0.0 M 7.3 23 120 M M 5 1 33 120
29 93 73 83 1 0 18 0.01 0.0 M 10.0 20 350 M M 6 1 32 350
30 89 72 81 -1 0 16 0.07 0.0 M 12.7 24 310 M M 7 1 34 310
31 97 70 84 3 0 19 0.00 0.0 M 4.4 13 10 M M 1 18 350
================================================================================
SM 2918 2290 0 598 1.39 0.0 139.9 M 66
================================================================================
AV 94.1 73.9 4.5 FASTST M M 2 MAX(MPH)
MISC ----> 28 180 40 170
================================================================================
NOTES:
# LAST OF SEVERAL OCCURRENCES
COLUMN 17 PEAK WIND IN M.P.H.
PRELIMINARY LOCAL CLIMATOLOGICAL DATA (WS FORM: F-6) , PAGE 2
STATION: ALEXANDRIA
MONTH: AUGUST
YEAR: 2021
LATITUDE: 31 19 N
LONGITUDE: 92 33 W
[TEMPERATURE DATA] [PRECIPITATION DATA] SYMBOLS USED IN COLUMN 16
AVERAGE MONTHLY: 84.0 TOTAL FOR MONTH: 1.39 1 = FOG OR MIST
DPTR FM NORMAL: 1.3 DPTR FM NORMAL: -1.93 2 = FOG REDUCING VISIBILITY
HIGHEST: 100 ON 25,23 GRTST 24HR 0.49 ON 18-19 TO 1/4 MILE OR LESS
LOWEST: 64 ON 5 3 = THUNDER
SNOW, ICE PELLETS, HAIL 4 = ICE PELLETS
TOTAL MONTH: 0.0 INCH 5 = HAIL
GRTST 24HR 0.0 6 = FREEZING RAIN OR DRIZZLE
GRTST DEPTH: 0 7 = DUSTSTORM OR SANDSTORM:
VSBY 1/2 MILE OR LESS
8 = SMOKE OR HAZE
[NO. OF DAYS WITH] [WEATHER - DAYS WITH] 9 = BLOWING SNOW
X = TORNADO
MAX 32 OR BELOW: 0 0.01 INCH OR MORE: 12
MAX 90 OR ABOVE: 28 0.10 INCH OR MORE: 3
MIN 32 OR BELOW: 0 0.50 INCH OR MORE: 0
MIN 0 OR BELOW: 0 1.00 INCH OR MORE: 0
[HDD (BASE 65) ]
TOTAL THIS MO. 0 CLEAR (SCALE 0-3) 24
DPTR FM NORMAL 0 PTCLDY (SCALE 4-7) 7
TOTAL FM JUL 1 0 CLOUDY (SCALE 8-10) 0
DPTR FM NORMAL 0
[CDD (BASE 65) ]
TOTAL THIS MO. 598
DPTR FM NORMAL 49 [PRESSURE DATA]
TOTAL FM JAN 1 2159 HIGHEST SLP 30.16 ON 13
DPTR FM NORMAL 115 LOWEST SLP 29.61 ON 30
[REMARKS]
#FINAL-08-21#