000
CXUS54 KFWD 010141
CF6AFW
PRELIMINARY LOCAL CLIMATOLOGICAL DATA (WS FORM: F-6)
STATION: FORT WORTH ALLIANCE
MONTH: DECEMBER
YEAR: 2020
LATITUDE: 32 58 N
LONGITUDE: 97 19 W
TEMPERATURE IN F: :PCPN: SNOW: WIND :SUNSHINE: SKY :PK WND
================================================================================
1 2 3 4 5 6A 6B 7 8 9 10 11 12 13 14 15 16 17 18
12Z AVG MX 2MIN
DY MAX MIN AVG DEP HDD CDD WTR SNW DPTH SPD SPD DIR MIN PSBL S-S WX SPD DR
================================================================================
1 60 28 44 -5 21 0 0.00 M M 13.4 28 160 M M 3 38 150
2 56 36 46 -3 19 0 0.00 M M 10.0 22 290 M M 5 29 290
3 46 34 40 -9 25 0 0.00 M M 10.1 22 310 M M 8 31 280
4 58 31 45 -3 20 0 0.00 M M 4.5 12 340 M M 1 18 16 340
5 64 32 48 0 17 0 T M M 3.9 13 290 M M 5 16 290
6 62 43 53 5 12 0 0.01 M M 11.0 22 330 M M 5 101 310
7 65 36 51 4 14 0 0.00 M M 6.9 13 330 M M 0 25 290
8 72 43 58 11 7 0 0.00 M M 5.8 12 320 M M 1 20 270
9 80 40 60 13 5 0 0.00 M M 5.7 15 230 M M 0 21 240
10 78 43 61 14 4 0 0.00 M M 11.5 24 170 M M 1 30 160
11 67 44 56 10 9 0 0.19 M M 9.5 20 210 M M 7 1 30 260
12 54 34 44 -2 21 0 0.00 M M 6.1 12 340 M M 3 20 20
13 44 36 40 -6 25 0 0.41 M M 13.7 26 330 M M 9 13 32 340
14 50 32 41 -5 24 0 0.00 M M 6.9 16 320 M M 5 20 310
15 44 36 40 -6 25 0 0.06 M M 7.2 17 130 M M 8 18 28 130
16 47 32 40 -6 25 0 0.01 M M 7.4 16 340 M M 5 1 22 340
17 62 31 47 2 18 0 0.00 M M 6.3 16 160 M M 1 1 26 160
18 60 37 49 4 16 0 0.00 M M 13.1 29 180 M M 6 37 180
19 61 39 50 5 15 0 0.00 M M 7.4 16 320 M M 6 1 23 290
20 63 33 48 3 17 0 0.00 M M 5.7 16 310 M M 0 23 310
21 73 39 56 11 9 0 0.00 M M 5.7 14 220 M M 2 17 220
22 72 42 57 12 8 0 0.00 M M 12.9 28 180 M M 5 37 160
23 69 35 52 7 13 0 0.00 M M 20.1 37 350 M M 6 49 350
24 56 28 42 -3 23 0 0.00 M M 12.8 25 290 M M 1 35 270
25 63 31 47 2 18 0 0.00 M M 6.1 12 160 M M 1 17 160
26 72 36 54 9 11 0 0.00 M M 11.8 26 190 M M 0 35 180
27 74 46 60 15 5 0 0.00 M M 13.8 25 190 M M 2 34 180
28 61 46 54 9 11 0 0.00 M M 10.4 17 100 M M 8 25 110
29 69 55 62 17 3 0 0.02 M M 15.4 26 150 M M 9 18 33 160
30 62 38 50 5 15 0 0.37 M M 16.4 29 350 M M 10 13 37 350
31 39 35 37 -8 28 0 1.12 M M 15.0 32 10 M M 10 138 47 20
================================================================================
SM 1903 1151 483 0 2.19 M 306.5 M 133
================================================================================
AV 61.4 37.1 9.9 FASTST M M 4 MAX(MPH)
MISC ----> 37 350 101 310
================================================================================
NOTES:
# LAST OF SEVERAL OCCURRENCES
COLUMN 17 PEAK WIND IN M.P.H.
PRELIMINARY LOCAL CLIMATOLOGICAL DATA (WS FORM: F-6) , PAGE 2
STATION: FORT WORTH ALLIANCE
MONTH: DECEMBER
YEAR: 2020
LATITUDE: 32 58 N
LONGITUDE: 97 19 W
[TEMPERATURE DATA] [PRECIPITATION DATA] SYMBOLS USED IN COLUMN 16
AVERAGE MONTHLY: 49.3 TOTAL FOR MONTH: 2.19 1 = FOG OR MIST
DPTR FM NORMAL: 3.3 DPTR FM NORMAL: -0.35 2 = FOG REDUCING VISIBILITY
HIGHEST: 80 ON 9 GRTST 24HR 1.13 ON 30-31 TO 1/4 MILE OR LESS
LOWEST: 28 ON 24, 1 3 = THUNDER
SNOW, ICE PELLETS, HAIL 4 = ICE PELLETS
TOTAL MONTH: M 5 = HAIL
GRTST 24HR M ON M 6 = FREEZING RAIN OR DRIZZLE
GRTST DEPTH: M ON M 7 = DUSTSTORM OR SANDSTORM:
VSBY 1/2 MILE OR LESS
8 = SMOKE OR HAZE
[NO. OF DAYS WITH] [WEATHER - DAYS WITH] 9 = BLOWING SNOW
X = TORNADO
MAX 32 OR BELOW: 0 0.01 INCH OR MORE: 8
MAX 90 OR ABOVE: 0 0.10 INCH OR MORE: 4
MIN 32 OR BELOW: 8 0.50 INCH OR MORE: 1
MIN 0 OR BELOW: 0 1.00 INCH OR MORE: 1
[HDD (BASE 65) ]
TOTAL THIS MO. 483 CLEAR (SCALE 0-3) 14
DPTR FM NORMAL -109 PTCLDY (SCALE 4-7) 12
TOTAL FM JUL 1 789 CLOUDY (SCALE 8-10) 5
DPTR FM NORMAL -206
[CDD (BASE 65) ]
TOTAL THIS MO. 0
DPTR FM NORMAL -3 [PRESSURE DATA]
TOTAL FM JAN 1 2846 HIGHEST SLP 30.40 ON 24
DPTR FM NORMAL 264 LOWEST SLP 29.56 ON 31
[REMARKS]
#FINAL-12-20#