000
CXUS54 KFWD 010730
CF6AFW
PRELIMINARY LOCAL CLIMATOLOGICAL DATA (WS FORM: F-6)
STATION: FORT WORTH ALLIANCE
MONTH: MARCH
YEAR: 2020
LATITUDE: 32 58 N
LONGITUDE: 97 19 W
TEMPERATURE IN F: :PCPN: SNOW: WIND :SUNSHINE: SKY :PK WND
================================================================================
1 2 3 4 5 6A 6B 7 8 9 10 11 12 13 14 15 16 17 18
12Z AVG MX 2MIN
DY MAX MIN AVG DEP HDD CDD WTR SNW DPTH SPD SPD DIR MIN PSBL S-S WX SPD DR
================================================================================
1 76 57 67 15 0 2 0.00 0.0 0 18.1 28 170 M M 8 33 180
2 70 56 63 11 2 0 0.00 0.0 0 7.0 15 190 M M 10 8 19 190
3 66 54 60 7 5 0 T 0.0 0 6.4 20 180 M M 10 27 320
4 58 49 54 1 11 0 0.99 0.0 0 12.0 24 360 M M 10 13 29 50
5 73 40 57 4 8 0 0.00 0.0 0 8.3 18 350 M M 2 22 350
6 67 40 54 0 11 0 0.00 0.0 0 6.0 14 60 M M 4 17 60
7 64 44 54 0 11 0 0.00 0.0 0 10.7 24 160 M M 6 8 33 170
8 68 47 58 4 7 0 0.00 0.0 0 17.0 26 160 M M 8 34 170
9 77 60 69 15 0 4 0.04 0.0 0 17.4 28 170 M M 9 1 33 170
10 79 50 65 10 0 0 0.00 0.0 0 8.1 22 160 M M 6 25 50
11 87 63 75 20 0 10 0.00 0.0 0 11.3 18 190 M M 7 1 24 180
12 84 67 76 21 0 11 T 0.0 0 12.4 24 210 M M 8 33 200
13 74 56 65 9 0 0 1.72 0.0 0 11.2 38 310 M M 10 13 53 310
14 67 53 60 4 5 0 0.09 0.0 0 9.2 22 330 M M 10 1 27 330
15 58 50 54 -2 11 0 0.56 0.0 0 10.5 17 60 M M 10 13 24 10
16 70 53 62 5 3 0 0.75 0.0 0 6.4 24 100 M M 10 138 34 100
17 68 61 65 8 0 0 0.01 0.0 0 7.4 14 140 M M 10 13 20 120
18 80 62 71 14 0 6 1.01 0.0 0 13.6 24 160 M M 8 13 32 160
19 82 62 72 14 0 7 0.50 0.0 0 17.9 49 170 M M 7 13 62 180
20 65 42 54 -4 11 0 0.05 0.0 0 12.3 25 340 M M 9 34 300
21 59 39 49 -9 16 0 0.11 0.0 0 9.1 20 80 M M 8 1 26 70
22 61 53 57 -1 8 0 0.09 0.0 0 3.9 12 160 M M 10 1 14 160
23 71 60 66 7 0 1 T 0.0 0 7.5 15 130 M M 10 12 24 120
24 83 59 71 12 0 6 0.00 0.0 0 11.6 24 190 M M 5 1 31 180
25 90 54 72 13 0 7 0.00 0.0 0 9.6 21 160 M M 3 26 200
26 86 67 77 17 0 12 0.00 0.0 0 14.4 23 150 M M 4 18 30 160
27 81 68 75 15 0 10 0.01 0.0 0 13.7 26 190 M M 9 13 34 190
28 75 54 65 5 0 0 0.08 0.0 0 11.8 30 160 M M 6 13 38 160
29 70 48 59 -1 6 0 0.00 0.0 0 5.4 15 340 M M 6 18 350
30 64 53 59 -1 6 0 0.21 0.0 0 10.0 29 120 M M 9 138 38 140
31 68 51 60 -1 5 0 T 0.0 0 8.7 21 350 M M 7 27 320
================================================================================
SM 2241 1672 126 76 6.22 0.0 328.9 M 239
================================================================================
AV 72.3 53.9 10.6 FASTST M M 8 MAX(MPH)
MISC ----> # 49 170 # 62 180
================================================================================
NOTES:
# LAST OF SEVERAL OCCURRENCES
COLUMN 17 PEAK WIND IN M.P.H.
PRELIMINARY LOCAL CLIMATOLOGICAL DATA (WS FORM: F-6) , PAGE 2
STATION: FORT WORTH ALLIANCE
MONTH: MARCH
YEAR: 2020
LATITUDE: 32 58 N
LONGITUDE: 97 19 W
[TEMPERATURE DATA] [PRECIPITATION DATA] SYMBOLS USED IN COLUMN 16
AVERAGE MONTHLY: 63.1 TOTAL FOR MONTH: 6.22 1 = FOG OR MIST
DPTR FM NORMAL: 6.5 DPTR FM NORMAL: 2.99 2 = FOG REDUCING VISIBILITY
HIGHEST: 90 ON 25 GRTST 24HR 1.72 ON 13-13 TO 1/4 MILE OR LESS
LOWEST: 39 ON 21 3 = THUNDER
SNOW, ICE PELLETS, HAIL 4 = ICE PELLETS
TOTAL MONTH: 0.0 INCH 5 = HAIL
GRTST 24HR 0.0 6 = FREEZING RAIN OR DRIZZLE
GRTST DEPTH: 0 7 = DUSTSTORM OR SANDSTORM:
VSBY 1/2 MILE OR LESS
8 = SMOKE OR HAZE
[NO. OF DAYS WITH] [WEATHER - DAYS WITH] 9 = BLOWING SNOW
X = TORNADO
MAX 32 OR BELOW: 0 0.01 INCH OR MORE: 15
MAX 90 OR ABOVE: 1 0.10 INCH OR MORE: 8
MIN 32 OR BELOW: 0 0.50 INCH OR MORE: 6
MIN 0 OR BELOW: 0 1.00 INCH OR MORE: 2
[HDD (BASE 65) ]
TOTAL THIS MO. 126 CLEAR (SCALE 0-3) 1
DPTR FM NORMAL -164 PTCLDY (SCALE 4-7) 15
TOTAL FM JUL 1 1931 CLOUDY (SCALE 8-10) 15
DPTR FM NORMAL -419
[CDD (BASE 65) ]
TOTAL THIS MO. 76
DPTR FM NORMAL 48 [PRESSURE DATA]
TOTAL FM JAN 1 84 HIGHEST SLP M ON M
DPTR FM NORMAL 49 LOWEST SLP 29.61 ON 27
[REMARKS]
#FINAL-03-20#