000
CXUS52 KCAE 011400
CF6AGS
PRELIMINARY LOCAL CLIMATOLOGICAL DATA (WS FORM: F-6)
STATION: AUGUSTA BUSH FIELD GA
MONTH: OCTOBER
YEAR: 2021
LATITUDE: 33 22 N
LONGITUDE: 81 58 W
TEMPERATURE IN F: :PCPN: SNOW: WIND :SUNSHINE: SKY :PK WND
================================================================================
1 2 3 4 5 6A 6B 7 8 9 10 11 12 13 14 15 16 17 18
12Z AVG MX 2MIN
DY MAX MIN AVG DEP HDD CDD WTR SNW DPTH SPD SPD DIR MIN PSBL S-S WX SPD DR
================================================================================
1 87 64 76 4 0 11 0.00 0.0 0 2.3 9 60 M M 2 128 11 60
2 88 62 75 4 0 10 0.00 0.0 0 1.8 8 110 M M 2 12 11 140
3 87 62 75 4 0 10 0.00 0.0 0 1.7 9 200 M M 4 128 13 230
4 85 65 75 4 0 10 0.03 0.0 0 2.5 14 140 M M 6 1 18 150
5 84 67 76 6 0 11 0.07 0.0 0 3.2 12 60 M M 5 12 17 170
6 80 71 76 6 0 11 0.42 0.0 0 2.8 21 150 M M 8 1 26 150
7 79 68 74 4 0 9 0.20 0.0 0 2.2 8 90 M M 9 12 11 80
8 79 70 75 6 0 10 T 0.0 0 2.9 12 110 M M 9 1 15 110
9 83 67 75 6 0 10 0.02 0.0 0 6.3 13 10 M M 8 1 16 10
10 86 64 75 7 0 10 0.00 0.0 0 5.4 14 360 M M 3 1 18 40
11 75 60 68 0 0 3 0.00 0.0 0 3.0 10 80 M M 4 1 15 360
12 82 58 70 2 0 5 0.00 0.0 0 2.3 12 360 M M 4 12 16 350
13 85 57 71 4 0 6 0.00 0.0 0 1.1 7 70 M M 4 128 10 120
14 88 61 75 8 0 10 0.00 0.0 0 1.2 7 300 M M 5 128 9 320
15 88 61 75 9 0 10 0.00 0.0 0 1.4 9 240 M M 3 128 13 260
16 87 55 71 5 0 6 0.00 0.0 0 8.4 22 320 M M 2 12 30 270
17 73 44 59 -7 6 0 0.00 0.0 0 4.6 15 340 M M 0 18 330
18 77 42 60 -5 5 0 0.00 0.0 0 1.6 7 290 M M 0 1 11 90
19 80 41 61 -4 4 0 0.00 0.0 0 1.1 9 210 M M 0 1 14 220
20 82 42 62 -2 3 0 0.00 0.0 0 1.4 10 220 M M 0 12 13 310
21 82 52 67 3 0 2 0.00 0.0 M 4.0 13 230 M M 2 1 18 220
22 84 52 68 4 0 3 T 0.0 0 5.2 15 250 M M 2 20 300
23 80 47 64 1 1 0 0.00 0.0 0 2.4 9 360 M M 0 12 12 360
24 81 46 64 1 1 0 0.00 0.0 0 0.8 9 140 M M 1 12 12 150
25 83 62 73 10 0 8 T 0.0 0 4.3 12 250 M M 5 1 16 250
26 76 53 65 3 0 0 0.00 0.0 0 8.4 22 310 M M 0 27 320
27 74 39 57 -5 8 0 0.00 0.0 0 1.9 9 350 M M 0 1 11 350
28 68 43 56 -6 9 0 0.58 0.0 0 3.2 12 180 M M 6 1 15 180
29 67 51 59 -2 6 0 0.07 0.0 0 6.7 22 240 M M 8 1 29 230
30 68 54 61 0 4 0 T 0.0 M 7.6 15 260 M M 8 19 250
31 74 49 62 2 3 0 0.00 0.0 0 5.8 15 320 M M 0 20 340
================================================================================
SM 2492 1729 50 155 1.39 0.0 107.5 M 110
================================================================================
AV 80.4 55.8 3.5 FASTST M M 4 MAX(MPH)
MISC ----> # 22 320 30 270
================================================================================
NOTES:
# LAST OF SEVERAL OCCURRENCES
COLUMN 17 PEAK WIND IN M.P.H.
PRELIMINARY LOCAL CLIMATOLOGICAL DATA (WS FORM: F-6) , PAGE 2
STATION: AUGUSTA BUSH FIELD GA
MONTH: OCTOBER
YEAR: 2021
LATITUDE: 33 22 N
LONGITUDE: 81 58 W
[TEMPERATURE DATA] [PRECIPITATION DATA] SYMBOLS USED IN COLUMN 16
AVERAGE MONTHLY: 68.1 TOTAL FOR MONTH: 1.39 1 = FOG OR MIST
DPTR FM NORMAL: 2.1 DPTR FM NORMAL: -1.17 2 = FOG REDUCING VISIBILITY
HIGHEST: 88 ON 15,14 GRTST 24HR 0.65 ON 28-29 TO 1/4 MILE OR LESS
LOWEST: 39 ON 27 3 = THUNDER
SNOW, ICE PELLETS, HAIL 4 = ICE PELLETS
TOTAL MONTH: 0.0 INCH 5 = HAIL
GRTST 24HR 0.0 6 = FREEZING RAIN OR DRIZZLE
GRTST DEPTH: 0 7 = DUSTSTORM OR SANDSTORM:
VSBY 1/2 MILE OR LESS
8 = SMOKE OR HAZE
[NO. OF DAYS WITH] [WEATHER - DAYS WITH] 9 = BLOWING SNOW
X = TORNADO
MAX 32 OR BELOW: 0 0.01 INCH OR MORE: 7
MAX 90 OR ABOVE: 0 0.10 INCH OR MORE: 3
MIN 32 OR BELOW: 0 0.50 INCH OR MORE: 1
MIN 0 OR BELOW: 0 1.00 INCH OR MORE: 0
[HDD (BASE 65) ]
TOTAL THIS MO. 50 CLEAR (SCALE 0-3) 16
DPTR FM NORMAL -30 PTCLDY (SCALE 4-7) 11
TOTAL FM JUL 1 50 CLOUDY (SCALE 8-10) 4
DPTR FM NORMAL -32
[CDD (BASE 65) ]
TOTAL THIS MO. 155
DPTR FM NORMAL 43 [PRESSURE DATA]
TOTAL FM JAN 1 2285 HIGHEST SLP 30.30 ON 20
DPTR FM NORMAL -56 LOWEST SLP 29.48 ON 29
[REMARKS]
#FINAL-10-21#