000
CXUS55 KCYS 021704
CF6AIA
PRELIMINARY LOCAL CLIMATOLOGICAL DATA (WS FORM: F-6)
STATION: ALLIANCE NEBRASKA AIRPORT
MONTH: JANUARY
YEAR: 2024
LATITUDE: 42 2 N
LONGITUDE: 102 48 W
TEMPERATURE IN F: :PCPN: SNOW: WIND :SUNSHINE: SKY :PK WND
================================================================================
1 2 3 4 5 6A 6B 7 8 9 10 11 12 13 14 15 16 17 18
12Z AVG MX 2MIN
DY MAX MIN AVG DEP HDD CDD WTR SNW DPTH SPD SPD DIR MIN PSBL S-S WX SPD DR
================================================================================
1 48 6 27 4 38 0 0.00 M M 5.1 13 360 M M 0 1 17 360
2 41 11 26 3 39 0 0.00 M M 4.7 12 270 M M 0 12 12 270
3 37 6 22 -1 43 0 0.00 M M 6.9 20 150 M M 0 1 26 170
4 28 23 26 3 39 0 0.00 M M 10.8 21 160 M M 9 1 27 140
5 39 16 28 5 37 0 T M M 9.5 20 330 M M 7 26 330
6 36 10 23 0 42 0 0.00 M M 10.7 21 300 M M 0 28 300
7 34 9 22 -2 43 0 0.00 M M 5.7 20 340 M M 4 26 350
8 20 0 10 -14 55 0 T M M 15.9 29 340 M M 7 1 37 340
9 40 -1 20 -4 45 0 0.00 M M 9.7 22 270 M M 2 29 260
10 39 10 25 1 40 0 0.01 M M 10.7 29 300 M M 5 1 37 300
11 21 -9 6 -18 59 0 0.07 M M 12.5 23 20 M M 8 18 30 20
12 2 -17 -7 -31 72 0 T M M 10.7 22 10 M M 6 18 28 360
13 -11 -21 -16 -40 81 0 T M M 14.2 23 310 M M 2 8 30 310
14 -1 -23 -12 -36 77 0 0.03 M M 5.9 13 20 M M 7 8 17 30
15 -5 -19 -12 -36 77 0 0.03 M M 14.8 25 310 M M 5 18 32 310
16 M M M M M M 0.00 M M M M M M M 0 M M
17 27 M M M M M 0.01 M M 3.0 8 150 M M 4 12 9 150
18 30 -2 14 -10 51 0 T M M 13.5 39 340 M M 4 18 50 340
19 17 -13 2 -22 63 0 0.00 M M 7.0 15 290 M M 0 18 300
20 20 -5 8 -16 57 0 0.00 M M 14.2 25 160 M M 0 33 160
21 47 10 29 4 36 0 0.00 M M 8.4 20 270 M M 0 25 250
22 50 14 32 7 33 0 0.00 M M 4.1 9 250 M M 0 1 11 220
23 49 18 34 9 31 0 0.00 M M 7.7 15 160 M M 3 1 19 170
24 50 19 35 10 30 0 0.00 M M 4.3 12 300 M M 6 12 13 300
25 50 19 35 10 30 0 0.00 M M 5.1 12 280 M M 1 15 310
26 45 20 33 8 32 0 0.00 M M 6.0 14 350 M M 0 18 350
27 48 18 33 8 32 0 0.00 M M 4.6 12 270 M M 0 14 270
28 57 21 39 14 26 0 0.00 M M 11.0 22 300 M M 0 28 300
29 59 27 43 18 22 0 0.00 M M 10.4 22 310 M M 0 28 310
30 61 24 43 18 22 0 0.00 M M 7.2 14 300 M M 0 18 300
31 65 21 43 18 22 0 0.00 M M 6.0 12 250 M M 0 16 240
================================================================================
SM 1043 192 1274 0 0.15 M 260.3 M 80
================================================================================
AV 34.8 6.6 8.7 FASTST M M 3 MAX(MPH)
MISC ----> 39 340 50 340
================================================================================
NOTES:
# LAST OF SEVERAL OCCURRENCES
COLUMN 17 PEAK WIND IN M.P.H.
PRELIMINARY LOCAL CLIMATOLOGICAL DATA (WS FORM: F-6) , PAGE 2
STATION: ALLIANCE NEBRASKA AIRPORT
MONTH: JANUARY
YEAR: 2024
LATITUDE: 42 2 N
LONGITUDE: 102 48 W
[TEMPERATURE DATA] [PRECIPITATION DATA] SYMBOLS USED IN COLUMN 16
AVERAGE MONTHLY: 20.7 TOTAL FOR MONTH: 0.15 1 = FOG OR MIST
DPTR FM NORMAL: -3.4 DPTR FM NORMAL: -0.05 2 = FOG REDUCING VISIBILITY
HIGHEST: 65 ON 31 GRTST 24HR 0.08 ON 13-13 TO 1/4 MILE OR LESS
LOWEST: -23 ON 14 3 = THUNDER
SNOW, ICE PELLETS, HAIL 4 = ICE PELLETS
TOTAL MONTH: M 5 = HAIL
GRTST 24HR M ON M 6 = FREEZING RAIN OR DRIZZLE
GRTST DEPTH: M ON M 7 = DUSTSTORM OR SANDSTORM:
VSBY 1/2 MILE OR LESS
8 = SMOKE OR HAZE
[NO. OF DAYS WITH] [WEATHER - DAYS WITH] 9 = BLOWING SNOW
X = TORNADO
MAX 32 OR BELOW: 11 0.01 INCH OR MORE: 5
MAX 90 OR ABOVE: 0 0.10 INCH OR MORE: 0
MIN 32 OR BELOW: 29 0.50 INCH OR MORE: 0
MIN 0 OR BELOW: 10 1.00 INCH OR MORE: 0
[HDD (BASE 65) ]
TOTAL THIS MO. 1274 CLEAR (SCALE 0-3) 19
DPTR FM NORMAL 6 PTCLDY (SCALE 4-7) 10
TOTAL FM JUL 1 3849 CLOUDY (SCALE 8-10) 2
DPTR FM NORMAL -479
[CDD (BASE 65) ]
TOTAL THIS MO. 0
DPTR FM NORMAL 0 [PRESSURE DATA]
TOTAL FM JAN 1 0 HIGHEST SLP 30.69 ON 19
DPTR FM NORMAL 0 LOWEST SLP 29.38 ON 10
[REMARKS]
#FINAL-01-24#
PRECIPITATION VALUES ARE FROM COCORAHS STATION NE-BX-5 DUE TO ASOS ERRORS
TEMPERATURE MISSING FOR MINIMUM AND MAXIMUM ON 1/16 AND MINIMUM ON 1/17 DUE TO
ASOS OUTAGE WITH NO AVAILABLE BACKUP.
JANUARY 13... RECORD LOW MAXIMUM TEMPERATURE: -11F (PREIOUS: 5F IN 1979). THIS
ALSO BREAKS THE PREVIOUS MONTHLY RECORD LOW MAXIMUM TEMPERATURE OF -10F SET ON
1/24/1897 AND TIED ON 1/25/1897, 1/20/1935, AND 1/11/1963.
JANUARY 14... RECORD LOW TEMPERATURE: -23F (PREVIOUS: -17F IN 2013)
JANUARY 14... RECORD LOW MAXIMUM TEMPERATURE: -1F (PREVIOUS: 6F IN 2005)
JANUARY 15... RECORD LOW MAXIMUM TEMPERATURE: -5F (PREVIOUS: 6F IN 1957)